{"id":932,"date":"2026-03-10T17:03:07","date_gmt":"2026-03-10T20:03:07","guid":{"rendered":"https:\/\/exposicoes.abc.org.br\/100anos\/?post_type=academico&#038;p=932"},"modified":"2026-03-10T19:24:43","modified_gmt":"2026-03-10T22:24:43","slug":"roberto-marinho-de-azevedo-1878-1962","status":"publish","type":"academico","link":"https:\/\/exposicoes.abc.org.br\/100anos\/academico\/roberto-marinho-de-azevedo-1878-1962\/","title":{"rendered":"Roberto Marinho de Azevedo"},"content":{"rendered":"\n<p>Roberto Marinho de Azevedo  (1878\u20131962) construiu sua trajet\u00f3ria na interface entre a f\u00edsica, a engenharia e o ensino superior. Foi professor da Escola Polit\u00e9cnica do Rio de Janeiro, ent\u00e3o vinculada \u00e0 Universidade do Brasil, que era o principal centro de forma\u00e7\u00e3o de engenheiros, um polo relevante de produ\u00e7\u00e3o e difus\u00e3o da f\u00edsica cl\u00e1ssica no pa\u00eds.<\/p>\n\n\n\n<p>Atuou na forma\u00e7\u00e3o de sucessivas gera\u00e7\u00f5es de engenheiros, num per\u00edodo em que a f\u00edsica tinha papel estruturante no curr\u00edculo: mec\u00e2nica, termodin\u00e2mica, eletricidade e magnetismo eram disciplinas fundamentais para a moderniza\u00e7\u00e3o t\u00e9cnica do Brasil. Foi um dos primeiros brasileiros a escrever sobre relatividade, antes mesmo do eclipse de 1919.<\/p>\n\n\n\n<p>Foi um dos primeiros membros da Academia Brasileira de Ci\u00eancias, admitido nos anos iniciais ap\u00f3s a funda\u00e7\u00e3o da institui\u00e7\u00e3o, em 1916.<\/p>\n","protected":false},"excerpt":{"rendered":"<p>Roberto Marinho de Azevedo (1878\u20131962) construiu sua trajet\u00f3ria na interface entre a f\u00edsica, a engenharia e o ensino superior. Foi professor da Escola Polit\u00e9cnica do Rio de Janeiro, ent\u00e3o vinculada \u00e0 Universidade do Brasil, que era o principal centro de forma\u00e7\u00e3o de engenheiros, um polo relevante de produ\u00e7\u00e3o e difus\u00e3o da f\u00edsica cl\u00e1ssica no pa\u00eds&#8230;.<\/p>\n","protected":false},"featured_media":933,"parent":0,"template":"","meta":{"_acf_changed":false,"footnotes":""},"periodo-de-presidencia":[],"periodo-de-vida":[],"tipo-de-academico":[105],"class_list":["post-932","academico","type-academico","status-publish","has-post-thumbnail","hentry","tipo-de-academico-primeiros-membros"],"acf":[],"yoast_head":"<!-- This site is optimized with the Yoast SEO plugin v26.8 - https:\/\/yoast.com\/product\/yoast-seo-wordpress\/ -->\n<title>Roberto Marinho de Azevedo | Cem Anos de Ci\u00eancia<\/title>\n<meta name=\"robots\" content=\"index, follow, max-snippet:-1, max-image-preview:large, max-video-preview:-1\" \/>\n<link rel=\"canonical\" href=\"https:\/\/exposicoes.abc.org.br\/100anos\/academico\/roberto-marinho-de-azevedo-1878-1962\/\" \/>\n<meta property=\"og:locale\" content=\"pt_BR\" \/>\n<meta property=\"og:type\" content=\"article\" \/>\n<meta property=\"og:title\" content=\"Roberto Marinho de Azevedo | Cem Anos de Ci\u00eancia\" \/>\n<meta property=\"og:description\" content=\"Roberto Marinho de Azevedo (1878\u20131962) construiu sua trajet\u00f3ria na interface entre a f\u00edsica, a engenharia e o ensino superior. Foi professor da Escola Polit\u00e9cnica do Rio de Janeiro, ent\u00e3o vinculada \u00e0 Universidade do Brasil, que era o principal centro de forma\u00e7\u00e3o de engenheiros, um polo relevante de produ\u00e7\u00e3o e difus\u00e3o da f\u00edsica cl\u00e1ssica no pa\u00eds....\" \/>\n<meta property=\"og:url\" content=\"https:\/\/exposicoes.abc.org.br\/100anos\/academico\/roberto-marinho-de-azevedo-1878-1962\/\" \/>\n<meta property=\"og:site_name\" content=\"Cem Anos de Ci\u00eancia\" \/>\n<meta property=\"article:modified_time\" content=\"2026-03-10T22:24:43+00:00\" \/>\n<meta property=\"og:image\" content=\"https:\/\/exposicoes.abc.org.br\/100anos\/wp-content\/uploads\/2026\/03\/roberto-marinho-de-azevedo.png\" \/>\n\t<meta property=\"og:image:width\" content=\"370\" \/>\n\t<meta property=\"og:image:height\" content=\"460\" \/>\n\t<meta property=\"og:image:type\" content=\"image\/png\" \/>\n<meta name=\"twitter:card\" content=\"summary_large_image\" \/>\n<meta name=\"twitter:label1\" content=\"Est. tempo de leitura\" \/>\n\t<meta name=\"twitter:data1\" content=\"1 minuto\" \/>\n<script type=\"application\/ld+json\" class=\"yoast-schema-graph\">{\"@context\":\"https:\/\/schema.org\",\"@graph\":[{\"@type\":\"WebPage\",\"@id\":\"https:\/\/exposicoes.abc.org.br\/100anos\/academico\/roberto-marinho-de-azevedo-1878-1962\/\",\"url\":\"https:\/\/exposicoes.abc.org.br\/100anos\/academico\/roberto-marinho-de-azevedo-1878-1962\/\",\"name\":\"Roberto Marinho de Azevedo | Cem Anos de Ci\u00eancia\",\"isPartOf\":{\"@id\":\"https:\/\/exposicoes.abc.org.br\/100anos\/#website\"},\"primaryImageOfPage\":{\"@id\":\"https:\/\/exposicoes.abc.org.br\/100anos\/academico\/roberto-marinho-de-azevedo-1878-1962\/#primaryimage\"},\"image\":{\"@id\":\"https:\/\/exposicoes.abc.org.br\/100anos\/academico\/roberto-marinho-de-azevedo-1878-1962\/#primaryimage\"},\"thumbnailUrl\":\"https:\/\/exposicoes.abc.org.br\/100anos\/wp-content\/uploads\/2026\/03\/roberto-marinho-de-azevedo.png\",\"datePublished\":\"2026-03-10T20:03:07+00:00\",\"dateModified\":\"2026-03-10T22:24:43+00:00\",\"breadcrumb\":{\"@id\":\"https:\/\/exposicoes.abc.org.br\/100anos\/academico\/roberto-marinho-de-azevedo-1878-1962\/#breadcrumb\"},\"inLanguage\":\"pt-BR\",\"potentialAction\":[{\"@type\":\"ReadAction\",\"target\":[\"https:\/\/exposicoes.abc.org.br\/100anos\/academico\/roberto-marinho-de-azevedo-1878-1962\/\"]}]},{\"@type\":\"ImageObject\",\"inLanguage\":\"pt-BR\",\"@id\":\"https:\/\/exposicoes.abc.org.br\/100anos\/academico\/roberto-marinho-de-azevedo-1878-1962\/#primaryimage\",\"url\":\"https:\/\/exposicoes.abc.org.br\/100anos\/wp-content\/uploads\/2026\/03\/roberto-marinho-de-azevedo.png\",\"contentUrl\":\"https:\/\/exposicoes.abc.org.br\/100anos\/wp-content\/uploads\/2026\/03\/roberto-marinho-de-azevedo.png\",\"width\":370,\"height\":460},{\"@type\":\"BreadcrumbList\",\"@id\":\"https:\/\/exposicoes.abc.org.br\/100anos\/academico\/roberto-marinho-de-azevedo-1878-1962\/#breadcrumb\",\"itemListElement\":[{\"@type\":\"ListItem\",\"position\":1,\"name\":\"In\u00edcio\",\"item\":\"https:\/\/exposicoes.abc.org.br\/100anos\/\"},{\"@type\":\"ListItem\",\"position\":2,\"name\":\"Roberto Marinho de Azevedo\"}]},{\"@type\":\"WebSite\",\"@id\":\"https:\/\/exposicoes.abc.org.br\/100anos\/#website\",\"url\":\"https:\/\/exposicoes.abc.org.br\/100anos\/\",\"name\":\"Cem Anos de Ci\u00eancia\",\"description\":\"\",\"publisher\":{\"@id\":\"https:\/\/exposicoes.abc.org.br\/100anos\/#organization\"},\"potentialAction\":[{\"@type\":\"SearchAction\",\"target\":{\"@type\":\"EntryPoint\",\"urlTemplate\":\"https:\/\/exposicoes.abc.org.br\/100anos\/?s={search_term_string}\"},\"query-input\":{\"@type\":\"PropertyValueSpecification\",\"valueRequired\":true,\"valueName\":\"search_term_string\"}}],\"inLanguage\":\"pt-BR\"},{\"@type\":\"Organization\",\"@id\":\"https:\/\/exposicoes.abc.org.br\/100anos\/#organization\",\"name\":\"Academia Brasileira de Ci\u00eancias\",\"url\":\"https:\/\/exposicoes.abc.org.br\/100anos\/\",\"logo\":{\"@type\":\"ImageObject\",\"inLanguage\":\"pt-BR\",\"@id\":\"https:\/\/exposicoes.abc.org.br\/100anos\/#\/schema\/logo\/image\/\",\"url\":\"https:\/\/exposicoes.abc.org.br\/100anos\/wp-content\/uploads\/2025\/12\/logo-100-abc.png\",\"contentUrl\":\"https:\/\/exposicoes.abc.org.br\/100anos\/wp-content\/uploads\/2025\/12\/logo-100-abc.png\",\"width\":511,\"height\":116,\"caption\":\"Academia Brasileira de Ci\u00eancias\"},\"image\":{\"@id\":\"https:\/\/exposicoes.abc.org.br\/100anos\/#\/schema\/logo\/image\/\"}}]}<\/script>\n<!-- \/ Yoast SEO plugin. -->","yoast_head_json":{"title":"Roberto Marinho de Azevedo | Cem Anos de Ci\u00eancia","robots":{"index":"index","follow":"follow","max-snippet":"max-snippet:-1","max-image-preview":"max-image-preview:large","max-video-preview":"max-video-preview:-1"},"canonical":"https:\/\/exposicoes.abc.org.br\/100anos\/academico\/roberto-marinho-de-azevedo-1878-1962\/","og_locale":"pt_BR","og_type":"article","og_title":"Roberto Marinho de Azevedo | Cem Anos de Ci\u00eancia","og_description":"Roberto Marinho de Azevedo (1878\u20131962) construiu sua trajet\u00f3ria na interface entre a f\u00edsica, a engenharia e o ensino superior. Foi professor da Escola Polit\u00e9cnica do Rio de Janeiro, ent\u00e3o vinculada \u00e0 Universidade do Brasil, que era o principal centro de forma\u00e7\u00e3o de engenheiros, um polo relevante de produ\u00e7\u00e3o e difus\u00e3o da f\u00edsica cl\u00e1ssica no pa\u00eds....","og_url":"https:\/\/exposicoes.abc.org.br\/100anos\/academico\/roberto-marinho-de-azevedo-1878-1962\/","og_site_name":"Cem Anos de Ci\u00eancia","article_modified_time":"2026-03-10T22:24:43+00:00","og_image":[{"width":370,"height":460,"url":"https:\/\/exposicoes.abc.org.br\/100anos\/wp-content\/uploads\/2026\/03\/roberto-marinho-de-azevedo.png","type":"image\/png"}],"twitter_card":"summary_large_image","twitter_misc":{"Est. tempo de leitura":"1 minuto"},"schema":{"@context":"https:\/\/schema.org","@graph":[{"@type":"WebPage","@id":"https:\/\/exposicoes.abc.org.br\/100anos\/academico\/roberto-marinho-de-azevedo-1878-1962\/","url":"https:\/\/exposicoes.abc.org.br\/100anos\/academico\/roberto-marinho-de-azevedo-1878-1962\/","name":"Roberto Marinho de Azevedo | Cem Anos de Ci\u00eancia","isPartOf":{"@id":"https:\/\/exposicoes.abc.org.br\/100anos\/#website"},"primaryImageOfPage":{"@id":"https:\/\/exposicoes.abc.org.br\/100anos\/academico\/roberto-marinho-de-azevedo-1878-1962\/#primaryimage"},"image":{"@id":"https:\/\/exposicoes.abc.org.br\/100anos\/academico\/roberto-marinho-de-azevedo-1878-1962\/#primaryimage"},"thumbnailUrl":"https:\/\/exposicoes.abc.org.br\/100anos\/wp-content\/uploads\/2026\/03\/roberto-marinho-de-azevedo.png","datePublished":"2026-03-10T20:03:07+00:00","dateModified":"2026-03-10T22:24:43+00:00","breadcrumb":{"@id":"https:\/\/exposicoes.abc.org.br\/100anos\/academico\/roberto-marinho-de-azevedo-1878-1962\/#breadcrumb"},"inLanguage":"pt-BR","potentialAction":[{"@type":"ReadAction","target":["https:\/\/exposicoes.abc.org.br\/100anos\/academico\/roberto-marinho-de-azevedo-1878-1962\/"]}]},{"@type":"ImageObject","inLanguage":"pt-BR","@id":"https:\/\/exposicoes.abc.org.br\/100anos\/academico\/roberto-marinho-de-azevedo-1878-1962\/#primaryimage","url":"https:\/\/exposicoes.abc.org.br\/100anos\/wp-content\/uploads\/2026\/03\/roberto-marinho-de-azevedo.png","contentUrl":"https:\/\/exposicoes.abc.org.br\/100anos\/wp-content\/uploads\/2026\/03\/roberto-marinho-de-azevedo.png","width":370,"height":460},{"@type":"BreadcrumbList","@id":"https:\/\/exposicoes.abc.org.br\/100anos\/academico\/roberto-marinho-de-azevedo-1878-1962\/#breadcrumb","itemListElement":[{"@type":"ListItem","position":1,"name":"In\u00edcio","item":"https:\/\/exposicoes.abc.org.br\/100anos\/"},{"@type":"ListItem","position":2,"name":"Roberto Marinho de Azevedo"}]},{"@type":"WebSite","@id":"https:\/\/exposicoes.abc.org.br\/100anos\/#website","url":"https:\/\/exposicoes.abc.org.br\/100anos\/","name":"Cem Anos de Ci\u00eancia","description":"","publisher":{"@id":"https:\/\/exposicoes.abc.org.br\/100anos\/#organization"},"potentialAction":[{"@type":"SearchAction","target":{"@type":"EntryPoint","urlTemplate":"https:\/\/exposicoes.abc.org.br\/100anos\/?s={search_term_string}"},"query-input":{"@type":"PropertyValueSpecification","valueRequired":true,"valueName":"search_term_string"}}],"inLanguage":"pt-BR"},{"@type":"Organization","@id":"https:\/\/exposicoes.abc.org.br\/100anos\/#organization","name":"Academia Brasileira de Ci\u00eancias","url":"https:\/\/exposicoes.abc.org.br\/100anos\/","logo":{"@type":"ImageObject","inLanguage":"pt-BR","@id":"https:\/\/exposicoes.abc.org.br\/100anos\/#\/schema\/logo\/image\/","url":"https:\/\/exposicoes.abc.org.br\/100anos\/wp-content\/uploads\/2025\/12\/logo-100-abc.png","contentUrl":"https:\/\/exposicoes.abc.org.br\/100anos\/wp-content\/uploads\/2025\/12\/logo-100-abc.png","width":511,"height":116,"caption":"Academia Brasileira de Ci\u00eancias"},"image":{"@id":"https:\/\/exposicoes.abc.org.br\/100anos\/#\/schema\/logo\/image\/"}}]}},"_links":{"self":[{"href":"https:\/\/exposicoes.abc.org.br\/100anos\/wp-json\/wp\/v2\/academico\/932","targetHints":{"allow":["GET"]}}],"collection":[{"href":"https:\/\/exposicoes.abc.org.br\/100anos\/wp-json\/wp\/v2\/academico"}],"about":[{"href":"https:\/\/exposicoes.abc.org.br\/100anos\/wp-json\/wp\/v2\/types\/academico"}],"version-history":[{"count":2,"href":"https:\/\/exposicoes.abc.org.br\/100anos\/wp-json\/wp\/v2\/academico\/932\/revisions"}],"predecessor-version":[{"id":946,"href":"https:\/\/exposicoes.abc.org.br\/100anos\/wp-json\/wp\/v2\/academico\/932\/revisions\/946"}],"wp:featuredmedia":[{"embeddable":true,"href":"https:\/\/exposicoes.abc.org.br\/100anos\/wp-json\/wp\/v2\/media\/933"}],"wp:attachment":[{"href":"https:\/\/exposicoes.abc.org.br\/100anos\/wp-json\/wp\/v2\/media?parent=932"}],"wp:term":[{"taxonomy":"periodo-de-presidencia","embeddable":true,"href":"https:\/\/exposicoes.abc.org.br\/100anos\/wp-json\/wp\/v2\/periodo-de-presidencia?post=932"},{"taxonomy":"periodo-de-vida","embeddable":true,"href":"https:\/\/exposicoes.abc.org.br\/100anos\/wp-json\/wp\/v2\/periodo-de-vida?post=932"},{"taxonomy":"tipo-de-academico","embeddable":true,"href":"https:\/\/exposicoes.abc.org.br\/100anos\/wp-json\/wp\/v2\/tipo-de-academico?post=932"}],"curies":[{"name":"wp","href":"https:\/\/api.w.org\/{rel}","templated":true}]}}

<p>Roberto Marinho de Azevedo  (1878–1962) construiu sua trajetória na interface entre a física, a engenharia e o ensino superior. Foi professor da Escola Politécnica do Rio de Janeiro, então vinculada à Universidade do Brasil, que era o principal centro de formação de engenheiros, um polo relevante de produção e difusão da física clássica no país.</p>



<p>Atuou na formação de sucessivas gerações de engenheiros, num período em que a física tinha papel estruturante no currículo: mecânica, termodinâmica, eletricidade e magnetismo eram disciplinas fundamentais para a modernização técnica do Brasil. Foi um dos primeiros brasileiros a escrever sobre relatividade, antes mesmo do eclipse de 1919.</p>



<p>Foi um dos primeiros membros da Academia Brasileira de Ciências, admitido nos anos iniciais após a fundação da instituição, em 1916.</p>

<p>Roberto Marinho de Azevedo (1878–1962) construiu sua trajetória na interface entre a física, a engenharia e o ensino superior. Foi professor da Escola Politécnica do Rio de Janeiro, então vinculada à Universidade do Brasil, que era o principal centro de formação de engenheiros, um polo relevante de produção e difusão da física clássica no país&#8230;.</p>

<!-- This site is optimized with the Yoast SEO plugin v26.8 - https://yoast.com/product/yoast-seo-wordpress/ -->
<title>Roberto Marinho de Azevedo | Cem Anos de Ciência</title>
<meta name="robots" content="index, follow, max-snippet:-1, max-image-preview:large, max-video-preview:-1" />
<link rel="canonical" href="https://exposicoes.abc.org.br/100anos/academico/roberto-marinho-de-azevedo-1878-1962/" />
<meta property="og:locale" content="pt_BR" />
<meta property="og:type" content="article" />
<meta property="og:title" content="Roberto Marinho de Azevedo | Cem Anos de Ciência" />
<meta property="og:description" content="Roberto Marinho de Azevedo (1878–1962) construiu sua trajetória na interface entre a física, a engenharia e o ensino superior. Foi professor da Escola Politécnica do Rio de Janeiro, então vinculada à Universidade do Brasil, que era o principal centro de formação de engenheiros, um polo relevante de produção e difusão da física clássica no país...." />
<meta property="og:url" content="https://exposicoes.abc.org.br/100anos/academico/roberto-marinho-de-azevedo-1878-1962/" />
<meta property="og:site_name" content="Cem Anos de Ciência" />
<meta property="article:modified_time" content="2026-03-10T22:24:43+00:00" />
<meta property="og:image" content="https://exposicoes.abc.org.br/100anos/wp-content/uploads/2026/03/roberto-marinho-de-azevedo.png" />
	<meta property="og:image:width" content="370" />
	<meta property="og:image:height" content="460" />
	<meta property="og:image:type" content="image/png" />
<meta name="twitter:card" content="summary_large_image" />
<meta name="twitter:label1" content="Est. tempo de leitura" />
	<meta name="twitter:data1" content="1 minuto" />
<script type="application/ld+json" class="yoast-schema-graph">{"@context":"https://schema.org","@graph":[{"@type":"WebPage","@id":"https://exposicoes.abc.org.br/100anos/academico/roberto-marinho-de-azevedo-1878-1962/","url":"https://exposicoes.abc.org.br/100anos/academico/roberto-marinho-de-azevedo-1878-1962/","name":"Roberto Marinho de Azevedo | Cem Anos de Ciência","isPartOf":{"@id":"https://exposicoes.abc.org.br/100anos/#website"},"primaryImageOfPage":{"@id":"https://exposicoes.abc.org.br/100anos/academico/roberto-marinho-de-azevedo-1878-1962/#primaryimage"},"image":{"@id":"https://exposicoes.abc.org.br/100anos/academico/roberto-marinho-de-azevedo-1878-1962/#primaryimage"},"thumbnailUrl":"https://exposicoes.abc.org.br/100anos/wp-content/uploads/2026/03/roberto-marinho-de-azevedo.png","datePublished":"2026-03-10T20:03:07+00:00","dateModified":"2026-03-10T22:24:43+00:00","breadcrumb":{"@id":"https://exposicoes.abc.org.br/100anos/academico/roberto-marinho-de-azevedo-1878-1962/#breadcrumb"},"inLanguage":"pt-BR","potentialAction":[{"@type":"ReadAction","target":["https://exposicoes.abc.org.br/100anos/academico/roberto-marinho-de-azevedo-1878-1962/"]}]},{"@type":"ImageObject","inLanguage":"pt-BR","@id":"https://exposicoes.abc.org.br/100anos/academico/roberto-marinho-de-azevedo-1878-1962/#primaryimage","url":"https://exposicoes.abc.org.br/100anos/wp-content/uploads/2026/03/roberto-marinho-de-azevedo.png","contentUrl":"https://exposicoes.abc.org.br/100anos/wp-content/uploads/2026/03/roberto-marinho-de-azevedo.png","width":370,"height":460},{"@type":"BreadcrumbList","@id":"https://exposicoes.abc.org.br/100anos/academico/roberto-marinho-de-azevedo-1878-1962/#breadcrumb","itemListElement":[{"@type":"ListItem","position":1,"name":"Início","item":"https://exposicoes.abc.org.br/100anos/"},{"@type":"ListItem","position":2,"name":"Roberto Marinho de Azevedo"}]},{"@type":"WebSite","@id":"https://exposicoes.abc.org.br/100anos/#website","url":"https://exposicoes.abc.org.br/100anos/","name":"Cem Anos de Ciência","description":"","publisher":{"@id":"https://exposicoes.abc.org.br/100anos/#organization"},"potentialAction":[{"@type":"SearchAction","target":{"@type":"EntryPoint","urlTemplate":"https://exposicoes.abc.org.br/100anos/?s={search_term_string}"},"query-input":{"@type":"PropertyValueSpecification","valueRequired":true,"valueName":"search_term_string"}}],"inLanguage":"pt-BR"},{"@type":"Organization","@id":"https://exposicoes.abc.org.br/100anos/#organization","name":"Academia Brasileira de Ciências","url":"https://exposicoes.abc.org.br/100anos/","logo":{"@type":"ImageObject","inLanguage":"pt-BR","@id":"https://exposicoes.abc.org.br/100anos/#/schema/logo/image/","url":"https://exposicoes.abc.org.br/100anos/wp-content/uploads/2025/12/logo-100-abc.png","contentUrl":"https://exposicoes.abc.org.br/100anos/wp-content/uploads/2025/12/logo-100-abc.png","width":511,"height":116,"caption":"Academia Brasileira de Ciências"},"image":{"@id":"https://exposicoes.abc.org.br/100anos/#/schema/logo/image/"}}]}</script>
<!-- / Yoast SEO plugin. -->

Roberto Marinho de Azevedo | Cem Anos de Ciência

Roberto Marinho de Azevedo (1878–1962) construiu sua trajetória na interface entre a física, a engenharia e o ensino superior. Foi professor da Escola Politécnica do Rio de Janeiro, então vinculada à Universidade do Brasil, que era o principal centro de formação de engenheiros, um polo relevante de produção e difusão da física clássica no país....

Cem Anos de Ciência

Início

Academia Brasileira de Ciências
