{"id":921,"date":"2026-03-10T16:58:50","date_gmt":"2026-03-10T19:58:50","guid":{"rendered":"https:\/\/exposicoes.abc.org.br\/100anos\/?post_type=academico&#038;p=921"},"modified":"2026-03-10T19:16:02","modified_gmt":"2026-03-10T22:16:02","slug":"guilherme-florence-1864-1942","status":"publish","type":"academico","link":"https:\/\/exposicoes.abc.org.br\/100anos\/academico\/guilherme-florence-1864-1942\/","title":{"rendered":"Guilherme Florence (1864-1942)"},"content":{"rendered":"\n<p>Guilherme Florence era o quinto filho de Hercule Florence e da educadora&nbsp;Carolina Krug, sua segunda esposa. O pai foi considerado por muitos o inventor da fotografia.<\/p>\n\n\n\n<p>Willy, como era conhecido entre a fam\u00edlia, era irm\u00e3o g\u00eameo de Paulo Florence e realizou seus primeiros estudos no Col\u00e9gio Morton, em Campinas, dando sequ\u00eancia em um gin\u00e1sio de Kassel, na Alemanha. Formou-se em engenharia de minas e metalurgia na Universidade de Tecnologia de Clausthal, e depois na Academia de Berlin, na Alemanha.<\/p>\n\n\n\n<p>O mineralogista foi respons\u00e1vel pelo levantamento da planta geol\u00f3gica do Estado de S\u00e3o Paulo, em colabora\u00e7\u00e3o com Jovino Pacheco. Al\u00e9m disso, Guilherme Florence tamb\u00e9m realizou as primeiras pesquisas sobre ouro em S\u00e3o Roque, SP e promoveu o aproveitamento econ\u00f4mico das jazidas de apatita do Ipanema.<\/p>\n\n\n\n<p>Comp\u00f4s a extinta Comiss\u00e3o Geogr\u00e1fica e Geol\u00f3gica de S\u00e3o Paulo (CGG) e foi quem realizou o exame qu\u00edmico preliminar da primeira florencita, um mineral de elementos terras-raras.<\/p>\n","protected":false},"excerpt":{"rendered":"<p>Guilherme Florence era o quinto filho de Hercule Florence e da educadora&nbsp;Carolina Krug, sua segunda esposa. O pai foi considerado por muitos o inventor da fotografia. Willy, como era conhecido entre a fam\u00edlia, era irm\u00e3o g\u00eameo de Paulo Florence e realizou seus primeiros estudos no Col\u00e9gio Morton, em Campinas, dando sequ\u00eancia em um gin\u00e1sio de&#8230;<\/p>\n","protected":false},"featured_media":918,"parent":0,"template":"","meta":{"_acf_changed":false,"footnotes":""},"periodo-de-presidencia":[],"periodo-de-vida":[],"tipo-de-academico":[105],"class_list":["post-921","academico","type-academico","status-publish","has-post-thumbnail","hentry","tipo-de-academico-primeiros-membros"],"acf":[],"yoast_head":"<!-- This site is optimized with the Yoast SEO plugin v26.8 - https:\/\/yoast.com\/product\/yoast-seo-wordpress\/ -->\n<title>Guilherme Florence (1864-1942) | Cem Anos de Ci\u00eancia<\/title>\n<meta name=\"robots\" content=\"index, follow, max-snippet:-1, max-image-preview:large, max-video-preview:-1\" \/>\n<link rel=\"canonical\" href=\"https:\/\/exposicoes.abc.org.br\/100anos\/academico\/guilherme-florence-1864-1942\/\" \/>\n<meta property=\"og:locale\" content=\"pt_BR\" \/>\n<meta property=\"og:type\" content=\"article\" \/>\n<meta property=\"og:title\" content=\"Guilherme Florence (1864-1942) | Cem Anos de Ci\u00eancia\" \/>\n<meta property=\"og:description\" content=\"Guilherme Florence era o quinto filho de Hercule Florence e da educadora&nbsp;Carolina Krug, sua segunda esposa. O pai foi considerado por muitos o inventor da fotografia. Willy, como era conhecido entre a fam\u00edlia, era irm\u00e3o g\u00eameo de Paulo Florence e realizou seus primeiros estudos no Col\u00e9gio Morton, em Campinas, dando sequ\u00eancia em um gin\u00e1sio de...\" \/>\n<meta property=\"og:url\" content=\"https:\/\/exposicoes.abc.org.br\/100anos\/academico\/guilherme-florence-1864-1942\/\" \/>\n<meta property=\"og:site_name\" content=\"Cem Anos de Ci\u00eancia\" \/>\n<meta property=\"article:modified_time\" content=\"2026-03-10T22:16:02+00:00\" \/>\n<meta property=\"og:image\" content=\"https:\/\/exposicoes.abc.org.br\/100anos\/wp-content\/uploads\/2026\/03\/Guilherme-Florence-c-IA.png\" \/>\n\t<meta property=\"og:image:width\" content=\"370\" \/>\n\t<meta property=\"og:image:height\" content=\"460\" \/>\n\t<meta property=\"og:image:type\" content=\"image\/png\" \/>\n<meta name=\"twitter:card\" content=\"summary_large_image\" \/>\n<meta name=\"twitter:label1\" content=\"Est. tempo de leitura\" \/>\n\t<meta name=\"twitter:data1\" content=\"2 minutos\" \/>\n<script type=\"application\/ld+json\" class=\"yoast-schema-graph\">{\"@context\":\"https:\/\/schema.org\",\"@graph\":[{\"@type\":\"WebPage\",\"@id\":\"https:\/\/exposicoes.abc.org.br\/100anos\/academico\/guilherme-florence-1864-1942\/\",\"url\":\"https:\/\/exposicoes.abc.org.br\/100anos\/academico\/guilherme-florence-1864-1942\/\",\"name\":\"Guilherme Florence (1864-1942) | Cem Anos de Ci\u00eancia\",\"isPartOf\":{\"@id\":\"https:\/\/exposicoes.abc.org.br\/100anos\/#website\"},\"primaryImageOfPage\":{\"@id\":\"https:\/\/exposicoes.abc.org.br\/100anos\/academico\/guilherme-florence-1864-1942\/#primaryimage\"},\"image\":{\"@id\":\"https:\/\/exposicoes.abc.org.br\/100anos\/academico\/guilherme-florence-1864-1942\/#primaryimage\"},\"thumbnailUrl\":\"https:\/\/exposicoes.abc.org.br\/100anos\/wp-content\/uploads\/2026\/03\/Guilherme-Florence-c-IA.png\",\"datePublished\":\"2026-03-10T19:58:50+00:00\",\"dateModified\":\"2026-03-10T22:16:02+00:00\",\"breadcrumb\":{\"@id\":\"https:\/\/exposicoes.abc.org.br\/100anos\/academico\/guilherme-florence-1864-1942\/#breadcrumb\"},\"inLanguage\":\"pt-BR\",\"potentialAction\":[{\"@type\":\"ReadAction\",\"target\":[\"https:\/\/exposicoes.abc.org.br\/100anos\/academico\/guilherme-florence-1864-1942\/\"]}]},{\"@type\":\"ImageObject\",\"inLanguage\":\"pt-BR\",\"@id\":\"https:\/\/exposicoes.abc.org.br\/100anos\/academico\/guilherme-florence-1864-1942\/#primaryimage\",\"url\":\"https:\/\/exposicoes.abc.org.br\/100anos\/wp-content\/uploads\/2026\/03\/Guilherme-Florence-c-IA.png\",\"contentUrl\":\"https:\/\/exposicoes.abc.org.br\/100anos\/wp-content\/uploads\/2026\/03\/Guilherme-Florence-c-IA.png\",\"width\":370,\"height\":460},{\"@type\":\"BreadcrumbList\",\"@id\":\"https:\/\/exposicoes.abc.org.br\/100anos\/academico\/guilherme-florence-1864-1942\/#breadcrumb\",\"itemListElement\":[{\"@type\":\"ListItem\",\"position\":1,\"name\":\"In\u00edcio\",\"item\":\"https:\/\/exposicoes.abc.org.br\/100anos\/\"},{\"@type\":\"ListItem\",\"position\":2,\"name\":\"Guilherme Florence (1864-1942)\"}]},{\"@type\":\"WebSite\",\"@id\":\"https:\/\/exposicoes.abc.org.br\/100anos\/#website\",\"url\":\"https:\/\/exposicoes.abc.org.br\/100anos\/\",\"name\":\"Cem Anos de Ci\u00eancia\",\"description\":\"\",\"publisher\":{\"@id\":\"https:\/\/exposicoes.abc.org.br\/100anos\/#organization\"},\"potentialAction\":[{\"@type\":\"SearchAction\",\"target\":{\"@type\":\"EntryPoint\",\"urlTemplate\":\"https:\/\/exposicoes.abc.org.br\/100anos\/?s={search_term_string}\"},\"query-input\":{\"@type\":\"PropertyValueSpecification\",\"valueRequired\":true,\"valueName\":\"search_term_string\"}}],\"inLanguage\":\"pt-BR\"},{\"@type\":\"Organization\",\"@id\":\"https:\/\/exposicoes.abc.org.br\/100anos\/#organization\",\"name\":\"Academia Brasileira de Ci\u00eancias\",\"url\":\"https:\/\/exposicoes.abc.org.br\/100anos\/\",\"logo\":{\"@type\":\"ImageObject\",\"inLanguage\":\"pt-BR\",\"@id\":\"https:\/\/exposicoes.abc.org.br\/100anos\/#\/schema\/logo\/image\/\",\"url\":\"https:\/\/exposicoes.abc.org.br\/100anos\/wp-content\/uploads\/2025\/12\/logo-100-abc.png\",\"contentUrl\":\"https:\/\/exposicoes.abc.org.br\/100anos\/wp-content\/uploads\/2025\/12\/logo-100-abc.png\",\"width\":511,\"height\":116,\"caption\":\"Academia Brasileira de Ci\u00eancias\"},\"image\":{\"@id\":\"https:\/\/exposicoes.abc.org.br\/100anos\/#\/schema\/logo\/image\/\"}}]}<\/script>\n<!-- \/ Yoast SEO plugin. -->","yoast_head_json":{"title":"Guilherme Florence (1864-1942) | Cem Anos de Ci\u00eancia","robots":{"index":"index","follow":"follow","max-snippet":"max-snippet:-1","max-image-preview":"max-image-preview:large","max-video-preview":"max-video-preview:-1"},"canonical":"https:\/\/exposicoes.abc.org.br\/100anos\/academico\/guilherme-florence-1864-1942\/","og_locale":"pt_BR","og_type":"article","og_title":"Guilherme Florence (1864-1942) | Cem Anos de Ci\u00eancia","og_description":"Guilherme Florence era o quinto filho de Hercule Florence e da educadora&nbsp;Carolina Krug, sua segunda esposa. O pai foi considerado por muitos o inventor da fotografia. Willy, como era conhecido entre a fam\u00edlia, era irm\u00e3o g\u00eameo de Paulo Florence e realizou seus primeiros estudos no Col\u00e9gio Morton, em Campinas, dando sequ\u00eancia em um gin\u00e1sio de...","og_url":"https:\/\/exposicoes.abc.org.br\/100anos\/academico\/guilherme-florence-1864-1942\/","og_site_name":"Cem Anos de Ci\u00eancia","article_modified_time":"2026-03-10T22:16:02+00:00","og_image":[{"width":370,"height":460,"url":"https:\/\/exposicoes.abc.org.br\/100anos\/wp-content\/uploads\/2026\/03\/Guilherme-Florence-c-IA.png","type":"image\/png"}],"twitter_card":"summary_large_image","twitter_misc":{"Est. tempo de leitura":"2 minutos"},"schema":{"@context":"https:\/\/schema.org","@graph":[{"@type":"WebPage","@id":"https:\/\/exposicoes.abc.org.br\/100anos\/academico\/guilherme-florence-1864-1942\/","url":"https:\/\/exposicoes.abc.org.br\/100anos\/academico\/guilherme-florence-1864-1942\/","name":"Guilherme Florence (1864-1942) | Cem Anos de Ci\u00eancia","isPartOf":{"@id":"https:\/\/exposicoes.abc.org.br\/100anos\/#website"},"primaryImageOfPage":{"@id":"https:\/\/exposicoes.abc.org.br\/100anos\/academico\/guilherme-florence-1864-1942\/#primaryimage"},"image":{"@id":"https:\/\/exposicoes.abc.org.br\/100anos\/academico\/guilherme-florence-1864-1942\/#primaryimage"},"thumbnailUrl":"https:\/\/exposicoes.abc.org.br\/100anos\/wp-content\/uploads\/2026\/03\/Guilherme-Florence-c-IA.png","datePublished":"2026-03-10T19:58:50+00:00","dateModified":"2026-03-10T22:16:02+00:00","breadcrumb":{"@id":"https:\/\/exposicoes.abc.org.br\/100anos\/academico\/guilherme-florence-1864-1942\/#breadcrumb"},"inLanguage":"pt-BR","potentialAction":[{"@type":"ReadAction","target":["https:\/\/exposicoes.abc.org.br\/100anos\/academico\/guilherme-florence-1864-1942\/"]}]},{"@type":"ImageObject","inLanguage":"pt-BR","@id":"https:\/\/exposicoes.abc.org.br\/100anos\/academico\/guilherme-florence-1864-1942\/#primaryimage","url":"https:\/\/exposicoes.abc.org.br\/100anos\/wp-content\/uploads\/2026\/03\/Guilherme-Florence-c-IA.png","contentUrl":"https:\/\/exposicoes.abc.org.br\/100anos\/wp-content\/uploads\/2026\/03\/Guilherme-Florence-c-IA.png","width":370,"height":460},{"@type":"BreadcrumbList","@id":"https:\/\/exposicoes.abc.org.br\/100anos\/academico\/guilherme-florence-1864-1942\/#breadcrumb","itemListElement":[{"@type":"ListItem","position":1,"name":"In\u00edcio","item":"https:\/\/exposicoes.abc.org.br\/100anos\/"},{"@type":"ListItem","position":2,"name":"Guilherme Florence (1864-1942)"}]},{"@type":"WebSite","@id":"https:\/\/exposicoes.abc.org.br\/100anos\/#website","url":"https:\/\/exposicoes.abc.org.br\/100anos\/","name":"Cem Anos de Ci\u00eancia","description":"","publisher":{"@id":"https:\/\/exposicoes.abc.org.br\/100anos\/#organization"},"potentialAction":[{"@type":"SearchAction","target":{"@type":"EntryPoint","urlTemplate":"https:\/\/exposicoes.abc.org.br\/100anos\/?s={search_term_string}"},"query-input":{"@type":"PropertyValueSpecification","valueRequired":true,"valueName":"search_term_string"}}],"inLanguage":"pt-BR"},{"@type":"Organization","@id":"https:\/\/exposicoes.abc.org.br\/100anos\/#organization","name":"Academia Brasileira de Ci\u00eancias","url":"https:\/\/exposicoes.abc.org.br\/100anos\/","logo":{"@type":"ImageObject","inLanguage":"pt-BR","@id":"https:\/\/exposicoes.abc.org.br\/100anos\/#\/schema\/logo\/image\/","url":"https:\/\/exposicoes.abc.org.br\/100anos\/wp-content\/uploads\/2025\/12\/logo-100-abc.png","contentUrl":"https:\/\/exposicoes.abc.org.br\/100anos\/wp-content\/uploads\/2025\/12\/logo-100-abc.png","width":511,"height":116,"caption":"Academia Brasileira de Ci\u00eancias"},"image":{"@id":"https:\/\/exposicoes.abc.org.br\/100anos\/#\/schema\/logo\/image\/"}}]}},"_links":{"self":[{"href":"https:\/\/exposicoes.abc.org.br\/100anos\/wp-json\/wp\/v2\/academico\/921","targetHints":{"allow":["GET"]}}],"collection":[{"href":"https:\/\/exposicoes.abc.org.br\/100anos\/wp-json\/wp\/v2\/academico"}],"about":[{"href":"https:\/\/exposicoes.abc.org.br\/100anos\/wp-json\/wp\/v2\/types\/academico"}],"version-history":[{"count":1,"href":"https:\/\/exposicoes.abc.org.br\/100anos\/wp-json\/wp\/v2\/academico\/921\/revisions"}],"predecessor-version":[{"id":922,"href":"https:\/\/exposicoes.abc.org.br\/100anos\/wp-json\/wp\/v2\/academico\/921\/revisions\/922"}],"wp:featuredmedia":[{"embeddable":true,"href":"https:\/\/exposicoes.abc.org.br\/100anos\/wp-json\/wp\/v2\/media\/918"}],"wp:attachment":[{"href":"https:\/\/exposicoes.abc.org.br\/100anos\/wp-json\/wp\/v2\/media?parent=921"}],"wp:term":[{"taxonomy":"periodo-de-presidencia","embeddable":true,"href":"https:\/\/exposicoes.abc.org.br\/100anos\/wp-json\/wp\/v2\/periodo-de-presidencia?post=921"},{"taxonomy":"periodo-de-vida","embeddable":true,"href":"https:\/\/exposicoes.abc.org.br\/100anos\/wp-json\/wp\/v2\/periodo-de-vida?post=921"},{"taxonomy":"tipo-de-academico","embeddable":true,"href":"https:\/\/exposicoes.abc.org.br\/100anos\/wp-json\/wp\/v2\/tipo-de-academico?post=921"}],"curies":[{"name":"wp","href":"https:\/\/api.w.org\/{rel}","templated":true}]}}

<p>Guilherme Florence era o quinto filho de Hercule Florence e da educadora&nbsp;Carolina Krug, sua segunda esposa. O pai foi considerado por muitos o inventor da fotografia.</p>



<p>Willy, como era conhecido entre a família, era irmão gêmeo de Paulo Florence e realizou seus primeiros estudos no Colégio Morton, em Campinas, dando sequência em um ginásio de Kassel, na Alemanha. Formou-se em engenharia de minas e metalurgia na Universidade de Tecnologia de Clausthal, e depois na Academia de Berlin, na Alemanha.</p>



<p>O mineralogista foi responsável pelo levantamento da planta geológica do Estado de São Paulo, em colaboração com Jovino Pacheco. Além disso, Guilherme Florence também realizou as primeiras pesquisas sobre ouro em São Roque, SP e promoveu o aproveitamento econômico das jazidas de apatita do Ipanema.</p>



<p>Compôs a extinta Comissão Geográfica e Geológica de São Paulo (CGG) e foi quem realizou o exame químico preliminar da primeira florencita, um mineral de elementos terras-raras.</p>

<p>Guilherme Florence era o quinto filho de Hercule Florence e da educadora&nbsp;Carolina Krug, sua segunda esposa. O pai foi considerado por muitos o inventor da fotografia. Willy, como era conhecido entre a família, era irmão gêmeo de Paulo Florence e realizou seus primeiros estudos no Colégio Morton, em Campinas, dando sequência em um ginásio de&#8230;</p>

<!-- This site is optimized with the Yoast SEO plugin v26.8 - https://yoast.com/product/yoast-seo-wordpress/ -->
<title>Guilherme Florence (1864-1942) | Cem Anos de Ciência</title>
<meta name="robots" content="index, follow, max-snippet:-1, max-image-preview:large, max-video-preview:-1" />
<link rel="canonical" href="https://exposicoes.abc.org.br/100anos/academico/guilherme-florence-1864-1942/" />
<meta property="og:locale" content="pt_BR" />
<meta property="og:type" content="article" />
<meta property="og:title" content="Guilherme Florence (1864-1942) | Cem Anos de Ciência" />
<meta property="og:description" content="Guilherme Florence era o quinto filho de Hercule Florence e da educadora&nbsp;Carolina Krug, sua segunda esposa. O pai foi considerado por muitos o inventor da fotografia. Willy, como era conhecido entre a família, era irmão gêmeo de Paulo Florence e realizou seus primeiros estudos no Colégio Morton, em Campinas, dando sequência em um ginásio de..." />
<meta property="og:url" content="https://exposicoes.abc.org.br/100anos/academico/guilherme-florence-1864-1942/" />
<meta property="og:site_name" content="Cem Anos de Ciência" />
<meta property="article:modified_time" content="2026-03-10T22:16:02+00:00" />
<meta property="og:image" content="https://exposicoes.abc.org.br/100anos/wp-content/uploads/2026/03/Guilherme-Florence-c-IA.png" />
	<meta property="og:image:width" content="370" />
	<meta property="og:image:height" content="460" />
	<meta property="og:image:type" content="image/png" />
<meta name="twitter:card" content="summary_large_image" />
<meta name="twitter:label1" content="Est. tempo de leitura" />
	<meta name="twitter:data1" content="2 minutos" />
<script type="application/ld+json" class="yoast-schema-graph">{"@context":"https://schema.org","@graph":[{"@type":"WebPage","@id":"https://exposicoes.abc.org.br/100anos/academico/guilherme-florence-1864-1942/","url":"https://exposicoes.abc.org.br/100anos/academico/guilherme-florence-1864-1942/","name":"Guilherme Florence (1864-1942) | Cem Anos de Ciência","isPartOf":{"@id":"https://exposicoes.abc.org.br/100anos/#website"},"primaryImageOfPage":{"@id":"https://exposicoes.abc.org.br/100anos/academico/guilherme-florence-1864-1942/#primaryimage"},"image":{"@id":"https://exposicoes.abc.org.br/100anos/academico/guilherme-florence-1864-1942/#primaryimage"},"thumbnailUrl":"https://exposicoes.abc.org.br/100anos/wp-content/uploads/2026/03/Guilherme-Florence-c-IA.png","datePublished":"2026-03-10T19:58:50+00:00","dateModified":"2026-03-10T22:16:02+00:00","breadcrumb":{"@id":"https://exposicoes.abc.org.br/100anos/academico/guilherme-florence-1864-1942/#breadcrumb"},"inLanguage":"pt-BR","potentialAction":[{"@type":"ReadAction","target":["https://exposicoes.abc.org.br/100anos/academico/guilherme-florence-1864-1942/"]}]},{"@type":"ImageObject","inLanguage":"pt-BR","@id":"https://exposicoes.abc.org.br/100anos/academico/guilherme-florence-1864-1942/#primaryimage","url":"https://exposicoes.abc.org.br/100anos/wp-content/uploads/2026/03/Guilherme-Florence-c-IA.png","contentUrl":"https://exposicoes.abc.org.br/100anos/wp-content/uploads/2026/03/Guilherme-Florence-c-IA.png","width":370,"height":460},{"@type":"BreadcrumbList","@id":"https://exposicoes.abc.org.br/100anos/academico/guilherme-florence-1864-1942/#breadcrumb","itemListElement":[{"@type":"ListItem","position":1,"name":"Início","item":"https://exposicoes.abc.org.br/100anos/"},{"@type":"ListItem","position":2,"name":"Guilherme Florence (1864-1942)"}]},{"@type":"WebSite","@id":"https://exposicoes.abc.org.br/100anos/#website","url":"https://exposicoes.abc.org.br/100anos/","name":"Cem Anos de Ciência","description":"","publisher":{"@id":"https://exposicoes.abc.org.br/100anos/#organization"},"potentialAction":[{"@type":"SearchAction","target":{"@type":"EntryPoint","urlTemplate":"https://exposicoes.abc.org.br/100anos/?s={search_term_string}"},"query-input":{"@type":"PropertyValueSpecification","valueRequired":true,"valueName":"search_term_string"}}],"inLanguage":"pt-BR"},{"@type":"Organization","@id":"https://exposicoes.abc.org.br/100anos/#organization","name":"Academia Brasileira de Ciências","url":"https://exposicoes.abc.org.br/100anos/","logo":{"@type":"ImageObject","inLanguage":"pt-BR","@id":"https://exposicoes.abc.org.br/100anos/#/schema/logo/image/","url":"https://exposicoes.abc.org.br/100anos/wp-content/uploads/2025/12/logo-100-abc.png","contentUrl":"https://exposicoes.abc.org.br/100anos/wp-content/uploads/2025/12/logo-100-abc.png","width":511,"height":116,"caption":"Academia Brasileira de Ciências"},"image":{"@id":"https://exposicoes.abc.org.br/100anos/#/schema/logo/image/"}}]}</script>
<!-- / Yoast SEO plugin. -->

Guilherme Florence (1864-1942) | Cem Anos de Ciência

Guilherme Florence era o quinto filho de Hercule Florence e da educadora&nbsp;Carolina Krug, sua segunda esposa. O pai foi considerado por muitos o inventor da fotografia. Willy, como era conhecido entre a família, era irmão gêmeo de Paulo Florence e realizou seus primeiros estudos no Colégio Morton, em Campinas, dando sequência em um ginásio de...

Cem Anos de Ciência

Início

Academia Brasileira de Ciências
