{"id":609,"date":"2026-01-19T10:41:49","date_gmt":"2026-01-19T13:41:49","guid":{"rendered":"https:\/\/exposicoes.abc.org.br\/100anos\/?post_type=academico&#038;p=609"},"modified":"2026-01-28T11:32:37","modified_gmt":"2026-01-28T14:32:37","slug":"luiz-de-carvalho-e-mello","status":"publish","type":"academico","link":"https:\/\/exposicoes.abc.org.br\/100anos\/academico\/luiz-de-carvalho-e-mello\/","title":{"rendered":"Luiz de Carvalho e Mello"},"content":{"rendered":"\n<h2 class=\"wp-block-heading\">Sobre o Cientista<\/h2>\n\n\n\n<p>Luiz de Carvalho e Mello nasceu no Rio de Janeiro. Bacharel em ci\u00eancias f\u00edsicas e naturais formado em 1881, trabalhou na Escola Polit\u00e9cnica do Rio de Janeiro como substituto interino nas cadeiras de bot\u00e2nica, zoologia e mineralogia, sendo<br>efetivado em 1896. Foi professor catedr\u00e1tico de qu\u00edmica geral, inorg\u00e2nica e anal\u00edtica, de 1904 at\u00e9 seu falecimento em 1916.<br><br>Foi membro da Sociedade Brasileira de Sciencias, atual Academia Brasileira de<br>Ci\u00eancias (ABC), tendo assinado a ata de sua funda\u00e7\u00e3o em 3 de maio de 1916. Integrou a Se\u00e7\u00e3o de Ci\u00eancias F\u00edsico-Qu\u00edmica. Faleceu cinco meses depois.<\/p>\n\n\n\n<div style=\"height:100px\" aria-hidden=\"true\" class=\"wp-block-spacer\"><\/div>\n","protected":false},"excerpt":{"rendered":"<p>Sobre o Cientista Luiz de Carvalho e Mello nasceu no Rio de Janeiro. Bacharel em ci\u00eancias f\u00edsicas e naturais formado em 1881, trabalhou na Escola Polit\u00e9cnica do Rio de Janeiro como substituto interino nas cadeiras de bot\u00e2nica, zoologia e mineralogia, sendoefetivado em 1896. Foi professor catedr\u00e1tico de qu\u00edmica geral, inorg\u00e2nica e anal\u00edtica, de 1904 at\u00e9&#8230;<\/p>\n","protected":false},"featured_media":750,"parent":0,"template":"","meta":{"_acf_changed":false,"footnotes":""},"periodo-de-presidencia":[],"periodo-de-vida":[82],"tipo-de-academico":[6],"class_list":["post-609","academico","type-academico","status-publish","has-post-thumbnail","hentry","periodo-de-vida-1857-1916","tipo-de-academico-membros-fundadores"],"acf":[],"yoast_head":"<!-- This site is optimized with the Yoast SEO plugin v26.8 - https:\/\/yoast.com\/product\/yoast-seo-wordpress\/ -->\n<title>Luiz de Carvalho e Mello | Cem Anos de Ci\u00eancia<\/title>\n<meta name=\"robots\" content=\"index, follow, max-snippet:-1, max-image-preview:large, max-video-preview:-1\" \/>\n<link rel=\"canonical\" href=\"https:\/\/exposicoes.abc.org.br\/100anos\/academico\/luiz-de-carvalho-e-mello\/\" \/>\n<meta property=\"og:locale\" content=\"pt_BR\" \/>\n<meta property=\"og:type\" content=\"article\" \/>\n<meta property=\"og:title\" content=\"Luiz de Carvalho e Mello | Cem Anos de Ci\u00eancia\" \/>\n<meta property=\"og:description\" content=\"Sobre o Cientista Luiz de Carvalho e Mello nasceu no Rio de Janeiro. Bacharel em ci\u00eancias f\u00edsicas e naturais formado em 1881, trabalhou na Escola Polit\u00e9cnica do Rio de Janeiro como substituto interino nas cadeiras de bot\u00e2nica, zoologia e mineralogia, sendoefetivado em 1896. Foi professor catedr\u00e1tico de qu\u00edmica geral, inorg\u00e2nica e anal\u00edtica, de 1904 at\u00e9...\" \/>\n<meta property=\"og:url\" content=\"https:\/\/exposicoes.abc.org.br\/100anos\/academico\/luiz-de-carvalho-e-mello\/\" \/>\n<meta property=\"og:site_name\" content=\"Cem Anos de Ci\u00eancia\" \/>\n<meta property=\"article:modified_time\" content=\"2026-01-28T14:32:37+00:00\" \/>\n<meta property=\"og:image\" content=\"https:\/\/exposicoes.abc.org.br\/100anos\/wp-content\/uploads\/2026\/01\/luiz-carvalho-e-mello-com-IA.png\" \/>\n\t<meta property=\"og:image:width\" content=\"1024\" \/>\n\t<meta property=\"og:image:height\" content=\"1536\" \/>\n\t<meta property=\"og:image:type\" content=\"image\/png\" \/>\n<meta name=\"twitter:card\" content=\"summary_large_image\" \/>\n<meta name=\"twitter:label1\" content=\"Est. tempo de leitura\" \/>\n\t<meta name=\"twitter:data1\" content=\"1 minuto\" \/>\n<script type=\"application\/ld+json\" class=\"yoast-schema-graph\">{\"@context\":\"https:\/\/schema.org\",\"@graph\":[{\"@type\":\"WebPage\",\"@id\":\"https:\/\/exposicoes.abc.org.br\/100anos\/academico\/luiz-de-carvalho-e-mello\/\",\"url\":\"https:\/\/exposicoes.abc.org.br\/100anos\/academico\/luiz-de-carvalho-e-mello\/\",\"name\":\"Luiz de Carvalho e Mello | Cem Anos de Ci\u00eancia\",\"isPartOf\":{\"@id\":\"https:\/\/exposicoes.abc.org.br\/100anos\/#website\"},\"primaryImageOfPage\":{\"@id\":\"https:\/\/exposicoes.abc.org.br\/100anos\/academico\/luiz-de-carvalho-e-mello\/#primaryimage\"},\"image\":{\"@id\":\"https:\/\/exposicoes.abc.org.br\/100anos\/academico\/luiz-de-carvalho-e-mello\/#primaryimage\"},\"thumbnailUrl\":\"https:\/\/exposicoes.abc.org.br\/100anos\/wp-content\/uploads\/2026\/01\/luiz-carvalho-e-mello-com-IA.png\",\"datePublished\":\"2026-01-19T13:41:49+00:00\",\"dateModified\":\"2026-01-28T14:32:37+00:00\",\"breadcrumb\":{\"@id\":\"https:\/\/exposicoes.abc.org.br\/100anos\/academico\/luiz-de-carvalho-e-mello\/#breadcrumb\"},\"inLanguage\":\"pt-BR\",\"potentialAction\":[{\"@type\":\"ReadAction\",\"target\":[\"https:\/\/exposicoes.abc.org.br\/100anos\/academico\/luiz-de-carvalho-e-mello\/\"]}]},{\"@type\":\"ImageObject\",\"inLanguage\":\"pt-BR\",\"@id\":\"https:\/\/exposicoes.abc.org.br\/100anos\/academico\/luiz-de-carvalho-e-mello\/#primaryimage\",\"url\":\"https:\/\/exposicoes.abc.org.br\/100anos\/wp-content\/uploads\/2026\/01\/luiz-carvalho-e-mello-com-IA.png\",\"contentUrl\":\"https:\/\/exposicoes.abc.org.br\/100anos\/wp-content\/uploads\/2026\/01\/luiz-carvalho-e-mello-com-IA.png\",\"width\":1024,\"height\":1536},{\"@type\":\"BreadcrumbList\",\"@id\":\"https:\/\/exposicoes.abc.org.br\/100anos\/academico\/luiz-de-carvalho-e-mello\/#breadcrumb\",\"itemListElement\":[{\"@type\":\"ListItem\",\"position\":1,\"name\":\"In\u00edcio\",\"item\":\"https:\/\/exposicoes.abc.org.br\/100anos\/\"},{\"@type\":\"ListItem\",\"position\":2,\"name\":\"Luiz de Carvalho e Mello\"}]},{\"@type\":\"WebSite\",\"@id\":\"https:\/\/exposicoes.abc.org.br\/100anos\/#website\",\"url\":\"https:\/\/exposicoes.abc.org.br\/100anos\/\",\"name\":\"Cem Anos de Ci\u00eancia\",\"description\":\"\",\"publisher\":{\"@id\":\"https:\/\/exposicoes.abc.org.br\/100anos\/#organization\"},\"potentialAction\":[{\"@type\":\"SearchAction\",\"target\":{\"@type\":\"EntryPoint\",\"urlTemplate\":\"https:\/\/exposicoes.abc.org.br\/100anos\/?s={search_term_string}\"},\"query-input\":{\"@type\":\"PropertyValueSpecification\",\"valueRequired\":true,\"valueName\":\"search_term_string\"}}],\"inLanguage\":\"pt-BR\"},{\"@type\":\"Organization\",\"@id\":\"https:\/\/exposicoes.abc.org.br\/100anos\/#organization\",\"name\":\"Academia Brasileira de Ci\u00eancias\",\"url\":\"https:\/\/exposicoes.abc.org.br\/100anos\/\",\"logo\":{\"@type\":\"ImageObject\",\"inLanguage\":\"pt-BR\",\"@id\":\"https:\/\/exposicoes.abc.org.br\/100anos\/#\/schema\/logo\/image\/\",\"url\":\"https:\/\/exposicoes.abc.org.br\/100anos\/wp-content\/uploads\/2025\/12\/logo-100-abc.png\",\"contentUrl\":\"https:\/\/exposicoes.abc.org.br\/100anos\/wp-content\/uploads\/2025\/12\/logo-100-abc.png\",\"width\":511,\"height\":116,\"caption\":\"Academia Brasileira de Ci\u00eancias\"},\"image\":{\"@id\":\"https:\/\/exposicoes.abc.org.br\/100anos\/#\/schema\/logo\/image\/\"}}]}<\/script>\n<!-- \/ Yoast SEO plugin. -->","yoast_head_json":{"title":"Luiz de Carvalho e Mello | Cem Anos de Ci\u00eancia","robots":{"index":"index","follow":"follow","max-snippet":"max-snippet:-1","max-image-preview":"max-image-preview:large","max-video-preview":"max-video-preview:-1"},"canonical":"https:\/\/exposicoes.abc.org.br\/100anos\/academico\/luiz-de-carvalho-e-mello\/","og_locale":"pt_BR","og_type":"article","og_title":"Luiz de Carvalho e Mello | Cem Anos de Ci\u00eancia","og_description":"Sobre o Cientista Luiz de Carvalho e Mello nasceu no Rio de Janeiro. Bacharel em ci\u00eancias f\u00edsicas e naturais formado em 1881, trabalhou na Escola Polit\u00e9cnica do Rio de Janeiro como substituto interino nas cadeiras de bot\u00e2nica, zoologia e mineralogia, sendoefetivado em 1896. Foi professor catedr\u00e1tico de qu\u00edmica geral, inorg\u00e2nica e anal\u00edtica, de 1904 at\u00e9...","og_url":"https:\/\/exposicoes.abc.org.br\/100anos\/academico\/luiz-de-carvalho-e-mello\/","og_site_name":"Cem Anos de Ci\u00eancia","article_modified_time":"2026-01-28T14:32:37+00:00","og_image":[{"width":1024,"height":1536,"url":"https:\/\/exposicoes.abc.org.br\/100anos\/wp-content\/uploads\/2026\/01\/luiz-carvalho-e-mello-com-IA.png","type":"image\/png"}],"twitter_card":"summary_large_image","twitter_misc":{"Est. tempo de leitura":"1 minuto"},"schema":{"@context":"https:\/\/schema.org","@graph":[{"@type":"WebPage","@id":"https:\/\/exposicoes.abc.org.br\/100anos\/academico\/luiz-de-carvalho-e-mello\/","url":"https:\/\/exposicoes.abc.org.br\/100anos\/academico\/luiz-de-carvalho-e-mello\/","name":"Luiz de Carvalho e Mello | Cem Anos de Ci\u00eancia","isPartOf":{"@id":"https:\/\/exposicoes.abc.org.br\/100anos\/#website"},"primaryImageOfPage":{"@id":"https:\/\/exposicoes.abc.org.br\/100anos\/academico\/luiz-de-carvalho-e-mello\/#primaryimage"},"image":{"@id":"https:\/\/exposicoes.abc.org.br\/100anos\/academico\/luiz-de-carvalho-e-mello\/#primaryimage"},"thumbnailUrl":"https:\/\/exposicoes.abc.org.br\/100anos\/wp-content\/uploads\/2026\/01\/luiz-carvalho-e-mello-com-IA.png","datePublished":"2026-01-19T13:41:49+00:00","dateModified":"2026-01-28T14:32:37+00:00","breadcrumb":{"@id":"https:\/\/exposicoes.abc.org.br\/100anos\/academico\/luiz-de-carvalho-e-mello\/#breadcrumb"},"inLanguage":"pt-BR","potentialAction":[{"@type":"ReadAction","target":["https:\/\/exposicoes.abc.org.br\/100anos\/academico\/luiz-de-carvalho-e-mello\/"]}]},{"@type":"ImageObject","inLanguage":"pt-BR","@id":"https:\/\/exposicoes.abc.org.br\/100anos\/academico\/luiz-de-carvalho-e-mello\/#primaryimage","url":"https:\/\/exposicoes.abc.org.br\/100anos\/wp-content\/uploads\/2026\/01\/luiz-carvalho-e-mello-com-IA.png","contentUrl":"https:\/\/exposicoes.abc.org.br\/100anos\/wp-content\/uploads\/2026\/01\/luiz-carvalho-e-mello-com-IA.png","width":1024,"height":1536},{"@type":"BreadcrumbList","@id":"https:\/\/exposicoes.abc.org.br\/100anos\/academico\/luiz-de-carvalho-e-mello\/#breadcrumb","itemListElement":[{"@type":"ListItem","position":1,"name":"In\u00edcio","item":"https:\/\/exposicoes.abc.org.br\/100anos\/"},{"@type":"ListItem","position":2,"name":"Luiz de Carvalho e Mello"}]},{"@type":"WebSite","@id":"https:\/\/exposicoes.abc.org.br\/100anos\/#website","url":"https:\/\/exposicoes.abc.org.br\/100anos\/","name":"Cem Anos de Ci\u00eancia","description":"","publisher":{"@id":"https:\/\/exposicoes.abc.org.br\/100anos\/#organization"},"potentialAction":[{"@type":"SearchAction","target":{"@type":"EntryPoint","urlTemplate":"https:\/\/exposicoes.abc.org.br\/100anos\/?s={search_term_string}"},"query-input":{"@type":"PropertyValueSpecification","valueRequired":true,"valueName":"search_term_string"}}],"inLanguage":"pt-BR"},{"@type":"Organization","@id":"https:\/\/exposicoes.abc.org.br\/100anos\/#organization","name":"Academia Brasileira de Ci\u00eancias","url":"https:\/\/exposicoes.abc.org.br\/100anos\/","logo":{"@type":"ImageObject","inLanguage":"pt-BR","@id":"https:\/\/exposicoes.abc.org.br\/100anos\/#\/schema\/logo\/image\/","url":"https:\/\/exposicoes.abc.org.br\/100anos\/wp-content\/uploads\/2025\/12\/logo-100-abc.png","contentUrl":"https:\/\/exposicoes.abc.org.br\/100anos\/wp-content\/uploads\/2025\/12\/logo-100-abc.png","width":511,"height":116,"caption":"Academia Brasileira de Ci\u00eancias"},"image":{"@id":"https:\/\/exposicoes.abc.org.br\/100anos\/#\/schema\/logo\/image\/"}}]}},"_links":{"self":[{"href":"https:\/\/exposicoes.abc.org.br\/100anos\/wp-json\/wp\/v2\/academico\/609","targetHints":{"allow":["GET"]}}],"collection":[{"href":"https:\/\/exposicoes.abc.org.br\/100anos\/wp-json\/wp\/v2\/academico"}],"about":[{"href":"https:\/\/exposicoes.abc.org.br\/100anos\/wp-json\/wp\/v2\/types\/academico"}],"version-history":[{"count":1,"href":"https:\/\/exposicoes.abc.org.br\/100anos\/wp-json\/wp\/v2\/academico\/609\/revisions"}],"predecessor-version":[{"id":610,"href":"https:\/\/exposicoes.abc.org.br\/100anos\/wp-json\/wp\/v2\/academico\/609\/revisions\/610"}],"wp:featuredmedia":[{"embeddable":true,"href":"https:\/\/exposicoes.abc.org.br\/100anos\/wp-json\/wp\/v2\/media\/750"}],"wp:attachment":[{"href":"https:\/\/exposicoes.abc.org.br\/100anos\/wp-json\/wp\/v2\/media?parent=609"}],"wp:term":[{"taxonomy":"periodo-de-presidencia","embeddable":true,"href":"https:\/\/exposicoes.abc.org.br\/100anos\/wp-json\/wp\/v2\/periodo-de-presidencia?post=609"},{"taxonomy":"periodo-de-vida","embeddable":true,"href":"https:\/\/exposicoes.abc.org.br\/100anos\/wp-json\/wp\/v2\/periodo-de-vida?post=609"},{"taxonomy":"tipo-de-academico","embeddable":true,"href":"https:\/\/exposicoes.abc.org.br\/100anos\/wp-json\/wp\/v2\/tipo-de-academico?post=609"}],"curies":[{"name":"wp","href":"https:\/\/api.w.org\/{rel}","templated":true}]}}

<h2 class="wp-block-heading">Sobre o Cientista</h2>



<p>Luiz de Carvalho e Mello nasceu no Rio de Janeiro. Bacharel em ciências físicas e naturais formado em 1881, trabalhou na Escola Politécnica do Rio de Janeiro como substituto interino nas cadeiras de botânica, zoologia e mineralogia, sendo<br>efetivado em 1896. Foi professor catedrático de química geral, inorgânica e analítica, de 1904 até seu falecimento em 1916.<br><br>Foi membro da Sociedade Brasileira de Sciencias, atual Academia Brasileira de<br>Ciências (ABC), tendo assinado a ata de sua fundação em 3 de maio de 1916. Integrou a Seção de Ciências Físico-Química. Faleceu cinco meses depois.</p>



<div style="height:100px" aria-hidden="true" class="wp-block-spacer"></div>

<p>Sobre o Cientista Luiz de Carvalho e Mello nasceu no Rio de Janeiro. Bacharel em ciências físicas e naturais formado em 1881, trabalhou na Escola Politécnica do Rio de Janeiro como substituto interino nas cadeiras de botânica, zoologia e mineralogia, sendoefetivado em 1896. Foi professor catedrático de química geral, inorgânica e analítica, de 1904 até&#8230;</p>

<!-- This site is optimized with the Yoast SEO plugin v26.8 - https://yoast.com/product/yoast-seo-wordpress/ -->
<title>Luiz de Carvalho e Mello | Cem Anos de Ciência</title>
<meta name="robots" content="index, follow, max-snippet:-1, max-image-preview:large, max-video-preview:-1" />
<link rel="canonical" href="https://exposicoes.abc.org.br/100anos/academico/luiz-de-carvalho-e-mello/" />
<meta property="og:locale" content="pt_BR" />
<meta property="og:type" content="article" />
<meta property="og:title" content="Luiz de Carvalho e Mello | Cem Anos de Ciência" />
<meta property="og:description" content="Sobre o Cientista Luiz de Carvalho e Mello nasceu no Rio de Janeiro. Bacharel em ciências físicas e naturais formado em 1881, trabalhou na Escola Politécnica do Rio de Janeiro como substituto interino nas cadeiras de botânica, zoologia e mineralogia, sendoefetivado em 1896. Foi professor catedrático de química geral, inorgânica e analítica, de 1904 até..." />
<meta property="og:url" content="https://exposicoes.abc.org.br/100anos/academico/luiz-de-carvalho-e-mello/" />
<meta property="og:site_name" content="Cem Anos de Ciência" />
<meta property="article:modified_time" content="2026-01-28T14:32:37+00:00" />
<meta property="og:image" content="https://exposicoes.abc.org.br/100anos/wp-content/uploads/2026/01/luiz-carvalho-e-mello-com-IA.png" />
	<meta property="og:image:width" content="1024" />
	<meta property="og:image:height" content="1536" />
	<meta property="og:image:type" content="image/png" />
<meta name="twitter:card" content="summary_large_image" />
<meta name="twitter:label1" content="Est. tempo de leitura" />
	<meta name="twitter:data1" content="1 minuto" />
<script type="application/ld+json" class="yoast-schema-graph">{"@context":"https://schema.org","@graph":[{"@type":"WebPage","@id":"https://exposicoes.abc.org.br/100anos/academico/luiz-de-carvalho-e-mello/","url":"https://exposicoes.abc.org.br/100anos/academico/luiz-de-carvalho-e-mello/","name":"Luiz de Carvalho e Mello | Cem Anos de Ciência","isPartOf":{"@id":"https://exposicoes.abc.org.br/100anos/#website"},"primaryImageOfPage":{"@id":"https://exposicoes.abc.org.br/100anos/academico/luiz-de-carvalho-e-mello/#primaryimage"},"image":{"@id":"https://exposicoes.abc.org.br/100anos/academico/luiz-de-carvalho-e-mello/#primaryimage"},"thumbnailUrl":"https://exposicoes.abc.org.br/100anos/wp-content/uploads/2026/01/luiz-carvalho-e-mello-com-IA.png","datePublished":"2026-01-19T13:41:49+00:00","dateModified":"2026-01-28T14:32:37+00:00","breadcrumb":{"@id":"https://exposicoes.abc.org.br/100anos/academico/luiz-de-carvalho-e-mello/#breadcrumb"},"inLanguage":"pt-BR","potentialAction":[{"@type":"ReadAction","target":["https://exposicoes.abc.org.br/100anos/academico/luiz-de-carvalho-e-mello/"]}]},{"@type":"ImageObject","inLanguage":"pt-BR","@id":"https://exposicoes.abc.org.br/100anos/academico/luiz-de-carvalho-e-mello/#primaryimage","url":"https://exposicoes.abc.org.br/100anos/wp-content/uploads/2026/01/luiz-carvalho-e-mello-com-IA.png","contentUrl":"https://exposicoes.abc.org.br/100anos/wp-content/uploads/2026/01/luiz-carvalho-e-mello-com-IA.png","width":1024,"height":1536},{"@type":"BreadcrumbList","@id":"https://exposicoes.abc.org.br/100anos/academico/luiz-de-carvalho-e-mello/#breadcrumb","itemListElement":[{"@type":"ListItem","position":1,"name":"Início","item":"https://exposicoes.abc.org.br/100anos/"},{"@type":"ListItem","position":2,"name":"Luiz de Carvalho e Mello"}]},{"@type":"WebSite","@id":"https://exposicoes.abc.org.br/100anos/#website","url":"https://exposicoes.abc.org.br/100anos/","name":"Cem Anos de Ciência","description":"","publisher":{"@id":"https://exposicoes.abc.org.br/100anos/#organization"},"potentialAction":[{"@type":"SearchAction","target":{"@type":"EntryPoint","urlTemplate":"https://exposicoes.abc.org.br/100anos/?s={search_term_string}"},"query-input":{"@type":"PropertyValueSpecification","valueRequired":true,"valueName":"search_term_string"}}],"inLanguage":"pt-BR"},{"@type":"Organization","@id":"https://exposicoes.abc.org.br/100anos/#organization","name":"Academia Brasileira de Ciências","url":"https://exposicoes.abc.org.br/100anos/","logo":{"@type":"ImageObject","inLanguage":"pt-BR","@id":"https://exposicoes.abc.org.br/100anos/#/schema/logo/image/","url":"https://exposicoes.abc.org.br/100anos/wp-content/uploads/2025/12/logo-100-abc.png","contentUrl":"https://exposicoes.abc.org.br/100anos/wp-content/uploads/2025/12/logo-100-abc.png","width":511,"height":116,"caption":"Academia Brasileira de Ciências"},"image":{"@id":"https://exposicoes.abc.org.br/100anos/#/schema/logo/image/"}}]}</script>
<!-- / Yoast SEO plugin. -->

Luiz de Carvalho e Mello | Cem Anos de Ciência

Sobre o Cientista Luiz de Carvalho e Mello nasceu no Rio de Janeiro. Bacharel em ciências físicas e naturais formado em 1881, trabalhou na Escola Politécnica do Rio de Janeiro como substituto interino nas cadeiras de botânica, zoologia e mineralogia, sendoefetivado em 1896. Foi professor catedrático de química geral, inorgânica e analítica, de 1904 até...

Cem Anos de Ciência

Início

Academia Brasileira de Ciências
