{"id":607,"date":"2026-01-19T10:39:46","date_gmt":"2026-01-19T13:39:46","guid":{"rendered":"https:\/\/exposicoes.abc.org.br\/100anos\/?post_type=academico&#038;p=607"},"modified":"2026-01-26T15:04:45","modified_gmt":"2026-01-26T18:04:45","slug":"julio-cesar-diogo","status":"publish","type":"academico","link":"https:\/\/exposicoes.abc.org.br\/100anos\/academico\/julio-cesar-diogo\/","title":{"rendered":"Julio Cesar Diogo"},"content":{"rendered":"\n<h2 class=\"wp-block-heading\">Sobre o Cientista<\/h2>\n\n\n\n<p>Julio Cesar Diogo nasceu no Rio de Janeiro. Formou-se em farm\u00e1cia na Faculdade de Medicina do Rio de Janeiro, em 1903. Desenvolveu pesquisas na \u00e1rea de biologia e farm\u00e1cia.<br><br>Foi membro da Sociedade Brasileira de Sciencias, atual Academia Brasileira de<br>Ci\u00eancias (ABC), tendo assinado a ata de sua funda\u00e7\u00e3o no dia 3 de maio de 1916. Fazia parte da Se\u00e7\u00e3o de Ci\u00eancias Biol\u00f3gicas.<br><br>Ingressou na Academia Nacional de Medicina em 1924, apresentando a mem\u00f3ria Compostas medicinais brasileiras. Nessa entidade, ocupou o cargo de tesoureiro.<\/p>\n\n\n\n<div style=\"height:100px\" aria-hidden=\"true\" class=\"wp-block-spacer\"><\/div>\n","protected":false},"excerpt":{"rendered":"<p>Sobre o Cientista Julio Cesar Diogo nasceu no Rio de Janeiro. Formou-se em farm\u00e1cia na Faculdade de Medicina do Rio de Janeiro, em 1903. Desenvolveu pesquisas na \u00e1rea de biologia e farm\u00e1cia. Foi membro da Sociedade Brasileira de Sciencias, atual Academia Brasileira deCi\u00eancias (ABC), tendo assinado a ata de sua funda\u00e7\u00e3o no dia 3 de&#8230;<\/p>\n","protected":false},"featured_media":660,"parent":0,"template":"","meta":{"_acf_changed":false,"footnotes":""},"periodo-de-presidencia":[],"periodo-de-vida":[81],"tipo-de-academico":[6],"class_list":["post-607","academico","type-academico","status-publish","has-post-thumbnail","hentry","periodo-de-vida-1852-1919","tipo-de-academico-membros-fundadores"],"acf":[],"yoast_head":"<!-- This site is optimized with the Yoast SEO plugin v26.8 - https:\/\/yoast.com\/product\/yoast-seo-wordpress\/ -->\n<title>Julio Cesar Diogo | Cem Anos de Ci\u00eancia<\/title>\n<meta name=\"robots\" content=\"index, follow, max-snippet:-1, max-image-preview:large, max-video-preview:-1\" \/>\n<link rel=\"canonical\" href=\"https:\/\/exposicoes.abc.org.br\/100anos\/academico\/julio-cesar-diogo\/\" \/>\n<meta property=\"og:locale\" content=\"pt_BR\" \/>\n<meta property=\"og:type\" content=\"article\" \/>\n<meta property=\"og:title\" content=\"Julio Cesar Diogo | Cem Anos de Ci\u00eancia\" \/>\n<meta property=\"og:description\" content=\"Sobre o Cientista Julio Cesar Diogo nasceu no Rio de Janeiro. Formou-se em farm\u00e1cia na Faculdade de Medicina do Rio de Janeiro, em 1903. Desenvolveu pesquisas na \u00e1rea de biologia e farm\u00e1cia. Foi membro da Sociedade Brasileira de Sciencias, atual Academia Brasileira deCi\u00eancias (ABC), tendo assinado a ata de sua funda\u00e7\u00e3o no dia 3 de...\" \/>\n<meta property=\"og:url\" content=\"https:\/\/exposicoes.abc.org.br\/100anos\/academico\/julio-cesar-diogo\/\" \/>\n<meta property=\"og:site_name\" content=\"Cem Anos de Ci\u00eancia\" \/>\n<meta property=\"article:modified_time\" content=\"2026-01-26T18:04:45+00:00\" \/>\n<meta property=\"og:image\" content=\"https:\/\/exposicoes.abc.org.br\/100anos\/wp-content\/uploads\/2026\/01\/julio-hero.png\" \/>\n\t<meta property=\"og:image:width\" content=\"354\" \/>\n\t<meta property=\"og:image:height\" content=\"552\" \/>\n\t<meta property=\"og:image:type\" content=\"image\/png\" \/>\n<meta name=\"twitter:card\" content=\"summary_large_image\" \/>\n<script type=\"application\/ld+json\" class=\"yoast-schema-graph\">{\"@context\":\"https:\/\/schema.org\",\"@graph\":[{\"@type\":\"WebPage\",\"@id\":\"https:\/\/exposicoes.abc.org.br\/100anos\/academico\/julio-cesar-diogo\/\",\"url\":\"https:\/\/exposicoes.abc.org.br\/100anos\/academico\/julio-cesar-diogo\/\",\"name\":\"Julio Cesar Diogo | Cem Anos de Ci\u00eancia\",\"isPartOf\":{\"@id\":\"https:\/\/exposicoes.abc.org.br\/100anos\/#website\"},\"primaryImageOfPage\":{\"@id\":\"https:\/\/exposicoes.abc.org.br\/100anos\/academico\/julio-cesar-diogo\/#primaryimage\"},\"image\":{\"@id\":\"https:\/\/exposicoes.abc.org.br\/100anos\/academico\/julio-cesar-diogo\/#primaryimage\"},\"thumbnailUrl\":\"https:\/\/exposicoes.abc.org.br\/100anos\/wp-content\/uploads\/2026\/01\/julio-hero.png\",\"datePublished\":\"2026-01-19T13:39:46+00:00\",\"dateModified\":\"2026-01-26T18:04:45+00:00\",\"breadcrumb\":{\"@id\":\"https:\/\/exposicoes.abc.org.br\/100anos\/academico\/julio-cesar-diogo\/#breadcrumb\"},\"inLanguage\":\"pt-BR\",\"potentialAction\":[{\"@type\":\"ReadAction\",\"target\":[\"https:\/\/exposicoes.abc.org.br\/100anos\/academico\/julio-cesar-diogo\/\"]}]},{\"@type\":\"ImageObject\",\"inLanguage\":\"pt-BR\",\"@id\":\"https:\/\/exposicoes.abc.org.br\/100anos\/academico\/julio-cesar-diogo\/#primaryimage\",\"url\":\"https:\/\/exposicoes.abc.org.br\/100anos\/wp-content\/uploads\/2026\/01\/julio-hero.png\",\"contentUrl\":\"https:\/\/exposicoes.abc.org.br\/100anos\/wp-content\/uploads\/2026\/01\/julio-hero.png\",\"width\":354,\"height\":552},{\"@type\":\"BreadcrumbList\",\"@id\":\"https:\/\/exposicoes.abc.org.br\/100anos\/academico\/julio-cesar-diogo\/#breadcrumb\",\"itemListElement\":[{\"@type\":\"ListItem\",\"position\":1,\"name\":\"In\u00edcio\",\"item\":\"https:\/\/exposicoes.abc.org.br\/100anos\/\"},{\"@type\":\"ListItem\",\"position\":2,\"name\":\"Julio Cesar Diogo\"}]},{\"@type\":\"WebSite\",\"@id\":\"https:\/\/exposicoes.abc.org.br\/100anos\/#website\",\"url\":\"https:\/\/exposicoes.abc.org.br\/100anos\/\",\"name\":\"Cem Anos de Ci\u00eancia\",\"description\":\"\",\"publisher\":{\"@id\":\"https:\/\/exposicoes.abc.org.br\/100anos\/#organization\"},\"potentialAction\":[{\"@type\":\"SearchAction\",\"target\":{\"@type\":\"EntryPoint\",\"urlTemplate\":\"https:\/\/exposicoes.abc.org.br\/100anos\/?s={search_term_string}\"},\"query-input\":{\"@type\":\"PropertyValueSpecification\",\"valueRequired\":true,\"valueName\":\"search_term_string\"}}],\"inLanguage\":\"pt-BR\"},{\"@type\":\"Organization\",\"@id\":\"https:\/\/exposicoes.abc.org.br\/100anos\/#organization\",\"name\":\"Academia Brasileira de Ci\u00eancias\",\"url\":\"https:\/\/exposicoes.abc.org.br\/100anos\/\",\"logo\":{\"@type\":\"ImageObject\",\"inLanguage\":\"pt-BR\",\"@id\":\"https:\/\/exposicoes.abc.org.br\/100anos\/#\/schema\/logo\/image\/\",\"url\":\"https:\/\/exposicoes.abc.org.br\/100anos\/wp-content\/uploads\/2025\/12\/logo-100-abc.png\",\"contentUrl\":\"https:\/\/exposicoes.abc.org.br\/100anos\/wp-content\/uploads\/2025\/12\/logo-100-abc.png\",\"width\":511,\"height\":116,\"caption\":\"Academia Brasileira de Ci\u00eancias\"},\"image\":{\"@id\":\"https:\/\/exposicoes.abc.org.br\/100anos\/#\/schema\/logo\/image\/\"}}]}<\/script>\n<!-- \/ Yoast SEO plugin. -->","yoast_head_json":{"title":"Julio Cesar Diogo | Cem Anos de Ci\u00eancia","robots":{"index":"index","follow":"follow","max-snippet":"max-snippet:-1","max-image-preview":"max-image-preview:large","max-video-preview":"max-video-preview:-1"},"canonical":"https:\/\/exposicoes.abc.org.br\/100anos\/academico\/julio-cesar-diogo\/","og_locale":"pt_BR","og_type":"article","og_title":"Julio Cesar Diogo | Cem Anos de Ci\u00eancia","og_description":"Sobre o Cientista Julio Cesar Diogo nasceu no Rio de Janeiro. Formou-se em farm\u00e1cia na Faculdade de Medicina do Rio de Janeiro, em 1903. Desenvolveu pesquisas na \u00e1rea de biologia e farm\u00e1cia. Foi membro da Sociedade Brasileira de Sciencias, atual Academia Brasileira deCi\u00eancias (ABC), tendo assinado a ata de sua funda\u00e7\u00e3o no dia 3 de...","og_url":"https:\/\/exposicoes.abc.org.br\/100anos\/academico\/julio-cesar-diogo\/","og_site_name":"Cem Anos de Ci\u00eancia","article_modified_time":"2026-01-26T18:04:45+00:00","og_image":[{"width":354,"height":552,"url":"https:\/\/exposicoes.abc.org.br\/100anos\/wp-content\/uploads\/2026\/01\/julio-hero.png","type":"image\/png"}],"twitter_card":"summary_large_image","schema":{"@context":"https:\/\/schema.org","@graph":[{"@type":"WebPage","@id":"https:\/\/exposicoes.abc.org.br\/100anos\/academico\/julio-cesar-diogo\/","url":"https:\/\/exposicoes.abc.org.br\/100anos\/academico\/julio-cesar-diogo\/","name":"Julio Cesar Diogo | Cem Anos de Ci\u00eancia","isPartOf":{"@id":"https:\/\/exposicoes.abc.org.br\/100anos\/#website"},"primaryImageOfPage":{"@id":"https:\/\/exposicoes.abc.org.br\/100anos\/academico\/julio-cesar-diogo\/#primaryimage"},"image":{"@id":"https:\/\/exposicoes.abc.org.br\/100anos\/academico\/julio-cesar-diogo\/#primaryimage"},"thumbnailUrl":"https:\/\/exposicoes.abc.org.br\/100anos\/wp-content\/uploads\/2026\/01\/julio-hero.png","datePublished":"2026-01-19T13:39:46+00:00","dateModified":"2026-01-26T18:04:45+00:00","breadcrumb":{"@id":"https:\/\/exposicoes.abc.org.br\/100anos\/academico\/julio-cesar-diogo\/#breadcrumb"},"inLanguage":"pt-BR","potentialAction":[{"@type":"ReadAction","target":["https:\/\/exposicoes.abc.org.br\/100anos\/academico\/julio-cesar-diogo\/"]}]},{"@type":"ImageObject","inLanguage":"pt-BR","@id":"https:\/\/exposicoes.abc.org.br\/100anos\/academico\/julio-cesar-diogo\/#primaryimage","url":"https:\/\/exposicoes.abc.org.br\/100anos\/wp-content\/uploads\/2026\/01\/julio-hero.png","contentUrl":"https:\/\/exposicoes.abc.org.br\/100anos\/wp-content\/uploads\/2026\/01\/julio-hero.png","width":354,"height":552},{"@type":"BreadcrumbList","@id":"https:\/\/exposicoes.abc.org.br\/100anos\/academico\/julio-cesar-diogo\/#breadcrumb","itemListElement":[{"@type":"ListItem","position":1,"name":"In\u00edcio","item":"https:\/\/exposicoes.abc.org.br\/100anos\/"},{"@type":"ListItem","position":2,"name":"Julio Cesar Diogo"}]},{"@type":"WebSite","@id":"https:\/\/exposicoes.abc.org.br\/100anos\/#website","url":"https:\/\/exposicoes.abc.org.br\/100anos\/","name":"Cem Anos de Ci\u00eancia","description":"","publisher":{"@id":"https:\/\/exposicoes.abc.org.br\/100anos\/#organization"},"potentialAction":[{"@type":"SearchAction","target":{"@type":"EntryPoint","urlTemplate":"https:\/\/exposicoes.abc.org.br\/100anos\/?s={search_term_string}"},"query-input":{"@type":"PropertyValueSpecification","valueRequired":true,"valueName":"search_term_string"}}],"inLanguage":"pt-BR"},{"@type":"Organization","@id":"https:\/\/exposicoes.abc.org.br\/100anos\/#organization","name":"Academia Brasileira de Ci\u00eancias","url":"https:\/\/exposicoes.abc.org.br\/100anos\/","logo":{"@type":"ImageObject","inLanguage":"pt-BR","@id":"https:\/\/exposicoes.abc.org.br\/100anos\/#\/schema\/logo\/image\/","url":"https:\/\/exposicoes.abc.org.br\/100anos\/wp-content\/uploads\/2025\/12\/logo-100-abc.png","contentUrl":"https:\/\/exposicoes.abc.org.br\/100anos\/wp-content\/uploads\/2025\/12\/logo-100-abc.png","width":511,"height":116,"caption":"Academia Brasileira de Ci\u00eancias"},"image":{"@id":"https:\/\/exposicoes.abc.org.br\/100anos\/#\/schema\/logo\/image\/"}}]}},"_links":{"self":[{"href":"https:\/\/exposicoes.abc.org.br\/100anos\/wp-json\/wp\/v2\/academico\/607","targetHints":{"allow":["GET"]}}],"collection":[{"href":"https:\/\/exposicoes.abc.org.br\/100anos\/wp-json\/wp\/v2\/academico"}],"about":[{"href":"https:\/\/exposicoes.abc.org.br\/100anos\/wp-json\/wp\/v2\/types\/academico"}],"version-history":[{"count":1,"href":"https:\/\/exposicoes.abc.org.br\/100anos\/wp-json\/wp\/v2\/academico\/607\/revisions"}],"predecessor-version":[{"id":608,"href":"https:\/\/exposicoes.abc.org.br\/100anos\/wp-json\/wp\/v2\/academico\/607\/revisions\/608"}],"wp:featuredmedia":[{"embeddable":true,"href":"https:\/\/exposicoes.abc.org.br\/100anos\/wp-json\/wp\/v2\/media\/660"}],"wp:attachment":[{"href":"https:\/\/exposicoes.abc.org.br\/100anos\/wp-json\/wp\/v2\/media?parent=607"}],"wp:term":[{"taxonomy":"periodo-de-presidencia","embeddable":true,"href":"https:\/\/exposicoes.abc.org.br\/100anos\/wp-json\/wp\/v2\/periodo-de-presidencia?post=607"},{"taxonomy":"periodo-de-vida","embeddable":true,"href":"https:\/\/exposicoes.abc.org.br\/100anos\/wp-json\/wp\/v2\/periodo-de-vida?post=607"},{"taxonomy":"tipo-de-academico","embeddable":true,"href":"https:\/\/exposicoes.abc.org.br\/100anos\/wp-json\/wp\/v2\/tipo-de-academico?post=607"}],"curies":[{"name":"wp","href":"https:\/\/api.w.org\/{rel}","templated":true}]}}

<h2 class="wp-block-heading">Sobre o Cientista</h2>



<p>Julio Cesar Diogo nasceu no Rio de Janeiro. Formou-se em farmácia na Faculdade de Medicina do Rio de Janeiro, em 1903. Desenvolveu pesquisas na área de biologia e farmácia.<br><br>Foi membro da Sociedade Brasileira de Sciencias, atual Academia Brasileira de<br>Ciências (ABC), tendo assinado a ata de sua fundação no dia 3 de maio de 1916. Fazia parte da Seção de Ciências Biológicas.<br><br>Ingressou na Academia Nacional de Medicina em 1924, apresentando a memória Compostas medicinais brasileiras. Nessa entidade, ocupou o cargo de tesoureiro.</p>



<div style="height:100px" aria-hidden="true" class="wp-block-spacer"></div>

<p>Sobre o Cientista Julio Cesar Diogo nasceu no Rio de Janeiro. Formou-se em farmácia na Faculdade de Medicina do Rio de Janeiro, em 1903. Desenvolveu pesquisas na área de biologia e farmácia. Foi membro da Sociedade Brasileira de Sciencias, atual Academia Brasileira deCiências (ABC), tendo assinado a ata de sua fundação no dia 3 de&#8230;</p>

<!-- This site is optimized with the Yoast SEO plugin v26.8 - https://yoast.com/product/yoast-seo-wordpress/ -->
<title>Julio Cesar Diogo | Cem Anos de Ciência</title>
<meta name="robots" content="index, follow, max-snippet:-1, max-image-preview:large, max-video-preview:-1" />
<link rel="canonical" href="https://exposicoes.abc.org.br/100anos/academico/julio-cesar-diogo/" />
<meta property="og:locale" content="pt_BR" />
<meta property="og:type" content="article" />
<meta property="og:title" content="Julio Cesar Diogo | Cem Anos de Ciência" />
<meta property="og:description" content="Sobre o Cientista Julio Cesar Diogo nasceu no Rio de Janeiro. Formou-se em farmácia na Faculdade de Medicina do Rio de Janeiro, em 1903. Desenvolveu pesquisas na área de biologia e farmácia. Foi membro da Sociedade Brasileira de Sciencias, atual Academia Brasileira deCiências (ABC), tendo assinado a ata de sua fundação no dia 3 de..." />
<meta property="og:url" content="https://exposicoes.abc.org.br/100anos/academico/julio-cesar-diogo/" />
<meta property="og:site_name" content="Cem Anos de Ciência" />
<meta property="article:modified_time" content="2026-01-26T18:04:45+00:00" />
<meta property="og:image" content="https://exposicoes.abc.org.br/100anos/wp-content/uploads/2026/01/julio-hero.png" />
	<meta property="og:image:width" content="354" />
	<meta property="og:image:height" content="552" />
	<meta property="og:image:type" content="image/png" />
<meta name="twitter:card" content="summary_large_image" />
<script type="application/ld+json" class="yoast-schema-graph">{"@context":"https://schema.org","@graph":[{"@type":"WebPage","@id":"https://exposicoes.abc.org.br/100anos/academico/julio-cesar-diogo/","url":"https://exposicoes.abc.org.br/100anos/academico/julio-cesar-diogo/","name":"Julio Cesar Diogo | Cem Anos de Ciência","isPartOf":{"@id":"https://exposicoes.abc.org.br/100anos/#website"},"primaryImageOfPage":{"@id":"https://exposicoes.abc.org.br/100anos/academico/julio-cesar-diogo/#primaryimage"},"image":{"@id":"https://exposicoes.abc.org.br/100anos/academico/julio-cesar-diogo/#primaryimage"},"thumbnailUrl":"https://exposicoes.abc.org.br/100anos/wp-content/uploads/2026/01/julio-hero.png","datePublished":"2026-01-19T13:39:46+00:00","dateModified":"2026-01-26T18:04:45+00:00","breadcrumb":{"@id":"https://exposicoes.abc.org.br/100anos/academico/julio-cesar-diogo/#breadcrumb"},"inLanguage":"pt-BR","potentialAction":[{"@type":"ReadAction","target":["https://exposicoes.abc.org.br/100anos/academico/julio-cesar-diogo/"]}]},{"@type":"ImageObject","inLanguage":"pt-BR","@id":"https://exposicoes.abc.org.br/100anos/academico/julio-cesar-diogo/#primaryimage","url":"https://exposicoes.abc.org.br/100anos/wp-content/uploads/2026/01/julio-hero.png","contentUrl":"https://exposicoes.abc.org.br/100anos/wp-content/uploads/2026/01/julio-hero.png","width":354,"height":552},{"@type":"BreadcrumbList","@id":"https://exposicoes.abc.org.br/100anos/academico/julio-cesar-diogo/#breadcrumb","itemListElement":[{"@type":"ListItem","position":1,"name":"Início","item":"https://exposicoes.abc.org.br/100anos/"},{"@type":"ListItem","position":2,"name":"Julio Cesar Diogo"}]},{"@type":"WebSite","@id":"https://exposicoes.abc.org.br/100anos/#website","url":"https://exposicoes.abc.org.br/100anos/","name":"Cem Anos de Ciência","description":"","publisher":{"@id":"https://exposicoes.abc.org.br/100anos/#organization"},"potentialAction":[{"@type":"SearchAction","target":{"@type":"EntryPoint","urlTemplate":"https://exposicoes.abc.org.br/100anos/?s={search_term_string}"},"query-input":{"@type":"PropertyValueSpecification","valueRequired":true,"valueName":"search_term_string"}}],"inLanguage":"pt-BR"},{"@type":"Organization","@id":"https://exposicoes.abc.org.br/100anos/#organization","name":"Academia Brasileira de Ciências","url":"https://exposicoes.abc.org.br/100anos/","logo":{"@type":"ImageObject","inLanguage":"pt-BR","@id":"https://exposicoes.abc.org.br/100anos/#/schema/logo/image/","url":"https://exposicoes.abc.org.br/100anos/wp-content/uploads/2025/12/logo-100-abc.png","contentUrl":"https://exposicoes.abc.org.br/100anos/wp-content/uploads/2025/12/logo-100-abc.png","width":511,"height":116,"caption":"Academia Brasileira de Ciências"},"image":{"@id":"https://exposicoes.abc.org.br/100anos/#/schema/logo/image/"}}]}</script>
<!-- / Yoast SEO plugin. -->

Julio Cesar Diogo | Cem Anos de Ciência

Sobre o Cientista Julio Cesar Diogo nasceu no Rio de Janeiro. Formou-se em farmácia na Faculdade de Medicina do Rio de Janeiro, em 1903. Desenvolveu pesquisas na área de biologia e farmácia. Foi membro da Sociedade Brasileira de Sciencias, atual Academia Brasileira deCiências (ABC), tendo assinado a ata de sua fundação no dia 3 de...

Cem Anos de Ciência

Início

Academia Brasileira de Ciências
