{"id":603,"date":"2026-01-19T10:35:03","date_gmt":"2026-01-19T13:35:03","guid":{"rendered":"https:\/\/exposicoes.abc.org.br\/100anos\/?post_type=academico&#038;p=603"},"modified":"2026-01-28T12:57:31","modified_gmt":"2026-01-28T15:57:31","slug":"everardo-backheuser","status":"publish","type":"academico","link":"https:\/\/exposicoes.abc.org.br\/100anos\/academico\/everardo-backheuser\/","title":{"rendered":"Everardo Backheuser"},"content":{"rendered":"\n<h2 class=\"wp-block-heading\">Sobre o Cientista<\/h2>\n\n\n\n<p>Everardo Adolpho Backheuser nasceu em Niter\u00f3i e fez seus estudos b\u00e1sicos no Col\u00e9gio Pedro II. Formou-se como engenheiro ge\u00f3grafo pela Escola Polit\u00e9cnica do Rio de Janeiro, em 1901. Doze anos depois, colou grau como doutor em ci\u00eancias f\u00edsicas e matem\u00e1ticas. \u00a0 <\/p>\n\n\n\n<p>Em 1903, tornou-se professor efetivo da Escola Polit\u00e9cnica e, ap\u00f3s dez anos, assumiu a c\u00e1tedra de mineralogia e geologia. Lecionou na Faculdade Cat\u00f3lica de Filosofia e na Faculdade de Filosofia Santa \u00darsula. Na elei\u00e7\u00e3o de 1909, disputou uma vaga para a Assembleia Legislativa do Estado do Rio de Janeiro e assumiu o mandato no ano seguinte. Reelegeu-se deputado estadual de 1913 a 1915. \u00a0 <\/p>\n\n\n\n<p>Foi membro da Sociedade Brasileira de Sciencias, atual Academia Brasileira de Ci\u00eancias (ABC), tendo assinado a ata de sua funda\u00e7\u00e3o no dia 3 de maio de 1916. Integrou a Se\u00e7\u00e3o de Ci\u00eancias F\u00edsico-Qu\u00edmicas Ocupou o cargo de 1\u00ba secret\u00e1rio da diretoria provis\u00f3ria (1916-1917) e secret\u00e1rio geral (1920-1923). \u00a0 <\/p>\n\n\n\n<p>Participou da funda\u00e7\u00e3o da Sociedade Brasileira de Educa\u00e7\u00e3o, renomeada em 1924 para Associa\u00e7\u00e3o Brasileira de Educa\u00e7\u00e3o (ABE). Atuou como engenheiro da Prefeitura da Cidade do Rio de Janeiro e diretor da Escola T\u00e9cnica Fluminense. Presidiu a Sociedade Brasileira de Cultura Germ\u00e2nica. Foi membro do conselho diretor do Clube de Engenharia, da Sociedade de Geografia do Rio de Janeiro e da Liga Pr\u00f3-Germ\u00e2nia. Participou da Academia Fluminense de Letras e da Sociedade de Geografia de Berlim. Escreveu para jornais e publicou livros sobre ci\u00eancia, pol\u00edtica e educa\u00e7\u00e3o.<\/p>\n\n\n\n<div style=\"height:100px\" aria-hidden=\"true\" class=\"wp-block-spacer\"><\/div>\n","protected":false},"excerpt":{"rendered":"<p>Sobre o Cientista Everardo Adolpho Backheuser nasceu em Niter\u00f3i e fez seus estudos b\u00e1sicos no Col\u00e9gio Pedro II. Formou-se como engenheiro ge\u00f3grafo pela Escola Polit\u00e9cnica do Rio de Janeiro, em 1901. Doze anos depois, colou grau como doutor em ci\u00eancias f\u00edsicas e matem\u00e1ticas. \u00a0 Em 1903, tornou-se professor efetivo da Escola Polit\u00e9cnica e, ap\u00f3s dez&#8230;<\/p>\n","protected":false},"featured_media":649,"parent":0,"template":"","meta":{"_acf_changed":false,"footnotes":""},"periodo-de-presidencia":[],"periodo-de-vida":[80],"tipo-de-academico":[6],"class_list":["post-603","academico","type-academico","status-publish","has-post-thumbnail","hentry","periodo-de-vida-1879-1951","tipo-de-academico-membros-fundadores"],"acf":[],"yoast_head":"<!-- This site is optimized with the Yoast SEO plugin v26.8 - https:\/\/yoast.com\/product\/yoast-seo-wordpress\/ -->\n<title>Everardo Backheuser | Cem Anos de Ci\u00eancia<\/title>\n<meta name=\"robots\" content=\"index, follow, max-snippet:-1, max-image-preview:large, max-video-preview:-1\" \/>\n<link rel=\"canonical\" href=\"https:\/\/exposicoes.abc.org.br\/100anos\/academico\/everardo-backheuser\/\" \/>\n<meta property=\"og:locale\" content=\"pt_BR\" \/>\n<meta property=\"og:type\" content=\"article\" \/>\n<meta property=\"og:title\" content=\"Everardo Backheuser | Cem Anos de Ci\u00eancia\" \/>\n<meta property=\"og:description\" content=\"Sobre o Cientista Everardo Adolpho Backheuser nasceu em Niter\u00f3i e fez seus estudos b\u00e1sicos no Col\u00e9gio Pedro II. Formou-se como engenheiro ge\u00f3grafo pela Escola Polit\u00e9cnica do Rio de Janeiro, em 1901. Doze anos depois, colou grau como doutor em ci\u00eancias f\u00edsicas e matem\u00e1ticas. \u00a0 Em 1903, tornou-se professor efetivo da Escola Polit\u00e9cnica e, ap\u00f3s dez...\" \/>\n<meta property=\"og:url\" content=\"https:\/\/exposicoes.abc.org.br\/100anos\/academico\/everardo-backheuser\/\" \/>\n<meta property=\"og:site_name\" content=\"Cem Anos de Ci\u00eancia\" \/>\n<meta property=\"article:modified_time\" content=\"2026-01-28T15:57:31+00:00\" \/>\n<meta property=\"og:image\" content=\"https:\/\/exposicoes.abc.org.br\/100anos\/wp-content\/uploads\/2026\/01\/backheuser-hero.png\" \/>\n\t<meta property=\"og:image:width\" content=\"354\" \/>\n\t<meta property=\"og:image:height\" content=\"552\" \/>\n\t<meta property=\"og:image:type\" content=\"image\/png\" \/>\n<meta name=\"twitter:card\" content=\"summary_large_image\" \/>\n<meta name=\"twitter:label1\" content=\"Est. tempo de leitura\" \/>\n\t<meta name=\"twitter:data1\" content=\"2 minutos\" \/>\n<script type=\"application\/ld+json\" class=\"yoast-schema-graph\">{\"@context\":\"https:\/\/schema.org\",\"@graph\":[{\"@type\":\"WebPage\",\"@id\":\"https:\/\/exposicoes.abc.org.br\/100anos\/academico\/everardo-backheuser\/\",\"url\":\"https:\/\/exposicoes.abc.org.br\/100anos\/academico\/everardo-backheuser\/\",\"name\":\"Everardo Backheuser | Cem Anos de Ci\u00eancia\",\"isPartOf\":{\"@id\":\"https:\/\/exposicoes.abc.org.br\/100anos\/#website\"},\"primaryImageOfPage\":{\"@id\":\"https:\/\/exposicoes.abc.org.br\/100anos\/academico\/everardo-backheuser\/#primaryimage\"},\"image\":{\"@id\":\"https:\/\/exposicoes.abc.org.br\/100anos\/academico\/everardo-backheuser\/#primaryimage\"},\"thumbnailUrl\":\"https:\/\/exposicoes.abc.org.br\/100anos\/wp-content\/uploads\/2026\/01\/backheuser-hero.png\",\"datePublished\":\"2026-01-19T13:35:03+00:00\",\"dateModified\":\"2026-01-28T15:57:31+00:00\",\"breadcrumb\":{\"@id\":\"https:\/\/exposicoes.abc.org.br\/100anos\/academico\/everardo-backheuser\/#breadcrumb\"},\"inLanguage\":\"pt-BR\",\"potentialAction\":[{\"@type\":\"ReadAction\",\"target\":[\"https:\/\/exposicoes.abc.org.br\/100anos\/academico\/everardo-backheuser\/\"]}]},{\"@type\":\"ImageObject\",\"inLanguage\":\"pt-BR\",\"@id\":\"https:\/\/exposicoes.abc.org.br\/100anos\/academico\/everardo-backheuser\/#primaryimage\",\"url\":\"https:\/\/exposicoes.abc.org.br\/100anos\/wp-content\/uploads\/2026\/01\/backheuser-hero.png\",\"contentUrl\":\"https:\/\/exposicoes.abc.org.br\/100anos\/wp-content\/uploads\/2026\/01\/backheuser-hero.png\",\"width\":354,\"height\":552},{\"@type\":\"BreadcrumbList\",\"@id\":\"https:\/\/exposicoes.abc.org.br\/100anos\/academico\/everardo-backheuser\/#breadcrumb\",\"itemListElement\":[{\"@type\":\"ListItem\",\"position\":1,\"name\":\"In\u00edcio\",\"item\":\"https:\/\/exposicoes.abc.org.br\/100anos\/\"},{\"@type\":\"ListItem\",\"position\":2,\"name\":\"Everardo Backheuser\"}]},{\"@type\":\"WebSite\",\"@id\":\"https:\/\/exposicoes.abc.org.br\/100anos\/#website\",\"url\":\"https:\/\/exposicoes.abc.org.br\/100anos\/\",\"name\":\"Cem Anos de Ci\u00eancia\",\"description\":\"\",\"publisher\":{\"@id\":\"https:\/\/exposicoes.abc.org.br\/100anos\/#organization\"},\"potentialAction\":[{\"@type\":\"SearchAction\",\"target\":{\"@type\":\"EntryPoint\",\"urlTemplate\":\"https:\/\/exposicoes.abc.org.br\/100anos\/?s={search_term_string}\"},\"query-input\":{\"@type\":\"PropertyValueSpecification\",\"valueRequired\":true,\"valueName\":\"search_term_string\"}}],\"inLanguage\":\"pt-BR\"},{\"@type\":\"Organization\",\"@id\":\"https:\/\/exposicoes.abc.org.br\/100anos\/#organization\",\"name\":\"Academia Brasileira de Ci\u00eancias\",\"url\":\"https:\/\/exposicoes.abc.org.br\/100anos\/\",\"logo\":{\"@type\":\"ImageObject\",\"inLanguage\":\"pt-BR\",\"@id\":\"https:\/\/exposicoes.abc.org.br\/100anos\/#\/schema\/logo\/image\/\",\"url\":\"https:\/\/exposicoes.abc.org.br\/100anos\/wp-content\/uploads\/2025\/12\/logo-100-abc.png\",\"contentUrl\":\"https:\/\/exposicoes.abc.org.br\/100anos\/wp-content\/uploads\/2025\/12\/logo-100-abc.png\",\"width\":511,\"height\":116,\"caption\":\"Academia Brasileira de Ci\u00eancias\"},\"image\":{\"@id\":\"https:\/\/exposicoes.abc.org.br\/100anos\/#\/schema\/logo\/image\/\"}}]}<\/script>\n<!-- \/ Yoast SEO plugin. -->","yoast_head_json":{"title":"Everardo Backheuser | Cem Anos de Ci\u00eancia","robots":{"index":"index","follow":"follow","max-snippet":"max-snippet:-1","max-image-preview":"max-image-preview:large","max-video-preview":"max-video-preview:-1"},"canonical":"https:\/\/exposicoes.abc.org.br\/100anos\/academico\/everardo-backheuser\/","og_locale":"pt_BR","og_type":"article","og_title":"Everardo Backheuser | Cem Anos de Ci\u00eancia","og_description":"Sobre o Cientista Everardo Adolpho Backheuser nasceu em Niter\u00f3i e fez seus estudos b\u00e1sicos no Col\u00e9gio Pedro II. Formou-se como engenheiro ge\u00f3grafo pela Escola Polit\u00e9cnica do Rio de Janeiro, em 1901. Doze anos depois, colou grau como doutor em ci\u00eancias f\u00edsicas e matem\u00e1ticas. \u00a0 Em 1903, tornou-se professor efetivo da Escola Polit\u00e9cnica e, ap\u00f3s dez...","og_url":"https:\/\/exposicoes.abc.org.br\/100anos\/academico\/everardo-backheuser\/","og_site_name":"Cem Anos de Ci\u00eancia","article_modified_time":"2026-01-28T15:57:31+00:00","og_image":[{"width":354,"height":552,"url":"https:\/\/exposicoes.abc.org.br\/100anos\/wp-content\/uploads\/2026\/01\/backheuser-hero.png","type":"image\/png"}],"twitter_card":"summary_large_image","twitter_misc":{"Est. tempo de leitura":"2 minutos"},"schema":{"@context":"https:\/\/schema.org","@graph":[{"@type":"WebPage","@id":"https:\/\/exposicoes.abc.org.br\/100anos\/academico\/everardo-backheuser\/","url":"https:\/\/exposicoes.abc.org.br\/100anos\/academico\/everardo-backheuser\/","name":"Everardo Backheuser | Cem Anos de Ci\u00eancia","isPartOf":{"@id":"https:\/\/exposicoes.abc.org.br\/100anos\/#website"},"primaryImageOfPage":{"@id":"https:\/\/exposicoes.abc.org.br\/100anos\/academico\/everardo-backheuser\/#primaryimage"},"image":{"@id":"https:\/\/exposicoes.abc.org.br\/100anos\/academico\/everardo-backheuser\/#primaryimage"},"thumbnailUrl":"https:\/\/exposicoes.abc.org.br\/100anos\/wp-content\/uploads\/2026\/01\/backheuser-hero.png","datePublished":"2026-01-19T13:35:03+00:00","dateModified":"2026-01-28T15:57:31+00:00","breadcrumb":{"@id":"https:\/\/exposicoes.abc.org.br\/100anos\/academico\/everardo-backheuser\/#breadcrumb"},"inLanguage":"pt-BR","potentialAction":[{"@type":"ReadAction","target":["https:\/\/exposicoes.abc.org.br\/100anos\/academico\/everardo-backheuser\/"]}]},{"@type":"ImageObject","inLanguage":"pt-BR","@id":"https:\/\/exposicoes.abc.org.br\/100anos\/academico\/everardo-backheuser\/#primaryimage","url":"https:\/\/exposicoes.abc.org.br\/100anos\/wp-content\/uploads\/2026\/01\/backheuser-hero.png","contentUrl":"https:\/\/exposicoes.abc.org.br\/100anos\/wp-content\/uploads\/2026\/01\/backheuser-hero.png","width":354,"height":552},{"@type":"BreadcrumbList","@id":"https:\/\/exposicoes.abc.org.br\/100anos\/academico\/everardo-backheuser\/#breadcrumb","itemListElement":[{"@type":"ListItem","position":1,"name":"In\u00edcio","item":"https:\/\/exposicoes.abc.org.br\/100anos\/"},{"@type":"ListItem","position":2,"name":"Everardo Backheuser"}]},{"@type":"WebSite","@id":"https:\/\/exposicoes.abc.org.br\/100anos\/#website","url":"https:\/\/exposicoes.abc.org.br\/100anos\/","name":"Cem Anos de Ci\u00eancia","description":"","publisher":{"@id":"https:\/\/exposicoes.abc.org.br\/100anos\/#organization"},"potentialAction":[{"@type":"SearchAction","target":{"@type":"EntryPoint","urlTemplate":"https:\/\/exposicoes.abc.org.br\/100anos\/?s={search_term_string}"},"query-input":{"@type":"PropertyValueSpecification","valueRequired":true,"valueName":"search_term_string"}}],"inLanguage":"pt-BR"},{"@type":"Organization","@id":"https:\/\/exposicoes.abc.org.br\/100anos\/#organization","name":"Academia Brasileira de Ci\u00eancias","url":"https:\/\/exposicoes.abc.org.br\/100anos\/","logo":{"@type":"ImageObject","inLanguage":"pt-BR","@id":"https:\/\/exposicoes.abc.org.br\/100anos\/#\/schema\/logo\/image\/","url":"https:\/\/exposicoes.abc.org.br\/100anos\/wp-content\/uploads\/2025\/12\/logo-100-abc.png","contentUrl":"https:\/\/exposicoes.abc.org.br\/100anos\/wp-content\/uploads\/2025\/12\/logo-100-abc.png","width":511,"height":116,"caption":"Academia Brasileira de Ci\u00eancias"},"image":{"@id":"https:\/\/exposicoes.abc.org.br\/100anos\/#\/schema\/logo\/image\/"}}]}},"_links":{"self":[{"href":"https:\/\/exposicoes.abc.org.br\/100anos\/wp-json\/wp\/v2\/academico\/603","targetHints":{"allow":["GET"]}}],"collection":[{"href":"https:\/\/exposicoes.abc.org.br\/100anos\/wp-json\/wp\/v2\/academico"}],"about":[{"href":"https:\/\/exposicoes.abc.org.br\/100anos\/wp-json\/wp\/v2\/types\/academico"}],"version-history":[{"count":2,"href":"https:\/\/exposicoes.abc.org.br\/100anos\/wp-json\/wp\/v2\/academico\/603\/revisions"}],"predecessor-version":[{"id":752,"href":"https:\/\/exposicoes.abc.org.br\/100anos\/wp-json\/wp\/v2\/academico\/603\/revisions\/752"}],"wp:featuredmedia":[{"embeddable":true,"href":"https:\/\/exposicoes.abc.org.br\/100anos\/wp-json\/wp\/v2\/media\/649"}],"wp:attachment":[{"href":"https:\/\/exposicoes.abc.org.br\/100anos\/wp-json\/wp\/v2\/media?parent=603"}],"wp:term":[{"taxonomy":"periodo-de-presidencia","embeddable":true,"href":"https:\/\/exposicoes.abc.org.br\/100anos\/wp-json\/wp\/v2\/periodo-de-presidencia?post=603"},{"taxonomy":"periodo-de-vida","embeddable":true,"href":"https:\/\/exposicoes.abc.org.br\/100anos\/wp-json\/wp\/v2\/periodo-de-vida?post=603"},{"taxonomy":"tipo-de-academico","embeddable":true,"href":"https:\/\/exposicoes.abc.org.br\/100anos\/wp-json\/wp\/v2\/tipo-de-academico?post=603"}],"curies":[{"name":"wp","href":"https:\/\/api.w.org\/{rel}","templated":true}]}}

<h2 class="wp-block-heading">Sobre o Cientista</h2>



<p>Everardo Adolpho Backheuser nasceu em Niterói e fez seus estudos básicos no Colégio Pedro II. Formou-se como engenheiro geógrafo pela Escola Politécnica do Rio de Janeiro, em 1901. Doze anos depois, colou grau como doutor em ciências físicas e matemáticas.   </p>



<p>Em 1903, tornou-se professor efetivo da Escola Politécnica e, após dez anos, assumiu a cátedra de mineralogia e geologia. Lecionou na Faculdade Católica de Filosofia e na Faculdade de Filosofia Santa Úrsula. Na eleição de 1909, disputou uma vaga para a Assembleia Legislativa do Estado do Rio de Janeiro e assumiu o mandato no ano seguinte. Reelegeu-se deputado estadual de 1913 a 1915.   </p>



<p>Foi membro da Sociedade Brasileira de Sciencias, atual Academia Brasileira de Ciências (ABC), tendo assinado a ata de sua fundação no dia 3 de maio de 1916. Integrou a Seção de Ciências Físico-Químicas Ocupou o cargo de 1º secretário da diretoria provisória (1916-1917) e secretário geral (1920-1923).   </p>



<p>Participou da fundação da Sociedade Brasileira de Educação, renomeada em 1924 para Associação Brasileira de Educação (ABE). Atuou como engenheiro da Prefeitura da Cidade do Rio de Janeiro e diretor da Escola Técnica Fluminense. Presidiu a Sociedade Brasileira de Cultura Germânica. Foi membro do conselho diretor do Clube de Engenharia, da Sociedade de Geografia do Rio de Janeiro e da Liga Pró-Germânia. Participou da Academia Fluminense de Letras e da Sociedade de Geografia de Berlim. Escreveu para jornais e publicou livros sobre ciência, política e educação.</p>



<div style="height:100px" aria-hidden="true" class="wp-block-spacer"></div>

<p>Sobre o Cientista Everardo Adolpho Backheuser nasceu em Niterói e fez seus estudos básicos no Colégio Pedro II. Formou-se como engenheiro geógrafo pela Escola Politécnica do Rio de Janeiro, em 1901. Doze anos depois, colou grau como doutor em ciências físicas e matemáticas.   Em 1903, tornou-se professor efetivo da Escola Politécnica e, após dez&#8230;</p>

<!-- This site is optimized with the Yoast SEO plugin v26.8 - https://yoast.com/product/yoast-seo-wordpress/ -->
<title>Everardo Backheuser | Cem Anos de Ciência</title>
<meta name="robots" content="index, follow, max-snippet:-1, max-image-preview:large, max-video-preview:-1" />
<link rel="canonical" href="https://exposicoes.abc.org.br/100anos/academico/everardo-backheuser/" />
<meta property="og:locale" content="pt_BR" />
<meta property="og:type" content="article" />
<meta property="og:title" content="Everardo Backheuser | Cem Anos de Ciência" />
<meta property="og:description" content="Sobre o Cientista Everardo Adolpho Backheuser nasceu em Niterói e fez seus estudos básicos no Colégio Pedro II. Formou-se como engenheiro geógrafo pela Escola Politécnica do Rio de Janeiro, em 1901. Doze anos depois, colou grau como doutor em ciências físicas e matemáticas.   Em 1903, tornou-se professor efetivo da Escola Politécnica e, após dez..." />
<meta property="og:url" content="https://exposicoes.abc.org.br/100anos/academico/everardo-backheuser/" />
<meta property="og:site_name" content="Cem Anos de Ciência" />
<meta property="article:modified_time" content="2026-01-28T15:57:31+00:00" />
<meta property="og:image" content="https://exposicoes.abc.org.br/100anos/wp-content/uploads/2026/01/backheuser-hero.png" />
	<meta property="og:image:width" content="354" />
	<meta property="og:image:height" content="552" />
	<meta property="og:image:type" content="image/png" />
<meta name="twitter:card" content="summary_large_image" />
<meta name="twitter:label1" content="Est. tempo de leitura" />
	<meta name="twitter:data1" content="2 minutos" />
<script type="application/ld+json" class="yoast-schema-graph">{"@context":"https://schema.org","@graph":[{"@type":"WebPage","@id":"https://exposicoes.abc.org.br/100anos/academico/everardo-backheuser/","url":"https://exposicoes.abc.org.br/100anos/academico/everardo-backheuser/","name":"Everardo Backheuser | Cem Anos de Ciência","isPartOf":{"@id":"https://exposicoes.abc.org.br/100anos/#website"},"primaryImageOfPage":{"@id":"https://exposicoes.abc.org.br/100anos/academico/everardo-backheuser/#primaryimage"},"image":{"@id":"https://exposicoes.abc.org.br/100anos/academico/everardo-backheuser/#primaryimage"},"thumbnailUrl":"https://exposicoes.abc.org.br/100anos/wp-content/uploads/2026/01/backheuser-hero.png","datePublished":"2026-01-19T13:35:03+00:00","dateModified":"2026-01-28T15:57:31+00:00","breadcrumb":{"@id":"https://exposicoes.abc.org.br/100anos/academico/everardo-backheuser/#breadcrumb"},"inLanguage":"pt-BR","potentialAction":[{"@type":"ReadAction","target":["https://exposicoes.abc.org.br/100anos/academico/everardo-backheuser/"]}]},{"@type":"ImageObject","inLanguage":"pt-BR","@id":"https://exposicoes.abc.org.br/100anos/academico/everardo-backheuser/#primaryimage","url":"https://exposicoes.abc.org.br/100anos/wp-content/uploads/2026/01/backheuser-hero.png","contentUrl":"https://exposicoes.abc.org.br/100anos/wp-content/uploads/2026/01/backheuser-hero.png","width":354,"height":552},{"@type":"BreadcrumbList","@id":"https://exposicoes.abc.org.br/100anos/academico/everardo-backheuser/#breadcrumb","itemListElement":[{"@type":"ListItem","position":1,"name":"Início","item":"https://exposicoes.abc.org.br/100anos/"},{"@type":"ListItem","position":2,"name":"Everardo Backheuser"}]},{"@type":"WebSite","@id":"https://exposicoes.abc.org.br/100anos/#website","url":"https://exposicoes.abc.org.br/100anos/","name":"Cem Anos de Ciência","description":"","publisher":{"@id":"https://exposicoes.abc.org.br/100anos/#organization"},"potentialAction":[{"@type":"SearchAction","target":{"@type":"EntryPoint","urlTemplate":"https://exposicoes.abc.org.br/100anos/?s={search_term_string}"},"query-input":{"@type":"PropertyValueSpecification","valueRequired":true,"valueName":"search_term_string"}}],"inLanguage":"pt-BR"},{"@type":"Organization","@id":"https://exposicoes.abc.org.br/100anos/#organization","name":"Academia Brasileira de Ciências","url":"https://exposicoes.abc.org.br/100anos/","logo":{"@type":"ImageObject","inLanguage":"pt-BR","@id":"https://exposicoes.abc.org.br/100anos/#/schema/logo/image/","url":"https://exposicoes.abc.org.br/100anos/wp-content/uploads/2025/12/logo-100-abc.png","contentUrl":"https://exposicoes.abc.org.br/100anos/wp-content/uploads/2025/12/logo-100-abc.png","width":511,"height":116,"caption":"Academia Brasileira de Ciências"},"image":{"@id":"https://exposicoes.abc.org.br/100anos/#/schema/logo/image/"}}]}</script>
<!-- / Yoast SEO plugin. -->

Everardo Backheuser | Cem Anos de Ciência

Sobre o Cientista Everardo Adolpho Backheuser nasceu em Niterói e fez seus estudos básicos no Colégio Pedro II. Formou-se como engenheiro geógrafo pela Escola Politécnica do Rio de Janeiro, em 1901. Doze anos depois, colou grau como doutor em ciências físicas e matemáticas.   Em 1903, tornou-se professor efetivo da Escola Politécnica e, após dez...

Cem Anos de Ciência

Início

Academia Brasileira de Ciências
