{"id":598,"date":"2026-01-19T10:27:03","date_gmt":"2026-01-19T13:27:03","guid":{"rendered":"https:\/\/exposicoes.abc.org.br\/100anos\/?post_type=academico&#038;p=598"},"modified":"2026-01-26T15:00:11","modified_gmt":"2026-01-26T18:00:11","slug":"daniel-henninger","status":"publish","type":"academico","link":"https:\/\/exposicoes.abc.org.br\/100anos\/academico\/daniel-henninger\/","title":{"rendered":"Daniel Henninger"},"content":{"rendered":"\n<h2 class=\"wp-block-heading\">Sobre o Cientista<\/h2>\n\n\n\n<p>Daniel Henninger nasceu em Frankfurt, Alemanha. Formado em ci\u00eancias f\u00edsicas e naturais na Alemanha, lecionou qu\u00edmica geral na Universidade de Louvain, B\u00e9lgica, de 1870 a 1871. Em seguida, veio para o Brasil, onde fez servi\u00e7os t\u00e9cnicos de estradas de ferro, no Cear\u00e1. Trabalhou ainda nos engenhos de a\u00e7\u00facar em Sergipe e Alagoas. Integrou o Imperial Instituto Fluminense de Agricultura, como qu\u00edmico (1873-1875).<br><br>Desejando candidatar-se a um lugar de professor da Escola Polit\u00e9cnica do Rio de<br>Janeiro, fez os exames de todas as disciplinas do curso de ci\u00eancias f\u00edsicas e naturais, obtendo o bacharelado em 1882. Foi, ent\u00e3o, designado professor substituto interino; pouco depois, em 1899, tornou-se professor da cadeira de f\u00edsica e qu\u00edmica industrial e qu\u00edmica org\u00e2nica. Em janeiro do ano seguinte, foi promovido a catedr\u00e1tico de qu\u00edmica industrial, posto que ocupou at\u00e9 julho de 1927.<br><br>Foi membro da Sociedade Brasileira de Sciencias, que se transformaria na Academia Brasileira de Ci\u00eancias (ABC), tendo assinado a ata de sua funda\u00e7\u00e3o em 3 de maio de 1916. Foi vice-presidente no per\u00edodo de 1920 a 1929. Presidiu a Se\u00e7\u00e3o de Ci\u00eancias F\u00edsico-Qu\u00edmicas em 1916, e no bi\u00eanio 1923-1924.<br><br>Foi membro da Sociedade de Qu\u00edmica de Paris, da Sociedade de Qu\u00edmica de<br>Berlim, s\u00f3cio da Sociedade Brasileira de Aclima\u00e7\u00e3o, e da Academia de Ci\u00eancias F\u00edsicas do Rio de Janeiro. Jornais da \u00e9poca, como &#8220;O Jornal&#8221; e &#8220;O Paiz&#8221;, noticiaram seu falecimento em 23 de outubro de 1928, e homenagens p\u00f3stumas foram realizadas na Academia Brasileira de Ci\u00eancias.\u00a0<\/p>\n\n\n\n<div style=\"height:100px\" aria-hidden=\"true\" class=\"wp-block-spacer\"><\/div>\n","protected":false},"excerpt":{"rendered":"<p>Sobre o Cientista Daniel Henninger nasceu em Frankfurt, Alemanha. Formado em ci\u00eancias f\u00edsicas e naturais na Alemanha, lecionou qu\u00edmica geral na Universidade de Louvain, B\u00e9lgica, de 1870 a 1871. Em seguida, veio para o Brasil, onde fez servi\u00e7os t\u00e9cnicos de estradas de ferro, no Cear\u00e1. Trabalhou ainda nos engenhos de a\u00e7\u00facar em Sergipe e Alagoas&#8230;.<\/p>\n","protected":false},"featured_media":651,"parent":0,"template":"","meta":{"_acf_changed":false,"footnotes":""},"periodo-de-presidencia":[],"periodo-de-vida":[78],"tipo-de-academico":[6],"class_list":["post-598","academico","type-academico","status-publish","has-post-thumbnail","hentry","periodo-de-vida-1873-1945","tipo-de-academico-membros-fundadores"],"acf":[],"yoast_head":"<!-- This site is optimized with the Yoast SEO plugin v26.8 - https:\/\/yoast.com\/product\/yoast-seo-wordpress\/ -->\n<title>Daniel Henninger | Cem Anos de Ci\u00eancia<\/title>\n<meta name=\"robots\" content=\"index, follow, max-snippet:-1, max-image-preview:large, max-video-preview:-1\" \/>\n<link rel=\"canonical\" href=\"https:\/\/exposicoes.abc.org.br\/100anos\/academico\/daniel-henninger\/\" \/>\n<meta property=\"og:locale\" content=\"pt_BR\" \/>\n<meta property=\"og:type\" content=\"article\" \/>\n<meta property=\"og:title\" content=\"Daniel Henninger | Cem Anos de Ci\u00eancia\" \/>\n<meta property=\"og:description\" content=\"Sobre o Cientista Daniel Henninger nasceu em Frankfurt, Alemanha. Formado em ci\u00eancias f\u00edsicas e naturais na Alemanha, lecionou qu\u00edmica geral na Universidade de Louvain, B\u00e9lgica, de 1870 a 1871. Em seguida, veio para o Brasil, onde fez servi\u00e7os t\u00e9cnicos de estradas de ferro, no Cear\u00e1. Trabalhou ainda nos engenhos de a\u00e7\u00facar em Sergipe e Alagoas....\" \/>\n<meta property=\"og:url\" content=\"https:\/\/exposicoes.abc.org.br\/100anos\/academico\/daniel-henninger\/\" \/>\n<meta property=\"og:site_name\" content=\"Cem Anos de Ci\u00eancia\" \/>\n<meta property=\"article:modified_time\" content=\"2026-01-26T18:00:11+00:00\" \/>\n<meta property=\"og:image\" content=\"https:\/\/exposicoes.abc.org.br\/100anos\/wp-content\/uploads\/2026\/01\/henninger-hero.png\" \/>\n\t<meta property=\"og:image:width\" content=\"354\" \/>\n\t<meta property=\"og:image:height\" content=\"552\" \/>\n\t<meta property=\"og:image:type\" content=\"image\/png\" \/>\n<meta name=\"twitter:card\" content=\"summary_large_image\" \/>\n<meta name=\"twitter:label1\" content=\"Est. tempo de leitura\" \/>\n\t<meta name=\"twitter:data1\" content=\"1 minuto\" \/>\n<script type=\"application\/ld+json\" class=\"yoast-schema-graph\">{\"@context\":\"https:\/\/schema.org\",\"@graph\":[{\"@type\":\"WebPage\",\"@id\":\"https:\/\/exposicoes.abc.org.br\/100anos\/academico\/daniel-henninger\/\",\"url\":\"https:\/\/exposicoes.abc.org.br\/100anos\/academico\/daniel-henninger\/\",\"name\":\"Daniel Henninger | Cem Anos de Ci\u00eancia\",\"isPartOf\":{\"@id\":\"https:\/\/exposicoes.abc.org.br\/100anos\/#website\"},\"primaryImageOfPage\":{\"@id\":\"https:\/\/exposicoes.abc.org.br\/100anos\/academico\/daniel-henninger\/#primaryimage\"},\"image\":{\"@id\":\"https:\/\/exposicoes.abc.org.br\/100anos\/academico\/daniel-henninger\/#primaryimage\"},\"thumbnailUrl\":\"https:\/\/exposicoes.abc.org.br\/100anos\/wp-content\/uploads\/2026\/01\/henninger-hero.png\",\"datePublished\":\"2026-01-19T13:27:03+00:00\",\"dateModified\":\"2026-01-26T18:00:11+00:00\",\"breadcrumb\":{\"@id\":\"https:\/\/exposicoes.abc.org.br\/100anos\/academico\/daniel-henninger\/#breadcrumb\"},\"inLanguage\":\"pt-BR\",\"potentialAction\":[{\"@type\":\"ReadAction\",\"target\":[\"https:\/\/exposicoes.abc.org.br\/100anos\/academico\/daniel-henninger\/\"]}]},{\"@type\":\"ImageObject\",\"inLanguage\":\"pt-BR\",\"@id\":\"https:\/\/exposicoes.abc.org.br\/100anos\/academico\/daniel-henninger\/#primaryimage\",\"url\":\"https:\/\/exposicoes.abc.org.br\/100anos\/wp-content\/uploads\/2026\/01\/henninger-hero.png\",\"contentUrl\":\"https:\/\/exposicoes.abc.org.br\/100anos\/wp-content\/uploads\/2026\/01\/henninger-hero.png\",\"width\":354,\"height\":552},{\"@type\":\"BreadcrumbList\",\"@id\":\"https:\/\/exposicoes.abc.org.br\/100anos\/academico\/daniel-henninger\/#breadcrumb\",\"itemListElement\":[{\"@type\":\"ListItem\",\"position\":1,\"name\":\"In\u00edcio\",\"item\":\"https:\/\/exposicoes.abc.org.br\/100anos\/\"},{\"@type\":\"ListItem\",\"position\":2,\"name\":\"Daniel Henninger\"}]},{\"@type\":\"WebSite\",\"@id\":\"https:\/\/exposicoes.abc.org.br\/100anos\/#website\",\"url\":\"https:\/\/exposicoes.abc.org.br\/100anos\/\",\"name\":\"Cem Anos de Ci\u00eancia\",\"description\":\"\",\"publisher\":{\"@id\":\"https:\/\/exposicoes.abc.org.br\/100anos\/#organization\"},\"potentialAction\":[{\"@type\":\"SearchAction\",\"target\":{\"@type\":\"EntryPoint\",\"urlTemplate\":\"https:\/\/exposicoes.abc.org.br\/100anos\/?s={search_term_string}\"},\"query-input\":{\"@type\":\"PropertyValueSpecification\",\"valueRequired\":true,\"valueName\":\"search_term_string\"}}],\"inLanguage\":\"pt-BR\"},{\"@type\":\"Organization\",\"@id\":\"https:\/\/exposicoes.abc.org.br\/100anos\/#organization\",\"name\":\"Academia Brasileira de Ci\u00eancias\",\"url\":\"https:\/\/exposicoes.abc.org.br\/100anos\/\",\"logo\":{\"@type\":\"ImageObject\",\"inLanguage\":\"pt-BR\",\"@id\":\"https:\/\/exposicoes.abc.org.br\/100anos\/#\/schema\/logo\/image\/\",\"url\":\"https:\/\/exposicoes.abc.org.br\/100anos\/wp-content\/uploads\/2025\/12\/logo-100-abc.png\",\"contentUrl\":\"https:\/\/exposicoes.abc.org.br\/100anos\/wp-content\/uploads\/2025\/12\/logo-100-abc.png\",\"width\":511,\"height\":116,\"caption\":\"Academia Brasileira de Ci\u00eancias\"},\"image\":{\"@id\":\"https:\/\/exposicoes.abc.org.br\/100anos\/#\/schema\/logo\/image\/\"}}]}<\/script>\n<!-- \/ Yoast SEO plugin. -->","yoast_head_json":{"title":"Daniel Henninger | Cem Anos de Ci\u00eancia","robots":{"index":"index","follow":"follow","max-snippet":"max-snippet:-1","max-image-preview":"max-image-preview:large","max-video-preview":"max-video-preview:-1"},"canonical":"https:\/\/exposicoes.abc.org.br\/100anos\/academico\/daniel-henninger\/","og_locale":"pt_BR","og_type":"article","og_title":"Daniel Henninger | Cem Anos de Ci\u00eancia","og_description":"Sobre o Cientista Daniel Henninger nasceu em Frankfurt, Alemanha. Formado em ci\u00eancias f\u00edsicas e naturais na Alemanha, lecionou qu\u00edmica geral na Universidade de Louvain, B\u00e9lgica, de 1870 a 1871. Em seguida, veio para o Brasil, onde fez servi\u00e7os t\u00e9cnicos de estradas de ferro, no Cear\u00e1. Trabalhou ainda nos engenhos de a\u00e7\u00facar em Sergipe e Alagoas....","og_url":"https:\/\/exposicoes.abc.org.br\/100anos\/academico\/daniel-henninger\/","og_site_name":"Cem Anos de Ci\u00eancia","article_modified_time":"2026-01-26T18:00:11+00:00","og_image":[{"width":354,"height":552,"url":"https:\/\/exposicoes.abc.org.br\/100anos\/wp-content\/uploads\/2026\/01\/henninger-hero.png","type":"image\/png"}],"twitter_card":"summary_large_image","twitter_misc":{"Est. tempo de leitura":"1 minuto"},"schema":{"@context":"https:\/\/schema.org","@graph":[{"@type":"WebPage","@id":"https:\/\/exposicoes.abc.org.br\/100anos\/academico\/daniel-henninger\/","url":"https:\/\/exposicoes.abc.org.br\/100anos\/academico\/daniel-henninger\/","name":"Daniel Henninger | Cem Anos de Ci\u00eancia","isPartOf":{"@id":"https:\/\/exposicoes.abc.org.br\/100anos\/#website"},"primaryImageOfPage":{"@id":"https:\/\/exposicoes.abc.org.br\/100anos\/academico\/daniel-henninger\/#primaryimage"},"image":{"@id":"https:\/\/exposicoes.abc.org.br\/100anos\/academico\/daniel-henninger\/#primaryimage"},"thumbnailUrl":"https:\/\/exposicoes.abc.org.br\/100anos\/wp-content\/uploads\/2026\/01\/henninger-hero.png","datePublished":"2026-01-19T13:27:03+00:00","dateModified":"2026-01-26T18:00:11+00:00","breadcrumb":{"@id":"https:\/\/exposicoes.abc.org.br\/100anos\/academico\/daniel-henninger\/#breadcrumb"},"inLanguage":"pt-BR","potentialAction":[{"@type":"ReadAction","target":["https:\/\/exposicoes.abc.org.br\/100anos\/academico\/daniel-henninger\/"]}]},{"@type":"ImageObject","inLanguage":"pt-BR","@id":"https:\/\/exposicoes.abc.org.br\/100anos\/academico\/daniel-henninger\/#primaryimage","url":"https:\/\/exposicoes.abc.org.br\/100anos\/wp-content\/uploads\/2026\/01\/henninger-hero.png","contentUrl":"https:\/\/exposicoes.abc.org.br\/100anos\/wp-content\/uploads\/2026\/01\/henninger-hero.png","width":354,"height":552},{"@type":"BreadcrumbList","@id":"https:\/\/exposicoes.abc.org.br\/100anos\/academico\/daniel-henninger\/#breadcrumb","itemListElement":[{"@type":"ListItem","position":1,"name":"In\u00edcio","item":"https:\/\/exposicoes.abc.org.br\/100anos\/"},{"@type":"ListItem","position":2,"name":"Daniel Henninger"}]},{"@type":"WebSite","@id":"https:\/\/exposicoes.abc.org.br\/100anos\/#website","url":"https:\/\/exposicoes.abc.org.br\/100anos\/","name":"Cem Anos de Ci\u00eancia","description":"","publisher":{"@id":"https:\/\/exposicoes.abc.org.br\/100anos\/#organization"},"potentialAction":[{"@type":"SearchAction","target":{"@type":"EntryPoint","urlTemplate":"https:\/\/exposicoes.abc.org.br\/100anos\/?s={search_term_string}"},"query-input":{"@type":"PropertyValueSpecification","valueRequired":true,"valueName":"search_term_string"}}],"inLanguage":"pt-BR"},{"@type":"Organization","@id":"https:\/\/exposicoes.abc.org.br\/100anos\/#organization","name":"Academia Brasileira de Ci\u00eancias","url":"https:\/\/exposicoes.abc.org.br\/100anos\/","logo":{"@type":"ImageObject","inLanguage":"pt-BR","@id":"https:\/\/exposicoes.abc.org.br\/100anos\/#\/schema\/logo\/image\/","url":"https:\/\/exposicoes.abc.org.br\/100anos\/wp-content\/uploads\/2025\/12\/logo-100-abc.png","contentUrl":"https:\/\/exposicoes.abc.org.br\/100anos\/wp-content\/uploads\/2025\/12\/logo-100-abc.png","width":511,"height":116,"caption":"Academia Brasileira de Ci\u00eancias"},"image":{"@id":"https:\/\/exposicoes.abc.org.br\/100anos\/#\/schema\/logo\/image\/"}}]}},"_links":{"self":[{"href":"https:\/\/exposicoes.abc.org.br\/100anos\/wp-json\/wp\/v2\/academico\/598","targetHints":{"allow":["GET"]}}],"collection":[{"href":"https:\/\/exposicoes.abc.org.br\/100anos\/wp-json\/wp\/v2\/academico"}],"about":[{"href":"https:\/\/exposicoes.abc.org.br\/100anos\/wp-json\/wp\/v2\/types\/academico"}],"version-history":[{"count":1,"href":"https:\/\/exposicoes.abc.org.br\/100anos\/wp-json\/wp\/v2\/academico\/598\/revisions"}],"predecessor-version":[{"id":599,"href":"https:\/\/exposicoes.abc.org.br\/100anos\/wp-json\/wp\/v2\/academico\/598\/revisions\/599"}],"wp:featuredmedia":[{"embeddable":true,"href":"https:\/\/exposicoes.abc.org.br\/100anos\/wp-json\/wp\/v2\/media\/651"}],"wp:attachment":[{"href":"https:\/\/exposicoes.abc.org.br\/100anos\/wp-json\/wp\/v2\/media?parent=598"}],"wp:term":[{"taxonomy":"periodo-de-presidencia","embeddable":true,"href":"https:\/\/exposicoes.abc.org.br\/100anos\/wp-json\/wp\/v2\/periodo-de-presidencia?post=598"},{"taxonomy":"periodo-de-vida","embeddable":true,"href":"https:\/\/exposicoes.abc.org.br\/100anos\/wp-json\/wp\/v2\/periodo-de-vida?post=598"},{"taxonomy":"tipo-de-academico","embeddable":true,"href":"https:\/\/exposicoes.abc.org.br\/100anos\/wp-json\/wp\/v2\/tipo-de-academico?post=598"}],"curies":[{"name":"wp","href":"https:\/\/api.w.org\/{rel}","templated":true}]}}

<h2 class="wp-block-heading">Sobre o Cientista</h2>



<p>Daniel Henninger nasceu em Frankfurt, Alemanha. Formado em ciências físicas e naturais na Alemanha, lecionou química geral na Universidade de Louvain, Bélgica, de 1870 a 1871. Em seguida, veio para o Brasil, onde fez serviços técnicos de estradas de ferro, no Ceará. Trabalhou ainda nos engenhos de açúcar em Sergipe e Alagoas. Integrou o Imperial Instituto Fluminense de Agricultura, como químico (1873-1875).<br><br>Desejando candidatar-se a um lugar de professor da Escola Politécnica do Rio de<br>Janeiro, fez os exames de todas as disciplinas do curso de ciências físicas e naturais, obtendo o bacharelado em 1882. Foi, então, designado professor substituto interino; pouco depois, em 1899, tornou-se professor da cadeira de física e química industrial e química orgânica. Em janeiro do ano seguinte, foi promovido a catedrático de química industrial, posto que ocupou até julho de 1927.<br><br>Foi membro da Sociedade Brasileira de Sciencias, que se transformaria na Academia Brasileira de Ciências (ABC), tendo assinado a ata de sua fundação em 3 de maio de 1916. Foi vice-presidente no período de 1920 a 1929. Presidiu a Seção de Ciências Físico-Químicas em 1916, e no biênio 1923-1924.<br><br>Foi membro da Sociedade de Química de Paris, da Sociedade de Química de<br>Berlim, sócio da Sociedade Brasileira de Aclimação, e da Academia de Ciências Físicas do Rio de Janeiro. Jornais da época, como &#8220;O Jornal&#8221; e &#8220;O Paiz&#8221;, noticiaram seu falecimento em 23 de outubro de 1928, e homenagens póstumas foram realizadas na Academia Brasileira de Ciências. </p>



<div style="height:100px" aria-hidden="true" class="wp-block-spacer"></div>

<p>Sobre o Cientista Daniel Henninger nasceu em Frankfurt, Alemanha. Formado em ciências físicas e naturais na Alemanha, lecionou química geral na Universidade de Louvain, Bélgica, de 1870 a 1871. Em seguida, veio para o Brasil, onde fez serviços técnicos de estradas de ferro, no Ceará. Trabalhou ainda nos engenhos de açúcar em Sergipe e Alagoas&#8230;.</p>

<!-- This site is optimized with the Yoast SEO plugin v26.8 - https://yoast.com/product/yoast-seo-wordpress/ -->
<title>Daniel Henninger | Cem Anos de Ciência</title>
<meta name="robots" content="index, follow, max-snippet:-1, max-image-preview:large, max-video-preview:-1" />
<link rel="canonical" href="https://exposicoes.abc.org.br/100anos/academico/daniel-henninger/" />
<meta property="og:locale" content="pt_BR" />
<meta property="og:type" content="article" />
<meta property="og:title" content="Daniel Henninger | Cem Anos de Ciência" />
<meta property="og:description" content="Sobre o Cientista Daniel Henninger nasceu em Frankfurt, Alemanha. Formado em ciências físicas e naturais na Alemanha, lecionou química geral na Universidade de Louvain, Bélgica, de 1870 a 1871. Em seguida, veio para o Brasil, onde fez serviços técnicos de estradas de ferro, no Ceará. Trabalhou ainda nos engenhos de açúcar em Sergipe e Alagoas...." />
<meta property="og:url" content="https://exposicoes.abc.org.br/100anos/academico/daniel-henninger/" />
<meta property="og:site_name" content="Cem Anos de Ciência" />
<meta property="article:modified_time" content="2026-01-26T18:00:11+00:00" />
<meta property="og:image" content="https://exposicoes.abc.org.br/100anos/wp-content/uploads/2026/01/henninger-hero.png" />
	<meta property="og:image:width" content="354" />
	<meta property="og:image:height" content="552" />
	<meta property="og:image:type" content="image/png" />
<meta name="twitter:card" content="summary_large_image" />
<meta name="twitter:label1" content="Est. tempo de leitura" />
	<meta name="twitter:data1" content="1 minuto" />
<script type="application/ld+json" class="yoast-schema-graph">{"@context":"https://schema.org","@graph":[{"@type":"WebPage","@id":"https://exposicoes.abc.org.br/100anos/academico/daniel-henninger/","url":"https://exposicoes.abc.org.br/100anos/academico/daniel-henninger/","name":"Daniel Henninger | Cem Anos de Ciência","isPartOf":{"@id":"https://exposicoes.abc.org.br/100anos/#website"},"primaryImageOfPage":{"@id":"https://exposicoes.abc.org.br/100anos/academico/daniel-henninger/#primaryimage"},"image":{"@id":"https://exposicoes.abc.org.br/100anos/academico/daniel-henninger/#primaryimage"},"thumbnailUrl":"https://exposicoes.abc.org.br/100anos/wp-content/uploads/2026/01/henninger-hero.png","datePublished":"2026-01-19T13:27:03+00:00","dateModified":"2026-01-26T18:00:11+00:00","breadcrumb":{"@id":"https://exposicoes.abc.org.br/100anos/academico/daniel-henninger/#breadcrumb"},"inLanguage":"pt-BR","potentialAction":[{"@type":"ReadAction","target":["https://exposicoes.abc.org.br/100anos/academico/daniel-henninger/"]}]},{"@type":"ImageObject","inLanguage":"pt-BR","@id":"https://exposicoes.abc.org.br/100anos/academico/daniel-henninger/#primaryimage","url":"https://exposicoes.abc.org.br/100anos/wp-content/uploads/2026/01/henninger-hero.png","contentUrl":"https://exposicoes.abc.org.br/100anos/wp-content/uploads/2026/01/henninger-hero.png","width":354,"height":552},{"@type":"BreadcrumbList","@id":"https://exposicoes.abc.org.br/100anos/academico/daniel-henninger/#breadcrumb","itemListElement":[{"@type":"ListItem","position":1,"name":"Início","item":"https://exposicoes.abc.org.br/100anos/"},{"@type":"ListItem","position":2,"name":"Daniel Henninger"}]},{"@type":"WebSite","@id":"https://exposicoes.abc.org.br/100anos/#website","url":"https://exposicoes.abc.org.br/100anos/","name":"Cem Anos de Ciência","description":"","publisher":{"@id":"https://exposicoes.abc.org.br/100anos/#organization"},"potentialAction":[{"@type":"SearchAction","target":{"@type":"EntryPoint","urlTemplate":"https://exposicoes.abc.org.br/100anos/?s={search_term_string}"},"query-input":{"@type":"PropertyValueSpecification","valueRequired":true,"valueName":"search_term_string"}}],"inLanguage":"pt-BR"},{"@type":"Organization","@id":"https://exposicoes.abc.org.br/100anos/#organization","name":"Academia Brasileira de Ciências","url":"https://exposicoes.abc.org.br/100anos/","logo":{"@type":"ImageObject","inLanguage":"pt-BR","@id":"https://exposicoes.abc.org.br/100anos/#/schema/logo/image/","url":"https://exposicoes.abc.org.br/100anos/wp-content/uploads/2025/12/logo-100-abc.png","contentUrl":"https://exposicoes.abc.org.br/100anos/wp-content/uploads/2025/12/logo-100-abc.png","width":511,"height":116,"caption":"Academia Brasileira de Ciências"},"image":{"@id":"https://exposicoes.abc.org.br/100anos/#/schema/logo/image/"}}]}</script>
<!-- / Yoast SEO plugin. -->

Daniel Henninger | Cem Anos de Ciência

Sobre o Cientista Daniel Henninger nasceu em Frankfurt, Alemanha. Formado em ciências físicas e naturais na Alemanha, lecionou química geral na Universidade de Louvain, Bélgica, de 1870 a 1871. Em seguida, veio para o Brasil, onde fez serviços técnicos de estradas de ferro, no Ceará. Trabalhou ainda nos engenhos de açúcar em Sergipe e Alagoas....

Cem Anos de Ciência

Início

Academia Brasileira de Ciências
