{"id":591,"date":"2026-01-16T16:31:12","date_gmt":"2026-01-16T19:31:12","guid":{"rendered":"https:\/\/exposicoes.abc.org.br\/100anos\/?post_type=academico&#038;p=591"},"modified":"2026-01-26T14:49:36","modified_gmt":"2026-01-26T17:49:36","slug":"antonio-ennes-de-souza","status":"publish","type":"academico","link":"https:\/\/exposicoes.abc.org.br\/100anos\/academico\/antonio-ennes-de-souza\/","title":{"rendered":"Antonio Ennes de Souza"},"content":{"rendered":"\n<h2 class=\"wp-block-heading\">Sobre o Cientista<\/h2>\n\n\n\n<p>Antonio Ennes de Souza nasceu em S\u00e3o Lu\u00eds do Maranh\u00e3o. Aos 18 anos foi estudar na B\u00e9lgica, onde fez o curso preparat\u00f3rio. Estudou na Escola Polit\u00e9cnica Federal Su\u00ed\u00e7a, em Berna. Concluiu o curso de engenharia de minas pela Academia Real de Minas de Freiburg, na Sax\u00f4nia, em 1878. Dois anos depois, doutorou-se em ci\u00eancias f\u00edsicas e naturais pela Academia de Filosofia de Zurique, Su\u00ed\u00e7a,<br>com tese sobre am\u00e1lgamas.<br><br>Em 1881, passou a lecionar na Escola Polit\u00e9cnica do Rio de Janeiro. Ap\u00f3s a Proclama\u00e7\u00e3o da Rep\u00fablica, em 1891, foi eleito deputado federal pelo Maranh\u00e3o. Tomou posse em maio e logo em seguida renunciou para tornar-se diretor da<br>Casa da Moeda do Brasil, onde promoveu v\u00e1rias melhorias. Foi um dos fundadores e primeiro presidente da Sociedade Nacional de Agricultura, em 1897.<br><br>Foi membro da Sociedade Brasileira de Sciencias, atual Academia Brasileira de<br>Ci\u00eancias (ABC), tendo assinado a ata de sua funda\u00e7\u00e3o no dia 3 de maio de 1916.<br>Presidiu a Se\u00e7\u00e3o de Ci\u00eancias F\u00edsico-Qu\u00edmicas nos anos de 1916, 1918 e 1919. Participou da Sociedade de Ci\u00eancias Naturais de Zurique e da Sociedade de Qu\u00edmica de Berlim.<br><br>No Clube de Engenharia, apresentou estudo sobre para-choque e a capacidade de absor\u00e7\u00e3o que o chumbo apresentava em rela\u00e7\u00e3o \u00e0 energia cin\u00e9tica. A inven\u00e7\u00e3o desse para-choque, conhecido como \u201cEnnes de Souza\u201d, foi patenteada. Publicou livros sobre mineralogia e geologia.<\/p>\n\n\n\n<div style=\"height:100px\" aria-hidden=\"true\" class=\"wp-block-spacer\"><\/div>\n","protected":false},"excerpt":{"rendered":"<p>Sobre o Cientista Antonio Ennes de Souza nasceu em S\u00e3o Lu\u00eds do Maranh\u00e3o. Aos 18 anos foi estudar na B\u00e9lgica, onde fez o curso preparat\u00f3rio. Estudou na Escola Polit\u00e9cnica Federal Su\u00ed\u00e7a, em Berna. Concluiu o curso de engenharia de minas pela Academia Real de Minas de Freiburg, na Sax\u00f4nia, em 1878. Dois anos depois, doutorou-se&#8230;<\/p>\n","protected":false},"featured_media":646,"parent":0,"template":"","meta":{"_acf_changed":false,"footnotes":""},"periodo-de-presidencia":[],"periodo-de-vida":[76],"tipo-de-academico":[6],"class_list":["post-591","academico","type-academico","status-publish","has-post-thumbnail","hentry","periodo-de-vida-1848-1920","tipo-de-academico-membros-fundadores"],"acf":[],"yoast_head":"<!-- This site is optimized with the Yoast SEO plugin v26.8 - https:\/\/yoast.com\/product\/yoast-seo-wordpress\/ -->\n<title>Antonio Ennes de Souza | Cem Anos de Ci\u00eancia<\/title>\n<meta name=\"robots\" content=\"index, follow, max-snippet:-1, max-image-preview:large, max-video-preview:-1\" \/>\n<link rel=\"canonical\" href=\"https:\/\/exposicoes.abc.org.br\/100anos\/academico\/antonio-ennes-de-souza\/\" \/>\n<meta property=\"og:locale\" content=\"pt_BR\" \/>\n<meta property=\"og:type\" content=\"article\" \/>\n<meta property=\"og:title\" content=\"Antonio Ennes de Souza | Cem Anos de Ci\u00eancia\" \/>\n<meta property=\"og:description\" content=\"Sobre o Cientista Antonio Ennes de Souza nasceu em S\u00e3o Lu\u00eds do Maranh\u00e3o. Aos 18 anos foi estudar na B\u00e9lgica, onde fez o curso preparat\u00f3rio. Estudou na Escola Polit\u00e9cnica Federal Su\u00ed\u00e7a, em Berna. Concluiu o curso de engenharia de minas pela Academia Real de Minas de Freiburg, na Sax\u00f4nia, em 1878. Dois anos depois, doutorou-se...\" \/>\n<meta property=\"og:url\" content=\"https:\/\/exposicoes.abc.org.br\/100anos\/academico\/antonio-ennes-de-souza\/\" \/>\n<meta property=\"og:site_name\" content=\"Cem Anos de Ci\u00eancia\" \/>\n<meta property=\"article:modified_time\" content=\"2026-01-26T17:49:36+00:00\" \/>\n<meta property=\"og:image\" content=\"https:\/\/exposicoes.abc.org.br\/100anos\/wp-content\/uploads\/2026\/01\/ennes-hero.png\" \/>\n\t<meta property=\"og:image:width\" content=\"354\" \/>\n\t<meta property=\"og:image:height\" content=\"552\" \/>\n\t<meta property=\"og:image:type\" content=\"image\/png\" \/>\n<meta name=\"twitter:card\" content=\"summary_large_image\" \/>\n<meta name=\"twitter:label1\" content=\"Est. tempo de leitura\" \/>\n\t<meta name=\"twitter:data1\" content=\"1 minuto\" \/>\n<script type=\"application\/ld+json\" class=\"yoast-schema-graph\">{\"@context\":\"https:\/\/schema.org\",\"@graph\":[{\"@type\":\"WebPage\",\"@id\":\"https:\/\/exposicoes.abc.org.br\/100anos\/academico\/antonio-ennes-de-souza\/\",\"url\":\"https:\/\/exposicoes.abc.org.br\/100anos\/academico\/antonio-ennes-de-souza\/\",\"name\":\"Antonio Ennes de Souza | Cem Anos de Ci\u00eancia\",\"isPartOf\":{\"@id\":\"https:\/\/exposicoes.abc.org.br\/100anos\/#website\"},\"primaryImageOfPage\":{\"@id\":\"https:\/\/exposicoes.abc.org.br\/100anos\/academico\/antonio-ennes-de-souza\/#primaryimage\"},\"image\":{\"@id\":\"https:\/\/exposicoes.abc.org.br\/100anos\/academico\/antonio-ennes-de-souza\/#primaryimage\"},\"thumbnailUrl\":\"https:\/\/exposicoes.abc.org.br\/100anos\/wp-content\/uploads\/2026\/01\/ennes-hero.png\",\"datePublished\":\"2026-01-16T19:31:12+00:00\",\"dateModified\":\"2026-01-26T17:49:36+00:00\",\"breadcrumb\":{\"@id\":\"https:\/\/exposicoes.abc.org.br\/100anos\/academico\/antonio-ennes-de-souza\/#breadcrumb\"},\"inLanguage\":\"pt-BR\",\"potentialAction\":[{\"@type\":\"ReadAction\",\"target\":[\"https:\/\/exposicoes.abc.org.br\/100anos\/academico\/antonio-ennes-de-souza\/\"]}]},{\"@type\":\"ImageObject\",\"inLanguage\":\"pt-BR\",\"@id\":\"https:\/\/exposicoes.abc.org.br\/100anos\/academico\/antonio-ennes-de-souza\/#primaryimage\",\"url\":\"https:\/\/exposicoes.abc.org.br\/100anos\/wp-content\/uploads\/2026\/01\/ennes-hero.png\",\"contentUrl\":\"https:\/\/exposicoes.abc.org.br\/100anos\/wp-content\/uploads\/2026\/01\/ennes-hero.png\",\"width\":354,\"height\":552},{\"@type\":\"BreadcrumbList\",\"@id\":\"https:\/\/exposicoes.abc.org.br\/100anos\/academico\/antonio-ennes-de-souza\/#breadcrumb\",\"itemListElement\":[{\"@type\":\"ListItem\",\"position\":1,\"name\":\"In\u00edcio\",\"item\":\"https:\/\/exposicoes.abc.org.br\/100anos\/\"},{\"@type\":\"ListItem\",\"position\":2,\"name\":\"Antonio Ennes de Souza\"}]},{\"@type\":\"WebSite\",\"@id\":\"https:\/\/exposicoes.abc.org.br\/100anos\/#website\",\"url\":\"https:\/\/exposicoes.abc.org.br\/100anos\/\",\"name\":\"Cem Anos de Ci\u00eancia\",\"description\":\"\",\"publisher\":{\"@id\":\"https:\/\/exposicoes.abc.org.br\/100anos\/#organization\"},\"potentialAction\":[{\"@type\":\"SearchAction\",\"target\":{\"@type\":\"EntryPoint\",\"urlTemplate\":\"https:\/\/exposicoes.abc.org.br\/100anos\/?s={search_term_string}\"},\"query-input\":{\"@type\":\"PropertyValueSpecification\",\"valueRequired\":true,\"valueName\":\"search_term_string\"}}],\"inLanguage\":\"pt-BR\"},{\"@type\":\"Organization\",\"@id\":\"https:\/\/exposicoes.abc.org.br\/100anos\/#organization\",\"name\":\"Academia Brasileira de Ci\u00eancias\",\"url\":\"https:\/\/exposicoes.abc.org.br\/100anos\/\",\"logo\":{\"@type\":\"ImageObject\",\"inLanguage\":\"pt-BR\",\"@id\":\"https:\/\/exposicoes.abc.org.br\/100anos\/#\/schema\/logo\/image\/\",\"url\":\"https:\/\/exposicoes.abc.org.br\/100anos\/wp-content\/uploads\/2025\/12\/logo-100-abc.png\",\"contentUrl\":\"https:\/\/exposicoes.abc.org.br\/100anos\/wp-content\/uploads\/2025\/12\/logo-100-abc.png\",\"width\":511,\"height\":116,\"caption\":\"Academia Brasileira de Ci\u00eancias\"},\"image\":{\"@id\":\"https:\/\/exposicoes.abc.org.br\/100anos\/#\/schema\/logo\/image\/\"}}]}<\/script>\n<!-- \/ Yoast SEO plugin. -->","yoast_head_json":{"title":"Antonio Ennes de Souza | Cem Anos de Ci\u00eancia","robots":{"index":"index","follow":"follow","max-snippet":"max-snippet:-1","max-image-preview":"max-image-preview:large","max-video-preview":"max-video-preview:-1"},"canonical":"https:\/\/exposicoes.abc.org.br\/100anos\/academico\/antonio-ennes-de-souza\/","og_locale":"pt_BR","og_type":"article","og_title":"Antonio Ennes de Souza | Cem Anos de Ci\u00eancia","og_description":"Sobre o Cientista Antonio Ennes de Souza nasceu em S\u00e3o Lu\u00eds do Maranh\u00e3o. Aos 18 anos foi estudar na B\u00e9lgica, onde fez o curso preparat\u00f3rio. Estudou na Escola Polit\u00e9cnica Federal Su\u00ed\u00e7a, em Berna. Concluiu o curso de engenharia de minas pela Academia Real de Minas de Freiburg, na Sax\u00f4nia, em 1878. Dois anos depois, doutorou-se...","og_url":"https:\/\/exposicoes.abc.org.br\/100anos\/academico\/antonio-ennes-de-souza\/","og_site_name":"Cem Anos de Ci\u00eancia","article_modified_time":"2026-01-26T17:49:36+00:00","og_image":[{"width":354,"height":552,"url":"https:\/\/exposicoes.abc.org.br\/100anos\/wp-content\/uploads\/2026\/01\/ennes-hero.png","type":"image\/png"}],"twitter_card":"summary_large_image","twitter_misc":{"Est. tempo de leitura":"1 minuto"},"schema":{"@context":"https:\/\/schema.org","@graph":[{"@type":"WebPage","@id":"https:\/\/exposicoes.abc.org.br\/100anos\/academico\/antonio-ennes-de-souza\/","url":"https:\/\/exposicoes.abc.org.br\/100anos\/academico\/antonio-ennes-de-souza\/","name":"Antonio Ennes de Souza | Cem Anos de Ci\u00eancia","isPartOf":{"@id":"https:\/\/exposicoes.abc.org.br\/100anos\/#website"},"primaryImageOfPage":{"@id":"https:\/\/exposicoes.abc.org.br\/100anos\/academico\/antonio-ennes-de-souza\/#primaryimage"},"image":{"@id":"https:\/\/exposicoes.abc.org.br\/100anos\/academico\/antonio-ennes-de-souza\/#primaryimage"},"thumbnailUrl":"https:\/\/exposicoes.abc.org.br\/100anos\/wp-content\/uploads\/2026\/01\/ennes-hero.png","datePublished":"2026-01-16T19:31:12+00:00","dateModified":"2026-01-26T17:49:36+00:00","breadcrumb":{"@id":"https:\/\/exposicoes.abc.org.br\/100anos\/academico\/antonio-ennes-de-souza\/#breadcrumb"},"inLanguage":"pt-BR","potentialAction":[{"@type":"ReadAction","target":["https:\/\/exposicoes.abc.org.br\/100anos\/academico\/antonio-ennes-de-souza\/"]}]},{"@type":"ImageObject","inLanguage":"pt-BR","@id":"https:\/\/exposicoes.abc.org.br\/100anos\/academico\/antonio-ennes-de-souza\/#primaryimage","url":"https:\/\/exposicoes.abc.org.br\/100anos\/wp-content\/uploads\/2026\/01\/ennes-hero.png","contentUrl":"https:\/\/exposicoes.abc.org.br\/100anos\/wp-content\/uploads\/2026\/01\/ennes-hero.png","width":354,"height":552},{"@type":"BreadcrumbList","@id":"https:\/\/exposicoes.abc.org.br\/100anos\/academico\/antonio-ennes-de-souza\/#breadcrumb","itemListElement":[{"@type":"ListItem","position":1,"name":"In\u00edcio","item":"https:\/\/exposicoes.abc.org.br\/100anos\/"},{"@type":"ListItem","position":2,"name":"Antonio Ennes de Souza"}]},{"@type":"WebSite","@id":"https:\/\/exposicoes.abc.org.br\/100anos\/#website","url":"https:\/\/exposicoes.abc.org.br\/100anos\/","name":"Cem Anos de Ci\u00eancia","description":"","publisher":{"@id":"https:\/\/exposicoes.abc.org.br\/100anos\/#organization"},"potentialAction":[{"@type":"SearchAction","target":{"@type":"EntryPoint","urlTemplate":"https:\/\/exposicoes.abc.org.br\/100anos\/?s={search_term_string}"},"query-input":{"@type":"PropertyValueSpecification","valueRequired":true,"valueName":"search_term_string"}}],"inLanguage":"pt-BR"},{"@type":"Organization","@id":"https:\/\/exposicoes.abc.org.br\/100anos\/#organization","name":"Academia Brasileira de Ci\u00eancias","url":"https:\/\/exposicoes.abc.org.br\/100anos\/","logo":{"@type":"ImageObject","inLanguage":"pt-BR","@id":"https:\/\/exposicoes.abc.org.br\/100anos\/#\/schema\/logo\/image\/","url":"https:\/\/exposicoes.abc.org.br\/100anos\/wp-content\/uploads\/2025\/12\/logo-100-abc.png","contentUrl":"https:\/\/exposicoes.abc.org.br\/100anos\/wp-content\/uploads\/2025\/12\/logo-100-abc.png","width":511,"height":116,"caption":"Academia Brasileira de Ci\u00eancias"},"image":{"@id":"https:\/\/exposicoes.abc.org.br\/100anos\/#\/schema\/logo\/image\/"}}]}},"_links":{"self":[{"href":"https:\/\/exposicoes.abc.org.br\/100anos\/wp-json\/wp\/v2\/academico\/591","targetHints":{"allow":["GET"]}}],"collection":[{"href":"https:\/\/exposicoes.abc.org.br\/100anos\/wp-json\/wp\/v2\/academico"}],"about":[{"href":"https:\/\/exposicoes.abc.org.br\/100anos\/wp-json\/wp\/v2\/types\/academico"}],"version-history":[{"count":2,"href":"https:\/\/exposicoes.abc.org.br\/100anos\/wp-json\/wp\/v2\/academico\/591\/revisions"}],"predecessor-version":[{"id":593,"href":"https:\/\/exposicoes.abc.org.br\/100anos\/wp-json\/wp\/v2\/academico\/591\/revisions\/593"}],"wp:featuredmedia":[{"embeddable":true,"href":"https:\/\/exposicoes.abc.org.br\/100anos\/wp-json\/wp\/v2\/media\/646"}],"wp:attachment":[{"href":"https:\/\/exposicoes.abc.org.br\/100anos\/wp-json\/wp\/v2\/media?parent=591"}],"wp:term":[{"taxonomy":"periodo-de-presidencia","embeddable":true,"href":"https:\/\/exposicoes.abc.org.br\/100anos\/wp-json\/wp\/v2\/periodo-de-presidencia?post=591"},{"taxonomy":"periodo-de-vida","embeddable":true,"href":"https:\/\/exposicoes.abc.org.br\/100anos\/wp-json\/wp\/v2\/periodo-de-vida?post=591"},{"taxonomy":"tipo-de-academico","embeddable":true,"href":"https:\/\/exposicoes.abc.org.br\/100anos\/wp-json\/wp\/v2\/tipo-de-academico?post=591"}],"curies":[{"name":"wp","href":"https:\/\/api.w.org\/{rel}","templated":true}]}}

<h2 class="wp-block-heading">Sobre o Cientista</h2>



<p>Antonio Ennes de Souza nasceu em São Luís do Maranhão. Aos 18 anos foi estudar na Bélgica, onde fez o curso preparatório. Estudou na Escola Politécnica Federal Suíça, em Berna. Concluiu o curso de engenharia de minas pela Academia Real de Minas de Freiburg, na Saxônia, em 1878. Dois anos depois, doutorou-se em ciências físicas e naturais pela Academia de Filosofia de Zurique, Suíça,<br>com tese sobre amálgamas.<br><br>Em 1881, passou a lecionar na Escola Politécnica do Rio de Janeiro. Após a Proclamação da República, em 1891, foi eleito deputado federal pelo Maranhão. Tomou posse em maio e logo em seguida renunciou para tornar-se diretor da<br>Casa da Moeda do Brasil, onde promoveu várias melhorias. Foi um dos fundadores e primeiro presidente da Sociedade Nacional de Agricultura, em 1897.<br><br>Foi membro da Sociedade Brasileira de Sciencias, atual Academia Brasileira de<br>Ciências (ABC), tendo assinado a ata de sua fundação no dia 3 de maio de 1916.<br>Presidiu a Seção de Ciências Físico-Químicas nos anos de 1916, 1918 e 1919. Participou da Sociedade de Ciências Naturais de Zurique e da Sociedade de Química de Berlim.<br><br>No Clube de Engenharia, apresentou estudo sobre para-choque e a capacidade de absorção que o chumbo apresentava em relação à energia cinética. A invenção desse para-choque, conhecido como “Ennes de Souza”, foi patenteada. Publicou livros sobre mineralogia e geologia.</p>



<div style="height:100px" aria-hidden="true" class="wp-block-spacer"></div>

<p>Sobre o Cientista Antonio Ennes de Souza nasceu em São Luís do Maranhão. Aos 18 anos foi estudar na Bélgica, onde fez o curso preparatório. Estudou na Escola Politécnica Federal Suíça, em Berna. Concluiu o curso de engenharia de minas pela Academia Real de Minas de Freiburg, na Saxônia, em 1878. Dois anos depois, doutorou-se&#8230;</p>

<!-- This site is optimized with the Yoast SEO plugin v26.8 - https://yoast.com/product/yoast-seo-wordpress/ -->
<title>Antonio Ennes de Souza | Cem Anos de Ciência</title>
<meta name="robots" content="index, follow, max-snippet:-1, max-image-preview:large, max-video-preview:-1" />
<link rel="canonical" href="https://exposicoes.abc.org.br/100anos/academico/antonio-ennes-de-souza/" />
<meta property="og:locale" content="pt_BR" />
<meta property="og:type" content="article" />
<meta property="og:title" content="Antonio Ennes de Souza | Cem Anos de Ciência" />
<meta property="og:description" content="Sobre o Cientista Antonio Ennes de Souza nasceu em São Luís do Maranhão. Aos 18 anos foi estudar na Bélgica, onde fez o curso preparatório. Estudou na Escola Politécnica Federal Suíça, em Berna. Concluiu o curso de engenharia de minas pela Academia Real de Minas de Freiburg, na Saxônia, em 1878. Dois anos depois, doutorou-se..." />
<meta property="og:url" content="https://exposicoes.abc.org.br/100anos/academico/antonio-ennes-de-souza/" />
<meta property="og:site_name" content="Cem Anos de Ciência" />
<meta property="article:modified_time" content="2026-01-26T17:49:36+00:00" />
<meta property="og:image" content="https://exposicoes.abc.org.br/100anos/wp-content/uploads/2026/01/ennes-hero.png" />
	<meta property="og:image:width" content="354" />
	<meta property="og:image:height" content="552" />
	<meta property="og:image:type" content="image/png" />
<meta name="twitter:card" content="summary_large_image" />
<meta name="twitter:label1" content="Est. tempo de leitura" />
	<meta name="twitter:data1" content="1 minuto" />
<script type="application/ld+json" class="yoast-schema-graph">{"@context":"https://schema.org","@graph":[{"@type":"WebPage","@id":"https://exposicoes.abc.org.br/100anos/academico/antonio-ennes-de-souza/","url":"https://exposicoes.abc.org.br/100anos/academico/antonio-ennes-de-souza/","name":"Antonio Ennes de Souza | Cem Anos de Ciência","isPartOf":{"@id":"https://exposicoes.abc.org.br/100anos/#website"},"primaryImageOfPage":{"@id":"https://exposicoes.abc.org.br/100anos/academico/antonio-ennes-de-souza/#primaryimage"},"image":{"@id":"https://exposicoes.abc.org.br/100anos/academico/antonio-ennes-de-souza/#primaryimage"},"thumbnailUrl":"https://exposicoes.abc.org.br/100anos/wp-content/uploads/2026/01/ennes-hero.png","datePublished":"2026-01-16T19:31:12+00:00","dateModified":"2026-01-26T17:49:36+00:00","breadcrumb":{"@id":"https://exposicoes.abc.org.br/100anos/academico/antonio-ennes-de-souza/#breadcrumb"},"inLanguage":"pt-BR","potentialAction":[{"@type":"ReadAction","target":["https://exposicoes.abc.org.br/100anos/academico/antonio-ennes-de-souza/"]}]},{"@type":"ImageObject","inLanguage":"pt-BR","@id":"https://exposicoes.abc.org.br/100anos/academico/antonio-ennes-de-souza/#primaryimage","url":"https://exposicoes.abc.org.br/100anos/wp-content/uploads/2026/01/ennes-hero.png","contentUrl":"https://exposicoes.abc.org.br/100anos/wp-content/uploads/2026/01/ennes-hero.png","width":354,"height":552},{"@type":"BreadcrumbList","@id":"https://exposicoes.abc.org.br/100anos/academico/antonio-ennes-de-souza/#breadcrumb","itemListElement":[{"@type":"ListItem","position":1,"name":"Início","item":"https://exposicoes.abc.org.br/100anos/"},{"@type":"ListItem","position":2,"name":"Antonio Ennes de Souza"}]},{"@type":"WebSite","@id":"https://exposicoes.abc.org.br/100anos/#website","url":"https://exposicoes.abc.org.br/100anos/","name":"Cem Anos de Ciência","description":"","publisher":{"@id":"https://exposicoes.abc.org.br/100anos/#organization"},"potentialAction":[{"@type":"SearchAction","target":{"@type":"EntryPoint","urlTemplate":"https://exposicoes.abc.org.br/100anos/?s={search_term_string}"},"query-input":{"@type":"PropertyValueSpecification","valueRequired":true,"valueName":"search_term_string"}}],"inLanguage":"pt-BR"},{"@type":"Organization","@id":"https://exposicoes.abc.org.br/100anos/#organization","name":"Academia Brasileira de Ciências","url":"https://exposicoes.abc.org.br/100anos/","logo":{"@type":"ImageObject","inLanguage":"pt-BR","@id":"https://exposicoes.abc.org.br/100anos/#/schema/logo/image/","url":"https://exposicoes.abc.org.br/100anos/wp-content/uploads/2025/12/logo-100-abc.png","contentUrl":"https://exposicoes.abc.org.br/100anos/wp-content/uploads/2025/12/logo-100-abc.png","width":511,"height":116,"caption":"Academia Brasileira de Ciências"},"image":{"@id":"https://exposicoes.abc.org.br/100anos/#/schema/logo/image/"}}]}</script>
<!-- / Yoast SEO plugin. -->

Antonio Ennes de Souza | Cem Anos de Ciência

Sobre o Cientista Antonio Ennes de Souza nasceu em São Luís do Maranhão. Aos 18 anos foi estudar na Bélgica, onde fez o curso preparatório. Estudou na Escola Politécnica Federal Suíça, em Berna. Concluiu o curso de engenharia de minas pela Academia Real de Minas de Freiburg, na Saxônia, em 1878. Dois anos depois, doutorou-se...

Cem Anos de Ciência

Início

Academia Brasileira de Ciências
