{"id":587,"date":"2026-01-16T16:15:28","date_gmt":"2026-01-16T19:15:28","guid":{"rendered":"https:\/\/exposicoes.abc.org.br\/100anos\/?post_type=academico&#038;p=587"},"modified":"2026-01-26T14:56:07","modified_gmt":"2026-01-26T17:56:07","slug":"allypio-de-miranda-ribeiro","status":"publish","type":"academico","link":"https:\/\/exposicoes.abc.org.br\/100anos\/academico\/allypio-de-miranda-ribeiro\/","title":{"rendered":"Allypio de Miranda Ribeiro"},"content":{"rendered":"\n<h2 class=\"wp-block-heading\">Sobre o Cientista<\/h2>\n\n\n\n<p>Allypio de Miranda Ribeiro nasceu em Rio Preto, Minas Gerais. Frequentou a Faculdade de Medicina do Rio de Janeiro, sem concluir os estudos. Atuou como jornalista.\u00a0<br><br>Entre 1894 e 1939, trabalhou na Se\u00e7\u00e3o de Zoologia do Museu Nacional, como preparador, naturalista e professor-chefe. Participou como zo\u00f3logo da Comiss\u00e3o de Linhas Telegr\u00e1ficas e Estrat\u00e9gicas de Mato Grosso ao Amazonas, dirigida por C\u00e2ndido Mariano da Silva Rondon. Junto ao Minist\u00e9rio da Agricultura, Ind\u00fastria e Com\u00e9rcio, Ribeiro fundou e assumiu a Inspetoria de Pesca, incentivou a cria\u00e7\u00e3o da Esta\u00e7\u00e3o de Biologia Marinha e participou da organiza\u00e7\u00e3o da cole\u00e7\u00e3o de vertebrados do Museu Paulista.<br><br>Foi membro da Sociedade Brasileira de Sciencias, atual Academia Brasileira de<br>Ci\u00eancias (ABC), tendo assinado a ata de sua funda\u00e7\u00e3o no dia 3 de maio de 1916.<br>Ingressou na Se\u00e7\u00e3o de Ci\u00eancias Biol\u00f3gicas. Em 1935, saudou Adolpho Lutz, quando este foi laureado com o Pr\u00eamio Einstein.<br><br>Integrou a Uni\u00e3o dos Ornitologistas Americanos, foi correspondente da Real<br>Sociedade de Zoologia de Londres e da Academia de Ci\u00eancias de Lisboa.<br>Publicou diversos artigos nos Arquivos do Museu Nacional e pelo Instituto<br>Oswaldo Cruz. Realizou importantes contribui\u00e7\u00f5es sobre zoologia, variados estudos de vertebrados e foi pioneiro no campo da oceanografia biol\u00f3gica e pesqueira.<\/p>\n\n\n\n<div style=\"height:100px\" aria-hidden=\"true\" class=\"wp-block-spacer\"><\/div>\n","protected":false},"excerpt":{"rendered":"<p>Sobre o Cientista Allypio de Miranda Ribeiro nasceu em Rio Preto, Minas Gerais. Frequentou a Faculdade de Medicina do Rio de Janeiro, sem concluir os estudos. Atuou como jornalista.\u00a0 Entre 1894 e 1939, trabalhou na Se\u00e7\u00e3o de Zoologia do Museu Nacional, como preparador, naturalista e professor-chefe. Participou como zo\u00f3logo da Comiss\u00e3o de Linhas Telegr\u00e1ficas e&#8230;<\/p>\n","protected":false},"featured_media":654,"parent":0,"template":"","meta":{"_acf_changed":false,"footnotes":""},"periodo-de-presidencia":[],"periodo-de-vida":[74],"tipo-de-academico":[6],"class_list":["post-587","academico","type-academico","status-publish","has-post-thumbnail","hentry","periodo-de-vida-1874-1939","tipo-de-academico-membros-fundadores"],"acf":[],"yoast_head":"<!-- This site is optimized with the Yoast SEO plugin v26.8 - https:\/\/yoast.com\/product\/yoast-seo-wordpress\/ -->\n<title>Allypio de Miranda Ribeiro | Cem Anos de Ci\u00eancia<\/title>\n<meta name=\"robots\" content=\"index, follow, max-snippet:-1, max-image-preview:large, max-video-preview:-1\" \/>\n<link rel=\"canonical\" href=\"https:\/\/exposicoes.abc.org.br\/100anos\/academico\/allypio-de-miranda-ribeiro\/\" \/>\n<meta property=\"og:locale\" content=\"pt_BR\" \/>\n<meta property=\"og:type\" content=\"article\" \/>\n<meta property=\"og:title\" content=\"Allypio de Miranda Ribeiro | Cem Anos de Ci\u00eancia\" \/>\n<meta property=\"og:description\" content=\"Sobre o Cientista Allypio de Miranda Ribeiro nasceu em Rio Preto, Minas Gerais. Frequentou a Faculdade de Medicina do Rio de Janeiro, sem concluir os estudos. Atuou como jornalista.\u00a0 Entre 1894 e 1939, trabalhou na Se\u00e7\u00e3o de Zoologia do Museu Nacional, como preparador, naturalista e professor-chefe. Participou como zo\u00f3logo da Comiss\u00e3o de Linhas Telegr\u00e1ficas e...\" \/>\n<meta property=\"og:url\" content=\"https:\/\/exposicoes.abc.org.br\/100anos\/academico\/allypio-de-miranda-ribeiro\/\" \/>\n<meta property=\"og:site_name\" content=\"Cem Anos de Ci\u00eancia\" \/>\n<meta property=\"article:modified_time\" content=\"2026-01-26T17:56:07+00:00\" \/>\n<meta property=\"og:image\" content=\"https:\/\/exposicoes.abc.org.br\/100anos\/wp-content\/uploads\/2026\/01\/allypio-hero.png\" \/>\n\t<meta property=\"og:image:width\" content=\"354\" \/>\n\t<meta property=\"og:image:height\" content=\"552\" \/>\n\t<meta property=\"og:image:type\" content=\"image\/png\" \/>\n<meta name=\"twitter:card\" content=\"summary_large_image\" \/>\n<meta name=\"twitter:label1\" content=\"Est. tempo de leitura\" \/>\n\t<meta name=\"twitter:data1\" content=\"1 minuto\" \/>\n<script type=\"application\/ld+json\" class=\"yoast-schema-graph\">{\"@context\":\"https:\/\/schema.org\",\"@graph\":[{\"@type\":\"WebPage\",\"@id\":\"https:\/\/exposicoes.abc.org.br\/100anos\/academico\/allypio-de-miranda-ribeiro\/\",\"url\":\"https:\/\/exposicoes.abc.org.br\/100anos\/academico\/allypio-de-miranda-ribeiro\/\",\"name\":\"Allypio de Miranda Ribeiro | Cem Anos de Ci\u00eancia\",\"isPartOf\":{\"@id\":\"https:\/\/exposicoes.abc.org.br\/100anos\/#website\"},\"primaryImageOfPage\":{\"@id\":\"https:\/\/exposicoes.abc.org.br\/100anos\/academico\/allypio-de-miranda-ribeiro\/#primaryimage\"},\"image\":{\"@id\":\"https:\/\/exposicoes.abc.org.br\/100anos\/academico\/allypio-de-miranda-ribeiro\/#primaryimage\"},\"thumbnailUrl\":\"https:\/\/exposicoes.abc.org.br\/100anos\/wp-content\/uploads\/2026\/01\/allypio-hero.png\",\"datePublished\":\"2026-01-16T19:15:28+00:00\",\"dateModified\":\"2026-01-26T17:56:07+00:00\",\"breadcrumb\":{\"@id\":\"https:\/\/exposicoes.abc.org.br\/100anos\/academico\/allypio-de-miranda-ribeiro\/#breadcrumb\"},\"inLanguage\":\"pt-BR\",\"potentialAction\":[{\"@type\":\"ReadAction\",\"target\":[\"https:\/\/exposicoes.abc.org.br\/100anos\/academico\/allypio-de-miranda-ribeiro\/\"]}]},{\"@type\":\"ImageObject\",\"inLanguage\":\"pt-BR\",\"@id\":\"https:\/\/exposicoes.abc.org.br\/100anos\/academico\/allypio-de-miranda-ribeiro\/#primaryimage\",\"url\":\"https:\/\/exposicoes.abc.org.br\/100anos\/wp-content\/uploads\/2026\/01\/allypio-hero.png\",\"contentUrl\":\"https:\/\/exposicoes.abc.org.br\/100anos\/wp-content\/uploads\/2026\/01\/allypio-hero.png\",\"width\":354,\"height\":552},{\"@type\":\"BreadcrumbList\",\"@id\":\"https:\/\/exposicoes.abc.org.br\/100anos\/academico\/allypio-de-miranda-ribeiro\/#breadcrumb\",\"itemListElement\":[{\"@type\":\"ListItem\",\"position\":1,\"name\":\"In\u00edcio\",\"item\":\"https:\/\/exposicoes.abc.org.br\/100anos\/\"},{\"@type\":\"ListItem\",\"position\":2,\"name\":\"Allypio de Miranda Ribeiro\"}]},{\"@type\":\"WebSite\",\"@id\":\"https:\/\/exposicoes.abc.org.br\/100anos\/#website\",\"url\":\"https:\/\/exposicoes.abc.org.br\/100anos\/\",\"name\":\"Cem Anos de Ci\u00eancia\",\"description\":\"\",\"publisher\":{\"@id\":\"https:\/\/exposicoes.abc.org.br\/100anos\/#organization\"},\"potentialAction\":[{\"@type\":\"SearchAction\",\"target\":{\"@type\":\"EntryPoint\",\"urlTemplate\":\"https:\/\/exposicoes.abc.org.br\/100anos\/?s={search_term_string}\"},\"query-input\":{\"@type\":\"PropertyValueSpecification\",\"valueRequired\":true,\"valueName\":\"search_term_string\"}}],\"inLanguage\":\"pt-BR\"},{\"@type\":\"Organization\",\"@id\":\"https:\/\/exposicoes.abc.org.br\/100anos\/#organization\",\"name\":\"Academia Brasileira de Ci\u00eancias\",\"url\":\"https:\/\/exposicoes.abc.org.br\/100anos\/\",\"logo\":{\"@type\":\"ImageObject\",\"inLanguage\":\"pt-BR\",\"@id\":\"https:\/\/exposicoes.abc.org.br\/100anos\/#\/schema\/logo\/image\/\",\"url\":\"https:\/\/exposicoes.abc.org.br\/100anos\/wp-content\/uploads\/2025\/12\/logo-100-abc.png\",\"contentUrl\":\"https:\/\/exposicoes.abc.org.br\/100anos\/wp-content\/uploads\/2025\/12\/logo-100-abc.png\",\"width\":511,\"height\":116,\"caption\":\"Academia Brasileira de Ci\u00eancias\"},\"image\":{\"@id\":\"https:\/\/exposicoes.abc.org.br\/100anos\/#\/schema\/logo\/image\/\"}}]}<\/script>\n<!-- \/ Yoast SEO plugin. -->","yoast_head_json":{"title":"Allypio de Miranda Ribeiro | Cem Anos de Ci\u00eancia","robots":{"index":"index","follow":"follow","max-snippet":"max-snippet:-1","max-image-preview":"max-image-preview:large","max-video-preview":"max-video-preview:-1"},"canonical":"https:\/\/exposicoes.abc.org.br\/100anos\/academico\/allypio-de-miranda-ribeiro\/","og_locale":"pt_BR","og_type":"article","og_title":"Allypio de Miranda Ribeiro | Cem Anos de Ci\u00eancia","og_description":"Sobre o Cientista Allypio de Miranda Ribeiro nasceu em Rio Preto, Minas Gerais. Frequentou a Faculdade de Medicina do Rio de Janeiro, sem concluir os estudos. Atuou como jornalista.\u00a0 Entre 1894 e 1939, trabalhou na Se\u00e7\u00e3o de Zoologia do Museu Nacional, como preparador, naturalista e professor-chefe. Participou como zo\u00f3logo da Comiss\u00e3o de Linhas Telegr\u00e1ficas e...","og_url":"https:\/\/exposicoes.abc.org.br\/100anos\/academico\/allypio-de-miranda-ribeiro\/","og_site_name":"Cem Anos de Ci\u00eancia","article_modified_time":"2026-01-26T17:56:07+00:00","og_image":[{"width":354,"height":552,"url":"https:\/\/exposicoes.abc.org.br\/100anos\/wp-content\/uploads\/2026\/01\/allypio-hero.png","type":"image\/png"}],"twitter_card":"summary_large_image","twitter_misc":{"Est. tempo de leitura":"1 minuto"},"schema":{"@context":"https:\/\/schema.org","@graph":[{"@type":"WebPage","@id":"https:\/\/exposicoes.abc.org.br\/100anos\/academico\/allypio-de-miranda-ribeiro\/","url":"https:\/\/exposicoes.abc.org.br\/100anos\/academico\/allypio-de-miranda-ribeiro\/","name":"Allypio de Miranda Ribeiro | Cem Anos de Ci\u00eancia","isPartOf":{"@id":"https:\/\/exposicoes.abc.org.br\/100anos\/#website"},"primaryImageOfPage":{"@id":"https:\/\/exposicoes.abc.org.br\/100anos\/academico\/allypio-de-miranda-ribeiro\/#primaryimage"},"image":{"@id":"https:\/\/exposicoes.abc.org.br\/100anos\/academico\/allypio-de-miranda-ribeiro\/#primaryimage"},"thumbnailUrl":"https:\/\/exposicoes.abc.org.br\/100anos\/wp-content\/uploads\/2026\/01\/allypio-hero.png","datePublished":"2026-01-16T19:15:28+00:00","dateModified":"2026-01-26T17:56:07+00:00","breadcrumb":{"@id":"https:\/\/exposicoes.abc.org.br\/100anos\/academico\/allypio-de-miranda-ribeiro\/#breadcrumb"},"inLanguage":"pt-BR","potentialAction":[{"@type":"ReadAction","target":["https:\/\/exposicoes.abc.org.br\/100anos\/academico\/allypio-de-miranda-ribeiro\/"]}]},{"@type":"ImageObject","inLanguage":"pt-BR","@id":"https:\/\/exposicoes.abc.org.br\/100anos\/academico\/allypio-de-miranda-ribeiro\/#primaryimage","url":"https:\/\/exposicoes.abc.org.br\/100anos\/wp-content\/uploads\/2026\/01\/allypio-hero.png","contentUrl":"https:\/\/exposicoes.abc.org.br\/100anos\/wp-content\/uploads\/2026\/01\/allypio-hero.png","width":354,"height":552},{"@type":"BreadcrumbList","@id":"https:\/\/exposicoes.abc.org.br\/100anos\/academico\/allypio-de-miranda-ribeiro\/#breadcrumb","itemListElement":[{"@type":"ListItem","position":1,"name":"In\u00edcio","item":"https:\/\/exposicoes.abc.org.br\/100anos\/"},{"@type":"ListItem","position":2,"name":"Allypio de Miranda Ribeiro"}]},{"@type":"WebSite","@id":"https:\/\/exposicoes.abc.org.br\/100anos\/#website","url":"https:\/\/exposicoes.abc.org.br\/100anos\/","name":"Cem Anos de Ci\u00eancia","description":"","publisher":{"@id":"https:\/\/exposicoes.abc.org.br\/100anos\/#organization"},"potentialAction":[{"@type":"SearchAction","target":{"@type":"EntryPoint","urlTemplate":"https:\/\/exposicoes.abc.org.br\/100anos\/?s={search_term_string}"},"query-input":{"@type":"PropertyValueSpecification","valueRequired":true,"valueName":"search_term_string"}}],"inLanguage":"pt-BR"},{"@type":"Organization","@id":"https:\/\/exposicoes.abc.org.br\/100anos\/#organization","name":"Academia Brasileira de Ci\u00eancias","url":"https:\/\/exposicoes.abc.org.br\/100anos\/","logo":{"@type":"ImageObject","inLanguage":"pt-BR","@id":"https:\/\/exposicoes.abc.org.br\/100anos\/#\/schema\/logo\/image\/","url":"https:\/\/exposicoes.abc.org.br\/100anos\/wp-content\/uploads\/2025\/12\/logo-100-abc.png","contentUrl":"https:\/\/exposicoes.abc.org.br\/100anos\/wp-content\/uploads\/2025\/12\/logo-100-abc.png","width":511,"height":116,"caption":"Academia Brasileira de Ci\u00eancias"},"image":{"@id":"https:\/\/exposicoes.abc.org.br\/100anos\/#\/schema\/logo\/image\/"}}]}},"_links":{"self":[{"href":"https:\/\/exposicoes.abc.org.br\/100anos\/wp-json\/wp\/v2\/academico\/587","targetHints":{"allow":["GET"]}}],"collection":[{"href":"https:\/\/exposicoes.abc.org.br\/100anos\/wp-json\/wp\/v2\/academico"}],"about":[{"href":"https:\/\/exposicoes.abc.org.br\/100anos\/wp-json\/wp\/v2\/types\/academico"}],"version-history":[{"count":2,"href":"https:\/\/exposicoes.abc.org.br\/100anos\/wp-json\/wp\/v2\/academico\/587\/revisions"}],"predecessor-version":[{"id":655,"href":"https:\/\/exposicoes.abc.org.br\/100anos\/wp-json\/wp\/v2\/academico\/587\/revisions\/655"}],"wp:featuredmedia":[{"embeddable":true,"href":"https:\/\/exposicoes.abc.org.br\/100anos\/wp-json\/wp\/v2\/media\/654"}],"wp:attachment":[{"href":"https:\/\/exposicoes.abc.org.br\/100anos\/wp-json\/wp\/v2\/media?parent=587"}],"wp:term":[{"taxonomy":"periodo-de-presidencia","embeddable":true,"href":"https:\/\/exposicoes.abc.org.br\/100anos\/wp-json\/wp\/v2\/periodo-de-presidencia?post=587"},{"taxonomy":"periodo-de-vida","embeddable":true,"href":"https:\/\/exposicoes.abc.org.br\/100anos\/wp-json\/wp\/v2\/periodo-de-vida?post=587"},{"taxonomy":"tipo-de-academico","embeddable":true,"href":"https:\/\/exposicoes.abc.org.br\/100anos\/wp-json\/wp\/v2\/tipo-de-academico?post=587"}],"curies":[{"name":"wp","href":"https:\/\/api.w.org\/{rel}","templated":true}]}}

<h2 class="wp-block-heading">Sobre o Cientista</h2>



<p>Allypio de Miranda Ribeiro nasceu em Rio Preto, Minas Gerais. Frequentou a Faculdade de Medicina do Rio de Janeiro, sem concluir os estudos. Atuou como jornalista. <br><br>Entre 1894 e 1939, trabalhou na Seção de Zoologia do Museu Nacional, como preparador, naturalista e professor-chefe. Participou como zoólogo da Comissão de Linhas Telegráficas e Estratégicas de Mato Grosso ao Amazonas, dirigida por Cândido Mariano da Silva Rondon. Junto ao Ministério da Agricultura, Indústria e Comércio, Ribeiro fundou e assumiu a Inspetoria de Pesca, incentivou a criação da Estação de Biologia Marinha e participou da organização da coleção de vertebrados do Museu Paulista.<br><br>Foi membro da Sociedade Brasileira de Sciencias, atual Academia Brasileira de<br>Ciências (ABC), tendo assinado a ata de sua fundação no dia 3 de maio de 1916.<br>Ingressou na Seção de Ciências Biológicas. Em 1935, saudou Adolpho Lutz, quando este foi laureado com o Prêmio Einstein.<br><br>Integrou a União dos Ornitologistas Americanos, foi correspondente da Real<br>Sociedade de Zoologia de Londres e da Academia de Ciências de Lisboa.<br>Publicou diversos artigos nos Arquivos do Museu Nacional e pelo Instituto<br>Oswaldo Cruz. Realizou importantes contribuições sobre zoologia, variados estudos de vertebrados e foi pioneiro no campo da oceanografia biológica e pesqueira.</p>



<div style="height:100px" aria-hidden="true" class="wp-block-spacer"></div>

<p>Sobre o Cientista Allypio de Miranda Ribeiro nasceu em Rio Preto, Minas Gerais. Frequentou a Faculdade de Medicina do Rio de Janeiro, sem concluir os estudos. Atuou como jornalista.  Entre 1894 e 1939, trabalhou na Seção de Zoologia do Museu Nacional, como preparador, naturalista e professor-chefe. Participou como zoólogo da Comissão de Linhas Telegráficas e&#8230;</p>

<!-- This site is optimized with the Yoast SEO plugin v26.8 - https://yoast.com/product/yoast-seo-wordpress/ -->
<title>Allypio de Miranda Ribeiro | Cem Anos de Ciência</title>
<meta name="robots" content="index, follow, max-snippet:-1, max-image-preview:large, max-video-preview:-1" />
<link rel="canonical" href="https://exposicoes.abc.org.br/100anos/academico/allypio-de-miranda-ribeiro/" />
<meta property="og:locale" content="pt_BR" />
<meta property="og:type" content="article" />
<meta property="og:title" content="Allypio de Miranda Ribeiro | Cem Anos de Ciência" />
<meta property="og:description" content="Sobre o Cientista Allypio de Miranda Ribeiro nasceu em Rio Preto, Minas Gerais. Frequentou a Faculdade de Medicina do Rio de Janeiro, sem concluir os estudos. Atuou como jornalista.  Entre 1894 e 1939, trabalhou na Seção de Zoologia do Museu Nacional, como preparador, naturalista e professor-chefe. Participou como zoólogo da Comissão de Linhas Telegráficas e..." />
<meta property="og:url" content="https://exposicoes.abc.org.br/100anos/academico/allypio-de-miranda-ribeiro/" />
<meta property="og:site_name" content="Cem Anos de Ciência" />
<meta property="article:modified_time" content="2026-01-26T17:56:07+00:00" />
<meta property="og:image" content="https://exposicoes.abc.org.br/100anos/wp-content/uploads/2026/01/allypio-hero.png" />
	<meta property="og:image:width" content="354" />
	<meta property="og:image:height" content="552" />
	<meta property="og:image:type" content="image/png" />
<meta name="twitter:card" content="summary_large_image" />
<meta name="twitter:label1" content="Est. tempo de leitura" />
	<meta name="twitter:data1" content="1 minuto" />
<script type="application/ld+json" class="yoast-schema-graph">{"@context":"https://schema.org","@graph":[{"@type":"WebPage","@id":"https://exposicoes.abc.org.br/100anos/academico/allypio-de-miranda-ribeiro/","url":"https://exposicoes.abc.org.br/100anos/academico/allypio-de-miranda-ribeiro/","name":"Allypio de Miranda Ribeiro | Cem Anos de Ciência","isPartOf":{"@id":"https://exposicoes.abc.org.br/100anos/#website"},"primaryImageOfPage":{"@id":"https://exposicoes.abc.org.br/100anos/academico/allypio-de-miranda-ribeiro/#primaryimage"},"image":{"@id":"https://exposicoes.abc.org.br/100anos/academico/allypio-de-miranda-ribeiro/#primaryimage"},"thumbnailUrl":"https://exposicoes.abc.org.br/100anos/wp-content/uploads/2026/01/allypio-hero.png","datePublished":"2026-01-16T19:15:28+00:00","dateModified":"2026-01-26T17:56:07+00:00","breadcrumb":{"@id":"https://exposicoes.abc.org.br/100anos/academico/allypio-de-miranda-ribeiro/#breadcrumb"},"inLanguage":"pt-BR","potentialAction":[{"@type":"ReadAction","target":["https://exposicoes.abc.org.br/100anos/academico/allypio-de-miranda-ribeiro/"]}]},{"@type":"ImageObject","inLanguage":"pt-BR","@id":"https://exposicoes.abc.org.br/100anos/academico/allypio-de-miranda-ribeiro/#primaryimage","url":"https://exposicoes.abc.org.br/100anos/wp-content/uploads/2026/01/allypio-hero.png","contentUrl":"https://exposicoes.abc.org.br/100anos/wp-content/uploads/2026/01/allypio-hero.png","width":354,"height":552},{"@type":"BreadcrumbList","@id":"https://exposicoes.abc.org.br/100anos/academico/allypio-de-miranda-ribeiro/#breadcrumb","itemListElement":[{"@type":"ListItem","position":1,"name":"Início","item":"https://exposicoes.abc.org.br/100anos/"},{"@type":"ListItem","position":2,"name":"Allypio de Miranda Ribeiro"}]},{"@type":"WebSite","@id":"https://exposicoes.abc.org.br/100anos/#website","url":"https://exposicoes.abc.org.br/100anos/","name":"Cem Anos de Ciência","description":"","publisher":{"@id":"https://exposicoes.abc.org.br/100anos/#organization"},"potentialAction":[{"@type":"SearchAction","target":{"@type":"EntryPoint","urlTemplate":"https://exposicoes.abc.org.br/100anos/?s={search_term_string}"},"query-input":{"@type":"PropertyValueSpecification","valueRequired":true,"valueName":"search_term_string"}}],"inLanguage":"pt-BR"},{"@type":"Organization","@id":"https://exposicoes.abc.org.br/100anos/#organization","name":"Academia Brasileira de Ciências","url":"https://exposicoes.abc.org.br/100anos/","logo":{"@type":"ImageObject","inLanguage":"pt-BR","@id":"https://exposicoes.abc.org.br/100anos/#/schema/logo/image/","url":"https://exposicoes.abc.org.br/100anos/wp-content/uploads/2025/12/logo-100-abc.png","contentUrl":"https://exposicoes.abc.org.br/100anos/wp-content/uploads/2025/12/logo-100-abc.png","width":511,"height":116,"caption":"Academia Brasileira de Ciências"},"image":{"@id":"https://exposicoes.abc.org.br/100anos/#/schema/logo/image/"}}]}</script>
<!-- / Yoast SEO plugin. -->

Allypio de Miranda Ribeiro | Cem Anos de Ciência

Sobre o Cientista Allypio de Miranda Ribeiro nasceu em Rio Preto, Minas Gerais. Frequentou a Faculdade de Medicina do Rio de Janeiro, sem concluir os estudos. Atuou como jornalista.  Entre 1894 e 1939, trabalhou na Seção de Zoologia do Museu Nacional, como preparador, naturalista e professor-chefe. Participou como zoólogo da Comissão de Linhas Telegráficas e...

Cem Anos de Ciência

Início

Academia Brasileira de Ciências
