{"version":"1.0","provider_name":"Cem Anos de Ci\u00eancia","provider_url":"https:\/\/exposicoes.abc.org.br\/100anos","author_name":"sintropika","author_url":"https:\/\/exposicoes.abc.org.br\/100anos\/author\/sintropika\/","title":"Jos\u00e9 Israel Vargas | Cem Anos de Ci\u00eancia","type":"rich","width":600,"height":338,"html":"<blockquote class=\"wp-embedded-content\" data-secret=\"c0u6EhDi3a\"><a href=\"https:\/\/exposicoes.abc.org.br\/100anos\/academico\/jose-israel-vargas\/\">Jos\u00e9 Israel Vargas<\/a><\/blockquote><iframe sandbox=\"allow-scripts\" security=\"restricted\" src=\"https:\/\/exposicoes.abc.org.br\/100anos\/academico\/jose-israel-vargas\/embed\/#?secret=c0u6EhDi3a\" width=\"600\" height=\"338\" title=\"&#8220;Jos\u00e9 Israel Vargas&#8221; &#8212; Cem Anos de Ci\u00eancia\" data-secret=\"c0u6EhDi3a\" frameborder=\"0\" marginwidth=\"0\" marginheight=\"0\" scrolling=\"no\" class=\"wp-embedded-content\"><\/iframe><script>\n\/*! This file is auto-generated *\/\n!function(d,l){\"use strict\";l.querySelector&&d.addEventListener&&\"undefined\"!=typeof URL&&(d.wp=d.wp||{},d.wp.receiveEmbedMessage||(d.wp.receiveEmbedMessage=function(e){var t=e.data;if((t||t.secret||t.message||t.value)&&!\/[^a-zA-Z0-9]\/.test(t.secret)){for(var s,r,n,a=l.querySelectorAll('iframe[data-secret=\"'+t.secret+'\"]'),o=l.querySelectorAll('blockquote[data-secret=\"'+t.secret+'\"]'),c=new RegExp(\"^https?:$\",\"i\"),i=0;i<o.length;i++)o[i].style.display=\"none\";for(i=0;i<a.length;i++)s=a[i],e.source===s.contentWindow&&(s.removeAttribute(\"style\"),\"height\"===t.message?(1e3<(r=parseInt(t.value,10))?r=1e3:~~r<200&&(r=200),s.height=r):\"link\"===t.message&&(r=new URL(s.getAttribute(\"src\")),n=new URL(t.value),c.test(n.protocol))&&n.host===r.host&&l.activeElement===s&&(d.top.location.href=t.value))}},d.addEventListener(\"message\",d.wp.receiveEmbedMessage,!1),l.addEventListener(\"DOMContentLoaded\",function(){for(var e,t,s=l.querySelectorAll(\"iframe.wp-embedded-content\"),r=0;r<s.length;r++)(t=(e=s[r]).getAttribute(\"data-secret\"))||(t=Math.random().toString(36).substring(2,12),e.src+=\"#?secret=\"+t,e.setAttribute(\"data-secret\",t)),e.contentWindow.postMessage({message:\"ready\",secret:t},\"*\")},!1)))}(window,document);\n\/\/# sourceURL=https:\/\/exposicoes.abc.org.br\/100anos\/wp-includes\/js\/wp-embed.min.js\n<\/script>\n","thumbnail_url":"https:\/\/exposicoes.abc.org.br\/100anos\/wp-content\/uploads\/2026\/01\/israel-hero.png","thumbnail_width":334,"thumbnail_height":552,"description":"Sobre o Presidente Nasceu em Paracatu, Minas Gerais, em 1928. Formou-se qu\u00edmico pela Universidade Federal de Minas Gerais (UFMG), estudou f\u00edsica no Instituto Tecnol\u00f3gico de Aeron\u00e1utica e fez doutorado em ci\u00eancias nucleares na Universidade de Cambridge, no Reino Unido. De volta ao Brasil, tornou-se professor da UFMG, onde dirigiu o Instituto de Pesquisas Radioativas, e..."}

Cem Anos de Ciência

José Israel Vargas | Cem Anos de Ciência

<blockquote class="wp-embedded-content" data-secret="c0u6EhDi3a"><a href="https://exposicoes.abc.org.br/100anos/academico/jose-israel-vargas/">José Israel Vargas</a></blockquote><iframe sandbox="allow-scripts" security="restricted" src="https://exposicoes.abc.org.br/100anos/academico/jose-israel-vargas/embed/#?secret=c0u6EhDi3a" width="600" height="338" title="&#8220;José Israel Vargas&#8221; &#8212; Cem Anos de Ciência" data-secret="c0u6EhDi3a" frameborder="0" marginwidth="0" marginheight="0" scrolling="no" class="wp-embedded-content"></iframe><script>
/*! This file is auto-generated */
!function(d,l){"use strict";l.querySelector&&d.addEventListener&&"undefined"!=typeof URL&&(d.wp=d.wp||{},d.wp.receiveEmbedMessage||(d.wp.receiveEmbedMessage=function(e){var t=e.data;if((t||t.secret||t.message||t.value)&&!/[^a-zA-Z0-9]/.test(t.secret)){for(var s,r,n,a=l.querySelectorAll('iframe[data-secret="'+t.secret+'"]'),o=l.querySelectorAll('blockquote[data-secret="'+t.secret+'"]'),c=new RegExp("^https?:$","i"),i=0;i<o.length;i++)o[i].style.display="none";for(i=0;i<a.length;i++)s=a[i],e.source===s.contentWindow&&(s.removeAttribute("style"),"height"===t.message?(1e3<(r=parseInt(t.value,10))?r=1e3:~~r<200&&(r=200),s.height=r):"link"===t.message&&(r=new URL(s.getAttribute("src")),n=new URL(t.value),c.test(n.protocol))&&n.host===r.host&&l.activeElement===s&&(d.top.location.href=t.value))}},d.addEventListener("message",d.wp.receiveEmbedMessage,!1),l.addEventListener("DOMContentLoaded",function(){for(var e,t,s=l.querySelectorAll("iframe.wp-embedded-content"),r=0;r<s.length;r++)(t=(e=s[r]).getAttribute("data-secret"))||(t=Math.random().toString(36).substring(2,12),e.src+="#?secret="+t,e.setAttribute("data-secret",t)),e.contentWindow.postMessage({message:"ready",secret:t},"*")},!1)))}(window,document);
//# sourceURL=https://exposicoes.abc.org.br/100anos/wp-includes/js/wp-embed.min.js
</script>

Sobre o Presidente Nasceu em Paracatu, Minas Gerais, em 1928. Formou-se químico pela Universidade Federal de Minas Gerais (UFMG), estudou física no Instituto Tecnológico de Aeronáutica e fez doutorado em ciências nucleares na Universidade de Cambridge, no Reino Unido. De volta ao Brasil, tornou-se professor da UFMG, onde dirigiu o Instituto de Pesquisas Radioativas, e...
